000
CXUS54 KFWD 010732
CF6GOP
PRELIMINARY LOCAL CLIMATOLOGICAL DATA (WS FORM: F-6)
STATION: GATESVILLE
MONTH: AUGUST
YEAR: 2021
LATITUDE: 31 25 N
LONGITUDE: 97 48 W
TEMPERATURE IN F: :PCPN: SNOW: WIND :SUNSHINE: SKY :PK WND
================================================================================
1 2 3 4 5 6A 6B 7 8 9 10 11 12 13 14 15 16 17 18
12Z AVG MX 2MIN
DY MAX MIN AVG DEP HDD CDD WTR SNW DPTH SPD SPD DIR MIN PSBL S-S WX SPD DR
================================================================================
1 91 75 83 0 0 18 0.05 M M 2.6 8 140 M M 0 14 230
2 86 73 80 -3 0 15 0.08 M M 2.5 9 360 M M 3 1 16 360
3 91 70 81 -2 0 16 0.00 M M 2.9 8 50 M M 1 1 13 50
4 90 66 78 -5 0 13 0.00 M M 1.7 7 70 M M 1 18 14 99
5 88 70 79 -4 0 14 0.00 M M 3.4 9 150 M M 1 1 15 150
6 93 72 83 0 0 18 0.00 M M 2.6 9 150 M M 2 1 16 140
7 95 73 84 1 0 19 0.00 M M 8.1 14 160 M M 1 21 160
8 95 77 86 3 0 21 0.00 M M 9.6 18 160 M M 1 23 190
9 97 77 87 4 0 22 0.00 M M 11.4 20 190 M M 1 28 190
10 95 75 85 2 0 20 0.00 M M 8.5 15 200 M M 2 25 170
11 97 73 85 2 0 20 0.00 M M 8.1 16 160 M M 1 20 150
12 97 73 85 2 0 20 0.00 M M 6.6 13 200 M M 0 16 200
13 95 73 84 1 0 19 0.00 M M 2.8 8 140 M M 0 15 110
14 93 73 83 0 0 18 0.00 M M 2.0 14 360 M M 0 27 0
15 86 72 79 -4 0 14 0.54 M M 1.6 7 50 M M 1 1 18 300
16 91 70 81 -2 0 16 M M M 2.2 8 130 M M 0 12 120
17 91 73 82 -1 0 17 1.15 M M 4.5 18 160 M M 2 3 33 160
18 91 73 82 -1 0 17 0.09 M M 5.1 10 120 M M 5 1 22 120
19 95 77 86 3 0 21 0.00 M M 7.8 15 190 M M 1 1 21 190
20 95 77 86 3 0 21 0.00 M M 8.2 13 150 M M 0 20 160
21 95 73 84 1 0 19 0.00 M M 6.3 10 180 M M 0 18 170
22 95 73 84 2 0 19 0.00 M M 5.6 12 170 M M 0 16 190
23 97 73 85 3 0 20 0.00 M M 5.5 9 140 M M 0 15 140
24 95 73 84 2 0 19 0.00 M M 4.3 10 190 M M 0 14 160
25 97 73 85 3 0 20 0.00 M M 2.3 9 140 M M 0 15 99
26 95 73 84 2 0 19 0.00 M M 2.6 9 10 M M 0 16 70
27 91 73 82 0 0 17 0.00 M M 3.5 10 120 M M 1 15 70
28 91 72 82 0 0 17 0.00 M M 2.1 9 80 M M 0 12 99
29 91 73 82 1 0 17 0.00 M M 2.0 9 50 M M 2 1 14 99
30 93 73 83 2 0 18 0.00 M M 2.7 9 360 M M 0 17 30
31 97 73 85 4 0 20 0.00 M M 1.7 7 220 M M 0 12 0
================================================================================
SM 2889 2264 0 564 1.91 M 140.7 M 26
================================================================================
AV 93.2 73.0 4.5 FASTST M M 1 MAX(MPH)
MISC ----> 20 190 33 160
================================================================================
NOTES:
# LAST OF SEVERAL OCCURRENCES
COLUMN 17 PEAK WIND IN M.P.H.
PRELIMINARY LOCAL CLIMATOLOGICAL DATA (WS FORM: F-6) , PAGE 2
STATION: GATESVILLE
MONTH: AUGUST
YEAR: 2021
LATITUDE: 31 25 N
LONGITUDE: 97 48 W
[TEMPERATURE DATA] [PRECIPITATION DATA] SYMBOLS USED IN COLUMN 16
AVERAGE MONTHLY: 83.1 TOTAL FOR MONTH: 1.91 1 = FOG OR MIST
DPTR FM NORMAL: 0.5 DPTR FM NORMAL: M 2 = FOG REDUCING VISIBILITY
HIGHEST: 97 ON 31,25 GRTST 24HR 1.15 ON 17-17 TO 1/4 MILE OR LESS
LOWEST: 66 ON 4 3 = THUNDER
SNOW, ICE PELLETS, HAIL 4 = ICE PELLETS
TOTAL MONTH: M 5 = HAIL
GRTST 24HR M ON M 6 = FREEZING RAIN OR DRIZZLE
GRTST DEPTH: M ON M 7 = DUSTSTORM OR SANDSTORM:
VSBY 1/2 MILE OR LESS
8 = SMOKE OR HAZE
[NO. OF DAYS WITH] [WEATHER - DAYS WITH] 9 = BLOWING SNOW
X = TORNADO
MAX 32 OR BELOW: 0 0.01 INCH OR MORE: 5
MAX 90 OR ABOVE: 28 0.10 INCH OR MORE: 2
MIN 32 OR BELOW: 0 0.50 INCH OR MORE: 2
MIN 0 OR BELOW: 0 1.00 INCH OR MORE: 1
[HDD (BASE 65) ]
TOTAL THIS MO. 0 CLEAR (SCALE 0-3) 30
DPTR FM NORMAL 0 PTCLDY (SCALE 4-7) 1
TOTAL FM JUL 1 0 CLOUDY (SCALE 8-10) 0
DPTR FM NORMAL 0
[CDD (BASE 65) ]
TOTAL THIS MO. 564
DPTR FM NORMAL 17 [PRESSURE DATA]
TOTAL FM JAN 1 1834 HIGHEST SLP M ON M
DPTR FM NORMAL 5 LOWEST SLP M ON M
[REMARKS]
#FINAL-08-21#