000
CXUS55 KMSO 010900
CF6GPI
PRELIMINARY LOCAL CLIMATOLOGICAL DATA (WS FORM: F-6)
STATION: KALISPELL MT
MONTH: MARCH
YEAR: 2022
LATITUDE: 48 17 N
LONGITUDE: 114 16 W
TEMPERATURE IN F: :PCPN: SNOW: WIND :SUNSHINE: SKY :PK WND
================================================================================
1 2 3 4 5 6A 6B 7 8 9 10 11 12 13 14 15 16 17 18
12Z AVG MX 2MIN
DY MAX MIN AVG DEP HDD CDD WTR SNW DPTH SPD SPD DIR MIN PSBL S-S WX SPD DR
================================================================================
1 M M M M M M 0.04 0.0 0 7.1 17 210 M M 10 23 210
2 M 36 M M M M 0.62 0.0 0 1.2 12 290 M M 10 128 15 290
3 42 35 39 9 26 0 0.35 0.0 0 2.7 10 170 M M 10 12 14 170
4 43 31 37 6 28 0 0.00 0.0 0 8.6 17 10 M M 9 23 10
5 42 24 33 2 32 0 0.00 0.0 0 7.4 16 20 M M 6 22 40
6 40 24 32 1 33 0 0.00 0.0 0 7.2 17 30 M M 5 23 30
7 42 24 33 1 32 0 0.03 0.1 0 8.5 26 30 M M 8 1 37 40
8 28 12 20 -12 45 0 T T T 14.4 24 20 M M 8 1 33 30
9 25 4 15 -17 50 0 0.00 0.0 0 4.5 14 30 M M 1 18 20
10 32 4 18 -15 47 0 0.00 0.0 0 2.9 13 150 M M 3 20 150
11 38 16 27 -6 38 0 0.01 T 0 5.8 15 150 M M 7 18 24 150
12 52 30 41 8 24 0 T 0.0 0 4.2 13 160 M M 6 17 150
13 45 30 38 4 27 0 0.06 0.0 0 7.0 17 130 M M 10 1 22 130
14 49 36 43 9 22 0 0.07 0.0 0 8.1 15 140 M M 10 1 19 190
15 53 33 43 9 22 0 0.14 0.0 0 9.1 31 260 M M 8 1 49 260
16 46 29 38 3 27 0 0.01 0.0 0 6.3 18 260 M M 8 32 270
17 50 26 38 3 27 0 0.00 0.0 0 6.6 17 150 M M 6 24 150
18 48 30 39 4 26 0 T 0.0 0 6.9 16 160 M M 10 22 160
19 49 24 37 1 28 0 T 0.0 0 5.5 16 160 M M 7 22 160
20 45 29 37 1 28 0 0.01 0.0 0 7.8 22 260 M M 7 1 31 270
21 43 33 38 2 27 0 T T 0 6.5 13 230 M M 10 18 220
22 52 25 39 2 26 0 0.00 0.0 0 2.8 13 160 M M 8 17 150
23 62 33 48 11 17 0 0.03 0.0 0 4.6 15 170 M M 7 23 170
24 55 27 41 4 24 0 0.11 0.0 0 4.0 12 250 M M 4 1 17 250
25 58 30 44 7 21 0 0.00 0.0 0 2.7 9 120 M M 1 16 160
26 58 25 42 4 23 0 0.00 0.0 0 5.6 20 160 M M 1 25 160
27 68 27 48 10 17 0 0.00 0.0 0 2.2 10 350 M M 0 13 40
28 65 30 48 10 17 0 0.00 0.0 0 3.5 16 220 M M 3 24 210
29 57 27 42 4 23 0 0.00 0.0 0 11.7 28 10 M M 4 38 30
30 55 22 39 0 26 0 0.01 0.0 0 6.9 21 250 M M 4 1 31 220
31 50 28 39 0 26 0 T 0.0 0 9.2 24 230 M M 7 36 240
================================================================================
SM 1392 784 809 0 1.49 0.1 191.5 M 198
================================================================================
AV 48.0 26.1 6.2 FASTST M M 6 MAX(MPH)
MISC ----> 31 260 49 260
================================================================================
NOTES:
# LAST OF SEVERAL OCCURRENCES
COLUMN 17 PEAK WIND IN M.P.H.
PRELIMINARY LOCAL CLIMATOLOGICAL DATA (WS FORM: F-6) , PAGE 2
STATION: KALISPELL MT
MONTH: MARCH
YEAR: 2022
LATITUDE: 48 17 N
LONGITUDE: 114 16 W
[TEMPERATURE DATA] [PRECIPITATION DATA] SYMBOLS USED IN COLUMN 16
AVERAGE MONTHLY: 37.1 TOTAL FOR MONTH: 1.49 1 = FOG OR MIST
DPTR FM NORMAL: 2.6 DPTR FM NORMAL: 0.38 2 = FOG REDUCING VISIBILITY
HIGHEST: 68 ON 27 GRTST 24HR 0.75 ON 2- 3 TO 1/4 MILE OR LESS
LOWEST: 4 ON 10, 9 3 = THUNDER
SNOW, ICE PELLETS, HAIL 4 = ICE PELLETS
TOTAL MONTH: 0.1 INCH 5 = HAIL
GRTST 24HR 0.1 ON 7- 7 6 = FREEZING RAIN OR DRIZZLE
GRTST DEPTH: 1 ON M 7 = DUSTSTORM OR SANDSTORM:
VSBY 1/2 MILE OR LESS
8 = SMOKE OR HAZE
[NO. OF DAYS WITH] [WEATHER - DAYS WITH] 9 = BLOWING SNOW
X = TORNADO
MAX 32 OR BELOW: 3 0.01 INCH OR MORE: 13
MAX 90 OR ABOVE: 0 0.10 INCH OR MORE: 4
MIN 32 OR BELOW: 24 0.50 INCH OR MORE: 1
MIN 0 OR BELOW: 0 1.00 INCH OR MORE: 0
[HDD (BASE 65) ]
TOTAL THIS MO. 809 CLEAR (SCALE 0-3) 6
DPTR FM NORMAL -135 PTCLDY (SCALE 4-7) 15
TOTAL FM JUL 1 6360 CLOUDY (SCALE 8-10) 10
DPTR FM NORMAL -428
[CDD (BASE 65) ]
TOTAL THIS MO. 0
DPTR FM NORMAL 0 [PRESSURE DATA]
TOTAL FM JAN 1 0 HIGHEST SLP M ON M
DPTR FM NORMAL 0 LOWEST SLP 29.58 ON 28
[REMARKS]
#FINAL-03-22#