000
CXUS53 KGRB 031507
CF6GRB
PRELIMINARY LOCAL CLIMATOLOGICAL DATA (WS FORM: F-6)
STATION: GREEN BAY WI
MONTH: FEBRUARY
YEAR: 2020
LATITUDE: 44 28 N
LONGITUDE: 88 8 W
TEMPERATURE IN F: :PCPN: SNOW: WIND :SUNSHINE: SKY :PK WND
================================================================================
1 2 3 4 5 6A 6B 7 8 9 10 11 12 13 14 15 16 17 18
12Z AVG MX 2MIN
DY MAX MIN AVG DEP HDD CDD WTR SNW DPTH SPD SPD DIR MIN PSBL S-S WX SPD DR
================================================================================
1 37 32 35 18 30 0 T T 5 11.0 20 280 M M 8 18 28 260
2 47 31 39 22 26 0 0.00 0.0 5 9.6 18 290 M M 1 26 200
3 42 26 34 16 31 0 0.00 0.0 5 4.8 18 360 M M 4 22 10
4 31 14 23 5 42 0 0.00 0.0 4 8.2 20 360 M M 4 25 360
5 24 5 15 -3 50 0 0.00 0.0 4 2.5 7 170 M M 0 9 230
6 34 10 22 4 43 0 0.00 0.0 4 2.0 13 40 M M 2 14 30
7 31 9 20 2 45 0 0.03 0.6 4 5.6 21 50 M M 8 18 26 50
8 26 13 20 2 45 0 T T 4 4.0 18 50 M M 8 22 50
9 24 16 20 1 45 0 0.47 5.8 4 9.4 21 30 M M 8 12 27 30
10 23 -1 11 -8 54 0 0.00 0.0 9 5.9 10 200 M M 1 1 15 210
11 27 13 20 1 45 0 T T 9 10.0 20 260 M M 8 27 260
12 35 11 23 4 42 0 0.06 1.4 9 11.6 31 40 M M 5 1 41 40
13 15 -4 6 -14 59 0 0.01 0.3 10 12.7 25 360 M M 4 8 35 10
14 7 -13 -3 -23 68 0 0.00 0.0 9 8.0 17 200 M M 0 28 210
15 32 7 20 0 45 0 0.02 0.4 9 11.9 22 200 M M 6 33 190
16 27 14 21 1 44 0 0.00 0.0 9 5.6 14 280 M M 2 19 260
17 33 15 24 3 41 0 0.24 2.7 11 9.2 23 130 M M 8 1 29 130
18 33 10 22 1 43 0 0.21 3.7 13 14.1 25 290 M M 5 1 35 320
19 16 -2 7 -14 58 0 0.00 0.0 13 10.3 16 260 M M 0 22 260
20 16 -8 4 -18 61 0 0.00 0.0 12 8.4 15 260 M M 0 19 240
21 32 3 18 -4 47 0 0.00 0.0 12 11.6 20 210 M M 0 30 200
22 38 17 28 6 37 0 0.00 0.0 11 9.0 14 210 M M 0 21 200
23 45 26 36 13 29 0 0.00 0.0 10 9.2 17 270 M M 0 25 270
24 40 20 30 7 35 0 0.00 0.0 9 8.2 23 30 M M 0 30 40
25 33 25 29 6 36 0 0.00 0.0 9 17.7 30 40 M M 0 39 60
26 27 17 22 -2 43 0 T T 9 12.7 20 350 M M 9 27 360
27 22 6 14 -10 51 0 T T 8 11.5 22 310 M M 6 28 290
28 28 4 16 -8 49 0 0.00 0.0 8 10.0 21 290 M M 0 27 300
29 29 7 18 -7 47 0 0.00 0.0 8 8.4 15 210 M M 0 20 210
================================================================================
SM 854 323 1291 0 1.04 14.9 263.1 M 97
================================================================================
AV 29.5 11.1 9.1 FASTST M M 3 MAX(MPH)
MISC ----> # 31 40 # 41 40
================================================================================
NOTES:
# LAST OF SEVERAL OCCURRENCES
COLUMN 17 PEAK WIND IN M.P.H.
PRELIMINARY LOCAL CLIMATOLOGICAL DATA (WS FORM: F-6) , PAGE 2
STATION: GREEN BAY WI
MONTH: FEBRUARY
YEAR: 2020
LATITUDE: 44 28 N
LONGITUDE: 88 8 W
[TEMPERATURE DATA] [PRECIPITATION DATA] SYMBOLS USED IN COLUMN 16
AVERAGE MONTHLY: 20.3 TOTAL FOR MONTH: 1.04 1 = FOG OR MIST
DPTR FM NORMAL: -0.0 DPTR FM NORMAL: -0.07 2 = FOG REDUCING VISIBILITY
HIGHEST: 47 ON 2 GRTST 24HR 0.47 ON 9- 9 TO 1/4 MILE OR LESS
LOWEST: -13 ON 14 3 = THUNDER
SNOW, ICE PELLETS, HAIL 4 = ICE PELLETS
TOTAL MONTH: 14.9 INCHES 5 = HAIL
GRTST 24HR 5.8 ON 9- 9 6 = FREEZING RAIN OR DRIZZLE
GRTST DEPTH: 13 ON 19,18 7 = DUSTSTORM OR SANDSTORM:
VSBY 1/2 MILE OR LESS
8 = SMOKE OR HAZE
[NO. OF DAYS WITH] [WEATHER - DAYS WITH] 9 = BLOWING SNOW
X = TORNADO
MAX 32 OR BELOW: 18 0.01 INCH OR MORE: 7
MAX 90 OR ABOVE: 0 0.10 INCH OR MORE: 3
MIN 32 OR BELOW: 29 0.50 INCH OR MORE: 0
MIN 0 OR BELOW: 5 1.00 INCH OR MORE: 0
[HDD (BASE 65) ]
TOTAL THIS MO. 1291 CLEAR (SCALE 0-3) 15
DPTR FM NORMAL 40 PTCLDY (SCALE 4-7) 10
TOTAL FM JUL 1 5327 CLOUDY (SCALE 8-10) 4
DPTR FM NORMAL -553
[CDD (BASE 65) ]
TOTAL THIS MO. 0
DPTR FM NORMAL 0 [PRESSURE DATA]
TOTAL FM JAN 1 0 HIGHEST SLP 30.77 ON 20
DPTR FM NORMAL 0 LOWEST SLP 29.30 ON 2
[REMARKS]
#FINAL-02-20#