000
CXUS53 KGRB 010915
CLMGRB
CLIMATE REPORT
NATIONAL WEATHER SERVICE GREEN BAY
415 AM CDT SAT JUL 01 2023
...................................
...THE GREEN BAY WI CLIMATE SUMMARY FOR THE MONTH OF JUNE 2023...
CLIMATE NORMAL PERIOD: 1991 TO 2020
CLIMATE RECORD PERIOD: 1886 TO 2023
WEATHER OBSERVED NORMAL DEPART LAST YEAR`S
VALUE DATE(S) VALUE FROM VALUE DATE(S)
NORMAL
................................................................
TEMPERATURE (F)
RECORD
HIGH 101 06/01/1934
LOW 32 06/06/1958
HIGHEST 92 06/01 90 2 96 06/21
LOWEST 43 06/12 40 3 45 06/04
AVG. MAXIMUM 79.6 76.6 3.0 80.0
AVG. MINIMUM 55.9 56.2 -0.3 58.0
MEAN 67.7 66.4 1.3 69.0
DAYS MAX >= 90 3 1.6 1.4 5
DAYS MAX <= 32 0 0.0 0.0 0
DAYS MIN <= 32 0 0.0 0.0 0
DAYS MIN <= 0 0 0.0 0.0 0
PRECIPITATION (INCHES)
RECORD
MAXIMUM 10.29 1990
MINIMUM 0.31 1976
TOTALS 3.58 4.10 -0.52 2.82
DAYS >= .01 5 11.1 -6.1 9
DAYS >= .10 4 7.5 -3.5 6
DAYS >= .50 3 3.1 -0.1 2
DAYS >= 1.00 1 1.0 0.0 0
GREATEST
24 HR. TOTAL 1.86 06/25 TO 06/26
SNOWFALL (INCHES)
RECORDS
TOTAL 0.0 MM
TOTALS 0.0 0.0 0.0 0.0
SINCE 7/1 77.2 55.6 21.6 MM
SNOWDEPTH AVG. 0 0
DAYS >= 1.0 0 0.0 0.0 0
GREATEST
SNOW DEPTH 0 0 MM
24 HR TOTAL MM
DEGREE DAYS
HEATING TOTAL 52 65 -13 32
SINCE 7/1 6867 7505 -638 MM
COOLING TOTAL 141 107 34 156
SINCE 1/1 173 134 39 MM
................................................................
WIND (MPH)
AVERAGE WIND SPEED 7.0
HIGHEST WIND SPEED/DIRECTION 22/040 DATE 06/06
22/050 06/10
HIGHEST GUST SPEED/DIRECTION 30/340 DATE 06/10
30/330 06/26
SKY COVER
POSSIBLE SUNSHINE (PERCENT) MM
AVERAGE SKY COVER 0.33
NUMBER OF DAYS FAIR 17
NUMBER OF DAYS PC 8
NUMBER OF DAYS CLOUDY 5
AVERAGE RH (PERCENT) 64
WEATHER CONDITIONS. NUMBER OF DAYS WITH
THUNDERSTORM 2 MIXED PRECIP 0
HEAVY RAIN 2 RAIN 4
LIGHT RAIN 6 FREEZING RAIN 0
LT FREEZING RAIN 0 HAIL 0
HEAVY SNOW 0 SNOW 0
LIGHT SNOW 0 SLEET 0
FOG 15 FOG W/VIS <= 1/4 MILE 1
HAZE 16
- INDICATES NEGATIVE NUMBERS.
R INDICATES RECORD WAS SET OR TIED.
MM INDICATES DATA IS MISSING.
T INDICATES TRACE AMOUNT.
$$