000
CXUS53 KGRR 010910
CF6GRR
PRELIMINARY LOCAL CLIMATOLOGICAL DATA (WS FORM: F-6)
STATION: GRAND RAPIDS
MONTH: OCTOBER
YEAR: 2022
LATITUDE: 42 52 N
LONGITUDE: 85 31 W
TEMPERATURE IN F: :PCPN: SNOW: WIND :SUNSHINE: SKY :PK WND
================================================================================
1 2 3 4 5 6A 6B 7 8 9 10 11 12 13 14 15 16 17 18
12Z AVG MX 2MIN
DY MAX MIN AVG DEP HDD CDD WTR SNW DPTH SPD SPD DIR MIN PSBL S-S WX SPD DR
================================================================================
1 70 42 56 -1 9 0 0.00 0.0 0 6.9 15 40 M M 1 1 19 10
2 65 42 54 -3 11 0 0.00 0.0 0 10.4 18 50 M M 3 24 60
3 68 34 51 -5 14 0 0.00 0.0 0 2.1 7 50 M M 2 12 12 110
4 72 37 55 -1 10 0 0.00 0.0 0 3.1 10 260 M M 2 16 290
5 74 42 58 2 7 0 0.00 0.0 0 4.0 13 260 M M 5 17 260
6 71 44 58 3 7 0 T 0.0 0 9.6 22 340 M M 7 1 34 320
7 50 36 43 -12 22 0 0.00 0.0 0 8.8 18 350 M M 5 26 360
8 53 30 42 -12 23 0 0.00 0.0 0 11.0 25 250 M M 5 35 250
9 65 36 51 -3 14 0 T 0.0 0 7.7 22 240 M M 5 31 240
10 67 39 53 -1 12 0 0.00 0.0 0 4.6 10 120 M M 2 16 80
11 75 42 59 6 6 0 0.59 0.0 0 10.2 23 210 M M 5 1 32 200
12 69 44 57 4 8 0 0.54 0.0 0 12.8 26 210 M M 9 1 39 200
13 53 38 46 -6 19 0 0.19 T 0 10.8 24 270 M M 8 1 34 240
14 53 38 46 -6 19 0 0.18 0.0 0 11.2 24 240 M M 9 1 36 200
15 52 37 45 -7 20 0 0.14 0.0 0 11.6 24 250 M M 8 1 31 260
16 52 39 46 -5 19 0 0.19 0.0 0 6.4 20 280 M M 9 1 26 280
17 46 38 42 -9 23 0 0.52 T 0 13.1 24 330 M M 9 14 33 320
18 41 36 39 -12 26 0 0.10 0.0 0 17.2 26 300 M M 10 1 40 300
19 46 33 40 -10 25 0 T 0.0 0 12.9 23 300 M M 9 31 290
20 54 34 44 -6 21 0 T 0.0 0 8.3 21 240 M M 6 26 250
21 70 33 52 2 13 0 0.00 0.0 0 11.0 21 210 M M 2 29 210
22 75 52 64 15 1 0 0.00 0.0 0 13.8 21 190 M M 2 27 180
23 75 53 64 15 1 0 T 0.0 0 11.7 26 170 M M 4 35 170
24 77 58 68 20 0 3 0.01 0.0 0 12.3 22 170 M M 8 30 170
25 67 53 60 12 5 0 0.33 0.0 0 8.7 17 170 M M 7 1 24 180
26 60 33 47 -1 18 0 0.86 0.0 0 10.6 23 320 M M 9 1 30 340
27 52 29 41 -6 24 0 0.00 0.0 0 4.4 12 90 M M 4 14 100
28 59 34 47 0 18 0 0.00 0.0 0 4.7 10 130 M M 4 14 130
29 64 32 48 2 17 0 0.00 0.0 0 1.8 8 160 M M 1 10 180
30 62 36 49 3 16 0 0.00 0.0 0 3.9 8 120 M M 7 8 11 150
31 59 49 54 8 11 0 0.09 0.0 0 2.6 8 160 M M 9 1 9 110
================================================================================
SM 1916 1223 439 3 3.74 T 268.2 M 176
================================================================================
AV 61.8 39.5 8.7 FASTST M M 6 MAX(MPH)
MISC ----> # 26 210 40 300
================================================================================
NOTES:
# LAST OF SEVERAL OCCURRENCES
COLUMN 17 PEAK WIND IN M.P.H.
PRELIMINARY LOCAL CLIMATOLOGICAL DATA (WS FORM: F-6) , PAGE 2
STATION: GRAND RAPIDS
MONTH: OCTOBER
YEAR: 2022
LATITUDE: 42 52 N
LONGITUDE: 85 31 W
[TEMPERATURE DATA] [PRECIPITATION DATA] SYMBOLS USED IN COLUMN 16
AVERAGE MONTHLY: 50.6 TOTAL FOR MONTH: 3.74 1 = FOG OR MIST
DPTR FM NORMAL: -0.9 DPTR FM NORMAL: -0.28 2 = FOG REDUCING VISIBILITY
HIGHEST: 77 ON 24 GRTST 24HR 1.19 ON 25-26 TO 1/4 MILE OR LESS
LOWEST: 29 ON 27 3 = THUNDER
SNOW, ICE PELLETS, HAIL 4 = ICE PELLETS
TOTAL MONTH: T 5 = HAIL
GRTST 24HR T ON 13-13 6 = FREEZING RAIN OR DRIZZLE
GRTST DEPTH: 0 7 = DUSTSTORM OR SANDSTORM:
VSBY 1/2 MILE OR LESS
8 = SMOKE OR HAZE
[NO. OF DAYS WITH] [WEATHER - DAYS WITH] 9 = BLOWING SNOW
X = TORNADO
MAX 32 OR BELOW: 0 0.01 INCH OR MORE: 12
MAX 90 OR ABOVE: 0 0.10 INCH OR MORE: 10
MIN 32 OR BELOW: 3 0.50 INCH OR MORE: 4
MIN 0 OR BELOW: 0 1.00 INCH OR MORE: 0
[HDD (BASE 65) ]
TOTAL THIS MO. 439 CLEAR (SCALE 0-3) 7
DPTR FM NORMAL 11 PTCLDY (SCALE 4-7) 15
TOTAL FM JUL 1 560 CLOUDY (SCALE 8-10) 9
DPTR FM NORMAL -1
[CDD (BASE 65) ]
TOTAL THIS MO. 3
DPTR FM NORMAL -5 [PRESSURE DATA]
TOTAL FM JAN 1 800 HIGHEST SLP 30.50 ON 28
DPTR FM NORMAL 67 LOWEST SLP 29.59 ON 26
[REMARKS]
#FINAL-10-22#