295
CXGM50 PGUM 011630
CF6GSN
PRELIMINARY LOCAL CLIMATOLOGICAL DATA (WS FORM: F-6)
STATION: SAIPAN/ISLEY_(CGS) MP
MONTH: FEBRUARY
YEAR: 2021
LATITUDE: 15 7 N
LONGITUDE: 145-44 E
TEMPERATURE IN F: :PCPN: SNOW: WIND :SUNSHINE: SKY :PK WND
================================================================================
1 2 3 4 5 6A 6B 7 8 9 10 11 12 13 14 15 16 17 18
12Z AVG MX 2MIN
DY MAX MIN AVG DEP HDD CDD WTR SNW DPTH SPD SPD DIR MIN PSBL S-S WX SPD DR
================================================================================
1 87 75 81 M 0 16 0.23 M M 16.9 25 70 M M 5 1 32 60
2 87 76 82 M 0 17 0.21 M M 15.6 25 80 M M 6 31 80
3 88 77 83 M 0 18 0.18 M M 21.0 29 80 M M 4 35 90
4 86 79 83 M 0 18 0.01 M M 16.2 23 80 M M 3 29 70
5 87 77 82 M 0 17 0.02 M M 17.4 24 70 M M 5 30 70
6 87 77 82 M 0 17 0.24 M M 17.8 28 80 M M 7 1 33 80
7 87 77 82 M 0 17 0.26 M M 12.8 23 90 M M 5 27 90
8 87 78 83 M 0 18 0.00 0.0 0 12.1 18 100 M M 2 22 100
9 88 77 83 M 0 18 T M M 14.7 23 80 M M 3 26 80
10 87 74 81 M 0 16 0.36 M M 14.1 23 80 M M 4 1 29 80
11 88 77 83 M 0 18 T M M 12.1 20 90 M M 3 24 90
12 88 76 82 M 0 17 T M M 10.6 15 140 M M 1 20 130
13 88 77 83 M 0 18 T 0.0 0 9.5 16 110 M M 2 22 100
14 87 77 82 M 0 17 T M M 9.3 16 140 M M 2 19 150
15 87 76 82 M 0 17 T M M 8.2 15 110 M M 3 19 90
16 87 77 82 M 0 17 0.23 M M 7.9 20 140 M M 4 1 27 90
17 87 77 82 M 0 17 0.02 M M 12.6 21 100 M M 4 27 100
18 87 78 83 M 0 18 T M M 9.2 15 130 M M 3 20 150
19 88 77 83 M 0 18 0.12 M M 9.0 18 70 M M 4 21 70
20 88 76 82 M 0 17 0.01 M M 12.7 18 100 M M 3 24 80
21 88 76 82 M 0 17 0.03 M M 13.8 20 80 M M 3 24 80
22 88 76 82 M 0 17 0.11 M M 13.7 22 80 M M 4 27 80
23 88 77 83 M 0 18 0.19 M M 12.7 24 80 M M 5 29 80
24 88 77 83 M 0 18 0.02 M M 11.6 18 70 M M 3 23 90
25 88 77 83 M 0 18 0.04 M M 15.0 22 80 M M 4 29 60
26 88 78 83 M 0 18 0.04 M M 14.0 22 80 M M 5 26 80
27 88 76 82 M 0 17 0.06 0.0 0 9.8 18 100 M M 3 24 130
28 90 78 84 M 0 19 0.00 M M 13.9 22 80 M M 3 26 100
================================================================================
SM 2452 2150 0 488 2.38 0.0 364.2 M 103
================================================================================
AV 87.6 76.8 13.0 FASTST M M 4 MAX(MPH)
MISC ----> 29 80 35 90
================================================================================
NOTES:
# LAST OF SEVERAL OCCURRENCES
COLUMN 17 PEAK WIND IN M.P.H.
PRELIMINARY LOCAL CLIMATOLOGICAL DATA (WS FORM: F-6) , PAGE 2
STATION: SAIPAN/ISLEY_(CGS) MP
MONTH: FEBRUARY
YEAR: 2021
LATITUDE: 15 7 N
LONGITUDE: 145-44 E
[TEMPERATURE DATA] [PRECIPITATION DATA] SYMBOLS USED IN COLUMN 16
AVERAGE MONTHLY: 82.2 TOTAL FOR MONTH: 2.38 1 = FOG OR MIST
DPTR FM NORMAL: 0.0 DPTR FM NORMAL: -0.22 2 = FOG REDUCING VISIBILITY
HIGHEST: 90 ON 28 GRTST 24HR 0.38 ON 1- 2 TO 1/4 MILE OR LESS
LOWEST: 74 ON 10 3 = THUNDER
SNOW, ICE PELLETS, HAIL 4 = ICE PELLETS
TOTAL MONTH: 0.0 INCH 5 = HAIL
GRTST 24HR 0.0 6 = FREEZING RAIN OR DRIZZLE
GRTST DEPTH: 0 7 = DUSTSTORM OR SANDSTORM:
VSBY 1/2 MILE OR LESS
8 = SMOKE OR HAZE
[NO. OF DAYS WITH] [WEATHER - DAYS WITH] 9 = BLOWING SNOW
X = TORNADO
MAX 32 OR BELOW: 0 0.01 INCH OR MORE: 19
MAX 90 OR ABOVE: 1 0.10 INCH OR MORE: 10
MIN 32 OR BELOW: 0 0.50 INCH OR MORE: 0
MIN 0 OR BELOW: 0 1.00 INCH OR MORE: 0
[HDD (BASE 65) ]
TOTAL THIS MO. 0 CLEAR (SCALE 0-3) 10
DPTR FM NORMAL M PTCLDY (SCALE 4-7) 18
TOTAL FM JUL 1 0 CLOUDY (SCALE 8-10) 0
DPTR FM NORMAL M
[CDD (BASE 65) ]
TOTAL THIS MO. 488
DPTR FM NORMAL M [PRESSURE DATA]
TOTAL FM JAN 1 1040 HIGHEST SLP 30.01 ON 1
DPTR FM NORMAL M LOWEST SLP 29.90 ON 1
[REMARKS]
#FINAL-02-21#