000
CXGM50 PGUM 080554
CF6GSN
PRELIMINARY LOCAL CLIMATOLOGICAL DATA (WS FORM: F-6)
STATION: SAIPAN/ISLEY_(CGS) MP
MONTH: DECEMBER
YEAR: 2023
LATITUDE: 15 7 N
LONGITUDE: 145-44 E
TEMPERATURE IN F: :PCPN: SNOW: WIND :SUNSHINE: SKY :PK WND
================================================================================
1 2 3 4 5 6A 6B 7 8 9 10 11 12 13 14 15 16 17 18
12Z AVG MX 2MIN
DY MAX MIN AVG DEP HDD CDD WTR SNW DPTH SPD SPD DIR MIN PSBL S-S WX SPD DR
================================================================================
1 88 78 83 1 0 18 0.17 0.0 0 16.9 25 80 M M 8 32 80
2 86 76 81 -1 0 16 0.74 0.0 0 17.7 26 100 M M 6 38 80
3 88 79 84 2 0 19 0.02 0.0 0 18.6 28 70 M M 3 38 70
4 86 77 82 0 0 17 0.06 0.0 0 16.8 29 70 M M 3 38 80
5 88 78 83 1 0 18 0.06 0.0 0 16.1 23 70 M M 5 32 100
6 87 77 82 0 0 17 0.16 0.0 0 10.9 18 50 M M 5 24 40
7 87 79 83 1 0 18 0.01 0.0 0 11.4 18 50 M M 4 24 50
8 87 76 82 1 0 17 0.75 0.0 0 14.0 28 80 M M 5 35 80
9 87 76 82 1 0 17 0.39 0.0 0 13.3 24 80 M M 5 32 80
10 87 78 83 2 0 18 0.03 0.0 0 13.6 20 60 M M 4 25 60
11 87 77 82 1 0 17 0.10 0.0 0 9.5 14 60 M M 2 M M
12 87 79 83 2 0 18 0.01 0.0 0 12.0 18 80 M M 3 24 80
13 87 78 83 2 0 18 T 0.0 0 13.2 20 70 M M 3 27 80
14 87 80 84 3 0 19 T 0.0 0 16.7 24 80 M M 4 32 80
15 87 80 84 3 0 19 0.01 0.0 0 17.3 26 70 M M 3 33 80
16 86 76 81 0 0 16 0.48 0.0 0 16.2 26 110 M M 4 35 110
17 86 80 83 2 0 18 T 0.0 0 16.8 22 80 M M 4 29 70
18 84 76 80 -1 0 15 1.42 0.0 0 17.5 30 60 M M 8 41 90
19 87 78 83 2 0 18 0.20 0.0 0 13.9 22 70 M M 5 29 100
20 86 79 83 2 0 18 T 0.0 0 15.6 22 80 M M 3 31 90
21 86 75 81 0 0 16 0.62 0.0 0 12.0 21 50 M M 5 27 70
22 86 76 81 0 0 16 0.02 0.0 0 15.3 23 90 M M 4 31 90
23 86 79 83 2 0 18 0.02 0.0 0 20.7 26 70 M M 4 36 80
24 86 78 82 1 0 17 0.12 0.0 0 19.0 31 70 M M 6 45 70
25 86 78 82 1 0 17 0.12 0.0 0 17.3 29 70 M M 6 37 60
26 86 79 83 2 0 18 T 0.0 0 16.3 23 70 M M 4 30 60
27 86 77 82 2 0 17 0.00 0.0 0 17.6 26 70 M M 5 35 60
28 86 78 82 2 0 17 0.05 0.0 0 15.3 21 60 M M 4 28 60
29 86 79 83 3 0 18 0.02 0.0 0 17.7 24 50 M M 4 32 50
30 86 79 83 3 0 18 0.02 0.0 0 19.7 28 50 M M 6 40 60
31 85 77 81 1 0 16 0.33 0.0 0 18.0 29 100 M M 6 41 100
================================================================================
SM 2680 2412 0 539 5.93 0.0 486.9 M 141
================================================================================
AV 86.5 77.8 15.7 FASTST M M 5 MAX(MPH)
MISC ----> 31 70 45 70
================================================================================
NOTES:
# LAST OF SEVERAL OCCURRENCES
COLUMN 17 PEAK WIND IN M.P.H.
PRELIMINARY LOCAL CLIMATOLOGICAL DATA (WS FORM: F-6) , PAGE 2
STATION: SAIPAN/ISLEY_(CGS) MP
MONTH: DECEMBER
YEAR: 2023
LATITUDE: 15 7 N
LONGITUDE: 145-44 E
[TEMPERATURE DATA] [PRECIPITATION DATA] SYMBOLS USED IN COLUMN 16
AVERAGE MONTHLY: 82.1 TOTAL FOR MONTH: 5.93 1 = FOG OR MIST
DPTR FM NORMAL: 1.1 DPTR FM NORMAL: 2.15 2 = FOG REDUCING VISIBILITY
HIGHEST: 88 ON 5, 3 GRTST 24HR 1.42 ON 18-18 TO 1/4 MILE OR LESS
LOWEST: 75 ON 21 3 = THUNDER
SNOW, ICE PELLETS, HAIL 4 = ICE PELLETS
TOTAL MONTH: 0.0 INCH 5 = HAIL
GRTST 24HR 0.0 6 = FREEZING RAIN OR DRIZZLE
GRTST DEPTH: 0 7 = DUSTSTORM OR SANDSTORM:
VSBY 1/2 MILE OR LESS
8 = SMOKE OR HAZE
[NO. OF DAYS WITH] [WEATHER - DAYS WITH] 9 = BLOWING SNOW
X = TORNADO
MAX 32 OR BELOW: 0 0.01 INCH OR MORE: 25
MAX 90 OR ABOVE: 0 0.10 INCH OR MORE: 13
MIN 32 OR BELOW: 0 0.50 INCH OR MORE: 4
MIN 0 OR BELOW: 0 1.00 INCH OR MORE: 1
[HDD (BASE 65) ]
TOTAL THIS MO. 0 CLEAR (SCALE 0-3) 5
DPTR FM NORMAL 0 PTCLDY (SCALE 4-7) 26
TOTAL FM JUL 1 6 CLOUDY (SCALE 8-10) 0
DPTR FM NORMAL 6
[CDD (BASE 65) ]
TOTAL THIS MO. 539
DPTR FM NORMAL 41 [PRESSURE DATA]
TOTAL FM JAN 1 6527 HIGHEST SLP 30.01 ON 1
DPTR FM NORMAL 457 LOWEST SLP 29.92 ON 1
[REMARKS]
#FINAL-12-23#