000
CXUS52 KRAH 011507
CLMGSO
CLIMATE REPORT
NATIONAL WEATHER SERVICE RALEIGH NC
1007 AM EST FRI MAR 01 2024
...................................
...THE GREENSBORO NC CLIMATE SUMMARY FOR THE MONTH OF FEBRUARY 2024...
CLIMATE NORMAL PERIOD 1991 TO 2020
CLIMATE RECORD PERIOD 1903 TO 2024
WEATHER OBSERVED NORMAL DEPART LAST YEAR`S
VALUE DATE(S) VALUE FROM VALUE
NORMAL
..............................................................
TEMPERATURE (F)
RECORD
HIGH 81 02/12/2017
02/26/1977
02/25/1930
LOW 02/18/1958
HIGHEST 70 02/26 81
LOWEST 24 02/18 21
AVG. MAXIMUM 57.6 53.3 4.3 61.1
AVG. MINIMUM 35.1 32.7 2.4 40.5
MEAN 46.4 43.0 3.4 50.8
DAYS MAX >= 90 0 0
DAYS MAX <= 32 0 0
DAYS MIN <= 32 15 6
DAYS MIN <= 0 0 0
PRECIPITATION (INCHES)
RECORD
MAXIMUM 7.23 2020
TOTALS 1.85 2.81 -0.96 3.14
DAYS >= .01 8
DAYS >= .10 5
DAYS >= .50 1
DAYS >= 1.00 0
GREATEST
24 HR. TOTAL 0.90 02/10 TO 02/11
SNOWFALL (INCHES)
RECORDS
TOTAL 16.3 1979
SNOW DEPTH 13 02/01/1966
TOTALS 0.0 2.0 -2.0 0.0
SINCE 7/1 T
SNOWDEPTH AVG. 0
DAYS >= TRACE 0
DAYS >= 1.0 0 0.7 -0.7 0
DEGREE DAYS
HEATING TOTAL 534 616 -82 396
SINCE 7/1 2528 2806 -278 MM
COOLING TOTAL 0 1 -1 7
SINCE 1/1 0 1 -1 MM
..............................................................
WIND (MPH)
AVERAGE WIND SPEED 7.7
HIGHEST WIND SPEED/DIRECTION 31/310 DATE 02/28
HIGHEST GUST SPEED/DIRECTION 43/300 DATE 02/28
SKY COVER
POSSIBLE SUNSHINE (PERCENT) MM
AVERAGE SKY COVER 0.56
NUMBER OF DAYS FAIR 10
NUMBER OF DAYS PC 7
NUMBER OF DAYS CLOUDY 12
AVERAGE RH (PERCENT) 58
WEATHER CONDITIONS. NUMBER OF DAYS WITH
THUNDERSTORM 0 MIXED PRECIP 0
HEAVY RAIN 1 RAIN 2
LIGHT RAIN 9 FREEZING RAIN 0
LT FREEZING RAIN 0 HAIL 0
HEAVY SNOW 0 SNOW 0
LIGHT SNOW 0 SLEET 0
FOG 8 FOG W/VIS <= 1/4 MILE 1
HAZE 0
- INDICATES NEGATIVE NUMBERS.
R INDICATES RECORD WAS SET OR TIED.
MM INDICATES DATA IS MISSING.
T INDICATES TRACE AMOUNT.
&&
NO RECORDS WERE SET AT GREENSBORO, NC DURING THE MONTH OF FEBRUARY.
$$