000
CXUS54 KAMA 010710
CF6GUY
PRELIMINARY LOCAL CLIMATOLOGICAL DATA (WS FORM: F-6)
STATION: GUYMON
MONTH: JUNE
YEAR: 2021
LATITUDE: 36 41 N
LONGITUDE: 101 30 W
TEMPERATURE IN F: :PCPN: SNOW: WIND :SUNSHINE: SKY :PK WND
================================================================================
1 2 3 4 5 6A 6B 7 8 9 10 11 12 13 14 15 16 17 18
12Z AVG MX 2MIN
DY MAX MIN AVG DEP HDD CDD WTR SNW DPTH SPD SPD DIR MIN PSBL S-S WX SPD DR
================================================================================
1 74 52 63 -9 2 0 0.03 M M 4.4 22 230 M M 6 3 29 240
2 78 50 64 -8 1 0 0.01 M M 5.0 13 230 M M 1 17 110
3 83 54 69 -4 0 4 0.00 M M 5.2 13 100 M M 2 20 80
4 86 56 71 -2 0 6 0.00 M M 10.8 22 210 M M 1 29 230
5 85 60 73 0 0 8 0.00 M M 14.4 24 210 M M 1 33 170
6 89 63 76 2 0 11 0.00 M M 9.8 16 160 M M 4 27 170
7 89 64 77 3 0 12 0.00 M M 7.3 15 150 M M 2 22 140
8 93 69 81 7 0 16 0.00 M M 10.9 21 150 M M 2 1 31 130
9 96 64 80 6 0 15 0.00 M M 5.0 13 40 M M 2 12 18 150
10 98 69 84 9 0 19 0.00 M M 12.3 22 160 M M 2 12 32 160
11 91 68 80 5 0 15 0.00 M M 17.2 37 20 M M 0 53 20
12 88 67 78 3 0 13 0.19 M M 8.9 26 290 M M 8 13 41 280
13 88 66 77 1 0 12 0.56 M M 8.5 30 330 M M 2 13 43 120
14 91 62 77 1 0 12 0.00 M M 7.9 20 170 M M 0 27 140
15 95 65 80 4 0 15 0.00 M M 7.6 16 180 M M 0 22 200
16 99 68 84 8 0 19 0.00 M M 12.5 25 220 M M 0 33 220
17 101 68 85 8 0 20 0.00 M M 14.7 29 240 M M 0 37 220
18 101 66 84 7 0 19 0.00 M M 13.6 22 230 M M 0 30 230
19 102 64 83 6 0 18 T M M 10.3 21 190 M M 0 33 160
20 104 61 83 5 0 18 T M M 11.8 28 40 M M 0 38 60
21 78 59 69 -9 0 4 0.31 M M 11.8 28 60 M M 3 13 40 60
22 94 59 77 -1 0 12 0.00 M M 16.9 31 220 M M 0 44 210
23 106 71 89 11 0 24 0.00 M M 16.2 26 220 M M 0 37 200
24 104 77 91 13 0 26 0.00 M M 15.9 31 350 M M 1 42 340
25 97 63 80 1 0 15 0.01 M M 7.1 37 360 M M 1 3 53 340
26 85 63 74 -5 0 9 0.00 M M 11.2 22 10 M M 3 33 10
27 82 62 72 -7 0 7 T M M 8.0 18 10 M M 3 25 10
28 78 65 72 -7 0 7 T M M 6.4 17 10 M M 7 21 330
29 83 64 74 -5 0 9 0.01 M M 8.0 23 20 M M 7 3 30 40
30 84 65 75 -5 0 10 0.34 M M 4.2 15 200 M M 5 1 22 210
================================================================================
SM 2722 1904 3 375 1.46 M 303.8 M 63
================================================================================
AV 90.7 63.5 10.1 FASTST M M 2 MAX(MPH)
MISC ----> # 37 20 # 53 20
================================================================================
NOTES:
# LAST OF SEVERAL OCCURRENCES
COLUMN 17 PEAK WIND IN M.P.H.
PRELIMINARY LOCAL CLIMATOLOGICAL DATA (WS FORM: F-6) , PAGE 2
STATION: GUYMON
MONTH: JUNE
YEAR: 2021
LATITUDE: 36 41 N
LONGITUDE: 101 30 W
[TEMPERATURE DATA] [PRECIPITATION DATA] SYMBOLS USED IN COLUMN 16
AVERAGE MONTHLY: 77.1 TOTAL FOR MONTH: 1.46 1 = FOG OR MIST
DPTR FM NORMAL: 0.9 DPTR FM NORMAL: -1.42 2 = FOG REDUCING VISIBILITY
HIGHEST: 106 ON 23 GRTST 24HR 0.75 ON 12-13 TO 1/4 MILE OR LESS
LOWEST: 50 ON 2 3 = THUNDER
SNOW, ICE PELLETS, HAIL 4 = ICE PELLETS
TOTAL MONTH: M 5 = HAIL
GRTST 24HR M ON M 6 = FREEZING RAIN OR DRIZZLE
GRTST DEPTH: M ON M 7 = DUSTSTORM OR SANDSTORM:
VSBY 1/2 MILE OR LESS
8 = SMOKE OR HAZE
[NO. OF DAYS WITH] [WEATHER - DAYS WITH] 9 = BLOWING SNOW
X = TORNADO
MAX 32 OR BELOW: 0 0.01 INCH OR MORE: 8
MAX 90 OR ABOVE: 15 0.10 INCH OR MORE: 4
MIN 32 OR BELOW: 0 0.50 INCH OR MORE: 1
MIN 0 OR BELOW: 0 1.00 INCH OR MORE: 0
[HDD (BASE 65) ]
TOTAL THIS MO. 3 CLEAR (SCALE 0-3) 22
DPTR FM NORMAL -1 PTCLDY (SCALE 4-7) 8
TOTAL FM JUL 1 4465 CLOUDY (SCALE 8-10) 0
DPTR FM NORMAL 175
[CDD (BASE 65) ]
TOTAL THIS MO. 375
DPTR FM NORMAL 37 [PRESSURE DATA]
TOTAL FM JAN 1 489 HIGHEST SLP M ON M
DPTR FM NORMAL 7 LOWEST SLP 29.53 ON 20
[REMARKS]
#FINAL-06-21#