000
CXUS54 KFWD 010730
CF6GVT
PRELIMINARY LOCAL CLIMATOLOGICAL DATA (WS FORM: F-6)
STATION: GREENVILLE
MONTH: OCTOBER
YEAR: 2023
LATITUDE: 33 4 N
LONGITUDE: 96 4 W
TEMPERATURE IN F: :PCPN: SNOW: WIND :SUNSHINE: SKY :PK WND
================================================================================
1 2 3 4 5 6A 6B 7 8 9 10 11 12 13 14 15 16 17 18
12Z AVG MX 2MIN
DY MAX MIN AVG DEP HDD CDD WTR SNW DPTH SPD SPD DIR MIN PSBL S-S WX SPD DR
================================================================================
1 92 62 77 5 0 12 0.00 M M 3.6 9 140 M M 2 M M
2 91 62 77 5 0 12 0.00 M M 4.5 12 110 M M 3 M M
3 90 62 76 5 0 11 0.00 M M 7.0 15 140 M M 0 22 140
4 91 69 80 9 0 15 0.26 M M 10.1 17 350 M M 8 1 37 100
5 82 65 74 4 0 9 0.06 M M 7.2 16 90 M M 6 18 50
6 86 60 73 3 0 8 0.00 M M 8.2 14 10 M M 0 8 22 10
7 70 49 60 -10 5 0 0.00 M M 8.8 17 10 M M 2 1 25 10
8 78 44 61 -9 4 0 0.00 M M 4.3 10 160 M M 0 1 16 210
9 87 54 71 2 0 6 0.00 M M 7.8 14 210 M M 1 20 230
10 83 56 70 1 0 5 0.00 M M 8.3 15 180 M M 0 20 170
11 74 64 69 1 0 4 0.00 M M 10.5 18 170 M M 8 21 170
12 71 60 66 -2 0 1 0.00 M M 12.8 20 150 M M 9 22 150
13 82 57 70 2 0 5 0.00 M M 11.1 18 350 M M 5 1 22 350
14 69 51 60 -8 5 0 0.00 M M 11.2 16 330 M M 0 23 330
15 66 48 57 -10 8 0 0.00 M M 10.9 17 350 M M 5 28 330
16 66 43 55 -12 10 0 0.00 M M 7.7 16 330 M M 0 25 330
17 73 37 55 -12 10 0 0.00 M M 3.5 9 150 M M 0 8 M M
18 79 46 63 -3 2 0 0.00 M M 8.6 17 160 M M 0 24 180
19 84 48 66 0 0 1 0.00 M M 4.6 13 350 M M 0 2 M M
20 91 49 70 4 0 5 0.00 M M 4.4 9 350 M M 0 M M
21 88 48 68 2 0 3 0.00 M M 4.3 12 140 M M 0 1 M M
22 81 55 68 3 0 3 0.00 M M 4.7 10 150 M M 0 M M
23 77 68 73 8 0 8 0.00 M M 9.1 17 150 M M 5 24 150
24 81 70 76 12 0 11 0.00 M M 12.5 21 160 M M 9 26 160
25 84 69 77 13 0 12 0.02 M M 12.5 20 150 M M 9 1 26 150
26 76 68 72 8 0 7 0.00 M M 9.4 14 150 M M 9 1 17 200
27 86 64 75 11 0 10 0.00 M M 9.8 15 190 M M 8 1 M M
28 67 57 62 -1 3 0 0.02 M M 6.4 10 360 M M 10 1 M M
29 57 40 49 -14 16 0 0.00 M M 13.1 21 340 M M 10 1 26 350
30 51 37 44 -19 21 0 0.00 M M 14.5 21 360 M M 3 1 32 360
31 60 32 46 -16 19 0 0.00 M M 8.2 18 340 M M 0 23 360
================================================================================
SM 2413 1694 103 148 0.36 M 259.6 M 112
================================================================================
AV 77.8 54.6 8.4 FASTST M M 4 MAX(MPH)
MISC ----> # 21 160 37 100
================================================================================
NOTES:
# LAST OF SEVERAL OCCURRENCES
COLUMN 17 PEAK WIND IN M.P.H.
PRELIMINARY LOCAL CLIMATOLOGICAL DATA (WS FORM: F-6) , PAGE 2
STATION: GREENVILLE
MONTH: OCTOBER
YEAR: 2023
LATITUDE: 33 4 N
LONGITUDE: 96 4 W
[TEMPERATURE DATA] [PRECIPITATION DATA] SYMBOLS USED IN COLUMN 16
AVERAGE MONTHLY: 66.2 TOTAL FOR MONTH: 0.36 1 = FOG OR MIST
DPTR FM NORMAL: -0.8 DPTR FM NORMAL: -4.73 2 = FOG REDUCING VISIBILITY
HIGHEST: 92 ON 1 GRTST 24HR 0.26 ON 4- 4 TO 1/4 MILE OR LESS
LOWEST: 32 ON 31 3 = THUNDER
SNOW, ICE PELLETS, HAIL 4 = ICE PELLETS
TOTAL MONTH: M 5 = HAIL
GRTST 24HR M ON M 6 = FREEZING RAIN OR DRIZZLE
GRTST DEPTH: M ON M 7 = DUSTSTORM OR SANDSTORM:
VSBY 1/2 MILE OR LESS
8 = SMOKE OR HAZE
[NO. OF DAYS WITH] [WEATHER - DAYS WITH] 9 = BLOWING SNOW
X = TORNADO
MAX 32 OR BELOW: 0 0.01 INCH OR MORE: 4
MAX 90 OR ABOVE: 5 0.10 INCH OR MORE: 1
MIN 32 OR BELOW: 1 0.50 INCH OR MORE: 0
MIN 0 OR BELOW: 0 1.00 INCH OR MORE: 0
[HDD (BASE 65) ]
TOTAL THIS MO. 103 CLEAR (SCALE 0-3) 18
DPTR FM NORMAL 29 PTCLDY (SCALE 4-7) 5
TOTAL FM JUL 1 103 CLOUDY (SCALE 8-10) 8
DPTR FM NORMAL 21
[CDD (BASE 65) ]
TOTAL THIS MO. 148
DPTR FM NORMAL 12 [PRESSURE DATA]
TOTAL FM JAN 1 2757 HIGHEST SLP M ON M
DPTR FM NORMAL 141 LOWEST SLP M ON M
[REMARKS]
#FINAL-10-23#