000
CXUS54 KFWD 161605
CF6GYI
PRELIMINARY LOCAL CLIMATOLOGICAL DATA (WS FORM: F-6)
STATION: SHERMAN/DENISON
MONTH: JANUARY
YEAR: 2024
LATITUDE: 33 42 N
LONGITUDE: 96 40 W
TEMPERATURE IN F: :PCPN: SNOW: WIND :SUNSHINE: SKY :PK WND
================================================================================
1 2 3 4 5 6A 6B 7 8 9 10 11 12 13 14 15 16 17 18
12Z AVG MX 2MIN
DY MAX MIN AVG DEP HDD CDD WTR SNW DPTH SPD SPD DIR MIN PSBL S-S WX SPD DR
================================================================================
1 47 30 39 -3 26 0 0.00 M M 7.3 15 10 M M 4 21 10
2 51 28 40 -2 25 0 0.02 M M 4.4 10 90 M M 2 M M
3 59 35 47 5 18 0 0.00 M M 1.4 6 340 M M 3 M M
4 59 32 46 4 19 0 0.00 M M 8.2 21 110 M M 2 1 28 110
5 47 37 42 0 23 0 0.19 M M 7.1 22 110 M M 8 1 29 110
6 53 35 44 2 21 0 0.00 M M 7.2 10 320 M M 6 1 M M
7 60 30 45 3 20 0 0.00 M M 10.3 20 170 M M 0 28 150
8 52 37 45 3 20 0 M M M 14.2 24 270 M M 8 1 36 120
9 47 31 39 -3 26 0 0.00 M M 17.7 31 290 M M 5 41 290
10 65 29 47 5 18 0 0.00 M M 12.1 22 210 M M 0 30 220
11 70 38 54 12 11 0 0.00 M M 11.1 18 170 M M 0 23 160
12 58 27 43 1 22 0 0.00 M M 14.1 28 310 M M 3 36 310
13 57 18 38 -4 27 0 0.00 M M 11.4 24 190 M M 0 31 190
14 18 9 14 -28 51 0 T M M 13.0 20 350 M M 7 8 27 350
15 25 9 17 -25 48 0 0.00 M M 13.3 20 350 M M 5 28 360
16 26 9 18 -24 47 0 0.00 M M 9.8 20 360 M M 0 28 360
17 42 14 28 -14 37 0 0.00 M M 12.3 18 170 M M 0 25 170
18 57 33 45 3 20 0 0.00 M M 10.6 24 190 M M 0 30 190
19 41 21 31 -11 34 0 0.00 M M 14.3 22 360 M M 0 33 360
20 38 16 27 -16 38 0 0.00 M M 6.5 12 20 M M 0 M M
21 35 27 31 -12 34 0 0.00 M M 9.9 17 110 M M 10 20 120
22 38 31 35 -8 30 0 0.20 M M 6.5 58 50 M M 10 18 M M
23 49 38 44 1 21 0 0.02 M M 3.1 6 10 M M 10 1 M M
24 50 44 47 4 18 0 0.02 M M 3.9 7 320 M M 10 1 M M
25 52 46 49 6 16 0 0.00 M M 4.1 9 250 M M 10 1 M M
26 54 47 51 8 14 0 0.08 M M 5.8 13 50 M M 10 1 17 20
27 48 33 41 -2 24 0 0.17 M M 11.4 18 310 M M 10 1 23 310
28 64 28 46 3 19 0 0.00 M M 3.8 9 270 M M 0 1 M M
29 73 42 58 15 7 0 0.00 M M 5.2 9 210 M M 0 8 M M
30 75 40 58 14 7 0 0.00 M M 3.0 6 300 M M 0 8 M M
31 78 38 58 14 7 0 0.00 M M 3.7 10 150 M M 0 M M
================================================================================
SM 1588 932 748 0 0.70 M 266.7 M 123
================================================================================
AV 51.2 30.1 8.6 FASTST M M 4 MAX(MPH)
MISC ----> 58 50 41 290
================================================================================
NOTES:
# LAST OF SEVERAL OCCURRENCES
COLUMN 17 PEAK WIND IN M.P.H.
PRELIMINARY LOCAL CLIMATOLOGICAL DATA (WS FORM: F-6) , PAGE 2
STATION: SHERMAN/DENISON
MONTH: JANUARY
YEAR: 2024
LATITUDE: 33 42 N
LONGITUDE: 96 40 W
[TEMPERATURE DATA] [PRECIPITATION DATA] SYMBOLS USED IN COLUMN 16
AVERAGE MONTHLY: 40.6 TOTAL FOR MONTH: 0.70 1 = FOG OR MIST
DPTR FM NORMAL: -1.9 DPTR FM NORMAL: -1.77 2 = FOG REDUCING VISIBILITY
HIGHEST: 78 ON 31 GRTST 24HR 1.03 ON 22-23 TO 1/4 MILE OR LESS
LOWEST: 9 ON 16,15 3 = THUNDER
SNOW, ICE PELLETS, HAIL 4 = ICE PELLETS
TOTAL MONTH: M 5 = HAIL
GRTST 24HR M ON M 6 = FREEZING RAIN OR DRIZZLE
GRTST DEPTH: M ON M 7 = DUSTSTORM OR SANDSTORM:
VSBY 1/2 MILE OR LESS
8 = SMOKE OR HAZE
[NO. OF DAYS WITH] [WEATHER - DAYS WITH] 9 = BLOWING SNOW
X = TORNADO
MAX 32 OR BELOW: 3 0.01 INCH OR MORE: 7
MAX 90 OR ABOVE: 0 0.10 INCH OR MORE: 3
MIN 32 OR BELOW: 17 0.50 INCH OR MORE: 0
MIN 0 OR BELOW: 0 1.00 INCH OR MORE: 0
[HDD (BASE 65) ]
TOTAL THIS MO. 748 CLEAR (SCALE 0-3) 17
DPTR FM NORMAL 50 PTCLDY (SCALE 4-7) 5
TOTAL FM JUL 1 1610 CLOUDY (SCALE 8-10) 9
DPTR FM NORMAL -231
[CDD (BASE 65) ]
TOTAL THIS MO. 0
DPTR FM NORMAL 0 [PRESSURE DATA]
TOTAL FM JAN 1 0 HIGHEST SLP M ON M
DPTR FM NORMAL 0 LOWEST SLP M ON M
[REMARKS]
#FINAL-01-24#