000
CXUS51 KGYX 011827
CF6GYX
PRELIMINARY LOCAL CLIMATOLOGICAL DATA (WS FORM: F-6)
STATION: GRAY ME
MONTH: NOVEMBER
YEAR: 2021
LATITUDE: 43 53 N
LONGITUDE: 70 15 W
TEMPERATURE IN F: :PCPN: SNOW: WIND :SUNSHINE: SKY :PK WND
================================================================================
1 2 3 4 5 6A 6B 7 8 9 10 11 12 13 14 15 16 17 18
12Z AVG MX 2MIN
DY MAX MIN AVG DEP HDD CDD WTR SNW DPTH SPD SPD DIR MIN PSBL S-S WX SPD DR
================================================================================
1 58 41 50 6 15 0 0.00 0.0 0 M M M M M M M M
2 53 39 46 2 19 0 0.00 0.0 0 M M M M M M M M
3 49 30 40 -3 25 0 0.00 0.0 0 M M M M M M M M
4 45 30 38 -5 27 0 0.00 0.0 0 M M M M M M M M
5 45 28 37 -6 28 0 0.00 0.0 0 M M M M M M M M
6 49 30 40 -2 25 0 0.00 0.0 0 M M M M M M M M
7 52 30 41 -1 24 0 0.00 0.0 0 M M M M M M M M
8 59 31 45 3 20 0 0.00 0.0 0 M M M M M M M M
9 65 37 51 10 14 0 0.00 0.0 0 M M M M M M M M
10 54 39 47 6 18 0 0.07 0.0 0 M M M M M M M M
11 50 35 43 3 22 0 0.00 0.0 0 M M M M M M M M
12 56 40 48 8 17 0 1.75 0.0 0 M M M M M M M M
13 54 39 47 7 18 0 0.34 0.0 0 M M M M M M M M
14 49 33 41 2 24 0 0.00 0.0 0 M M M M M M M M
15 43 33 38 -1 27 0 0.22 T 0 M M M M M M 5 M M
16 43 28 36 -3 29 0 T T 0 M M M M M M M M
17 42 25 34 -4 31 0 0.02 0.0 0 M M M M M M M M
18 58 41 50 12 15 0 0.10 0.0 0 M M M M M M 1 M M
19 45 34 40 2 25 0 0.19 T 0 M M M M M M M M
20 41 29 35 -2 30 0 0.00 0.0 0 M M M M M M M M
21 43 32 38 1 27 0 0.04 0.0 0 M M M M M M M M
22 51 32 42 6 23 0 0.25 0.0 0 M M M M M M M M
23 34 24 29 -7 36 0 0.00 0.0 0 M M M M M M M M
24 38 24 31 -5 34 0 0.00 0.0 0 M M M M M M M M
25 52 28 40 5 25 0 0.00 0.0 0 M M M M M M M M
26 42 32 37 2 28 0 0.26 0.1 0 M M M M M M M M
27 34 22 28 -6 37 0 0.02 0.3 T M M M M M M M M
28 34 20 27 -7 38 0 T T T M M M M M M M M
29 35 20 28 -6 37 0 T T T M M M M M M M M
30 38 17 28 -5 37 0 0.00 0.0 T M M M M M M M M
================================================================================
SM 1411 923 775 0 3.26 0.4 M M M
================================================================================
AV 47.0 30.8 M FASTST M M M MAX(MPH)
MISC ----> M M M M
================================================================================
NOTES:
# LAST OF SEVERAL OCCURRENCES
COLUMN 17 PEAK WIND IN M.P.H.
PRELIMINARY LOCAL CLIMATOLOGICAL DATA (WS FORM: F-6) , PAGE 2
STATION: GRAY ME
MONTH: NOVEMBER
YEAR: 2021
LATITUDE: 43 53 N
LONGITUDE: 70 15 W
[TEMPERATURE DATA] [PRECIPITATION DATA] SYMBOLS USED IN COLUMN 16
AVERAGE MONTHLY: 38.9 TOTAL FOR MONTH: 3.26 1 = FOG OR MIST
DPTR FM NORMAL: 0.1 DPTR FM NORMAL: -1.39 2 = FOG REDUCING VISIBILITY
HIGHEST: 65 ON 9 GRTST 24HR 1.75 ON 12-12 TO 1/4 MILE OR LESS
LOWEST: 17 ON 30 3 = THUNDER
SNOW, ICE PELLETS, HAIL 4 = ICE PELLETS
TOTAL MONTH: 0.4 INCH 5 = HAIL
GRTST 24HR 0.3 ON 27-27 6 = FREEZING RAIN OR DRIZZLE
GRTST DEPTH: T 7 = DUSTSTORM OR SANDSTORM:
VSBY 1/2 MILE OR LESS
8 = SMOKE OR HAZE
[NO. OF DAYS WITH] [WEATHER - DAYS WITH] 9 = BLOWING SNOW
X = TORNADO
MAX 32 OR BELOW: 0 0.01 INCH OR MORE: 11
MAX 90 OR ABOVE: 0 0.10 INCH OR MORE: 7
MIN 32 OR BELOW: 19 0.50 INCH OR MORE: 1
MIN 0 OR BELOW: 0 1.00 INCH OR MORE: 1
[HDD (BASE 65) ]
TOTAL THIS MO. 775 CLEAR (SCALE 0-3) 0
DPTR FM NORMAL -13 PTCLDY (SCALE 4-7) 0
TOTAL FM JUL 1 1250 CLOUDY (SCALE 8-10) 30
DPTR FM NORMAL -221
[CDD (BASE 65) ]
TOTAL THIS MO. 0
DPTR FM NORMAL 0 [PRESSURE DATA]
TOTAL FM JAN 1 536 HIGHEST SLP M ON M
DPTR FM NORMAL 141 LOWEST SLP M ON M
[REMARKS]
#FINAL-11-21#