000
CXUS54 KJAN 011510
CF6HBG
PRELIMINARY LOCAL CLIMATOLOGICAL DATA (WS FORM: F-6)
STATION: HATTIESBURG
MONTH: NOVEMBER
YEAR: 2023
LATITUDE: 31 16 N
LONGITUDE: 89 15 W
TEMPERATURE IN F: :PCPN: SNOW: WIND :SUNSHINE: SKY :PK WND
================================================================================
1 2 3 4 5 6A 6B 7 8 9 10 11 12 13 14 15 16 17 18
12Z AVG MX 2MIN
DY MAX MIN AVG DEP HDD CDD WTR SNW DPTH SPD SPD DIR MIN PSBL S-S WX SPD DR
================================================================================
1 59 32 46 -15 19 0 0.00 0.0 0 6.1 17 20 M M 0 27 350
2 66 28 47 -13 18 0 0.00 0.0 0 2.1 14 110 M M 0 19 100
3 75 33 54 -6 11 0 0.00 0.0 0 2.1 9 110 M M 0 13 90
4 79 39 59 -1 6 0 0.00 0.0 0 0.9 10 250 M M 0 14 360
5 82 44 63 4 2 0 0.00 0.0 0 1.0 9 60 M M 0 8 15 60
6 83 45 64 5 1 0 0.00 0.0 0 3.5 10 210 M M 0 17 190
7 83 50 67 8 0 2 0.00 0.0 0 3.8 13 190 M M 0 1 17 180
8 84 56 70 12 0 5 0.00 0.0 0 5.6 15 240 M M 2 12 23 220
9 82 57 70 12 0 5 0.00 0.0 0 3.5 12 190 M M 5 12 16 170
10 71 59 65 7 0 0 0.11 0.0 0 4.5 10 350 M M 10 1 16 360
11 61 59 60 2 5 0 0.00 0.0 0 5.4 10 360 M M 10 1 16 40
12 67 59 63 6 2 0 0.00 0.0 0 5.0 14 30 M M 10 18 21 30
13 61 58 60 3 5 0 0.09 0.0 0 3.9 10 60 M M 10 1 15 60
14 59 55 57 0 8 0 0.23 0.0 0 4.9 12 70 M M 9 18 20 80
15 61 55 58 2 7 0 0.19 0.0 0 6.0 13 70 M M 10 1 17 60
16 67 58 63 7 2 0 0.02 0.0 0 3.5 10 60 M M 10 1 16 60
17 76 57 67 11 0 2 0.00 0.0 0 2.0 8 310 M M 9 12 13 300
18 75 48 62 6 3 0 0.00 0.0 0 4.8 14 30 M M 5 19 20
19 70 39 55 -1 10 0 0.00 0.0 0 0.8 7 140 M M 0 9 150
20 80 47 64 9 1 0 0.21 0.0 0 6.3 21 150 M M 6 13 29 150
21 74 55 65 10 0 0 1.62 0.0 0 8.0 18 180 M M 9 13 29 170
22 61 44 53 -2 12 0 0.00 0.0 0 7.5 16 350 M M 2 24 360
23 53 41 47 -8 18 0 0.01 0.0 0 0.6 7 270 M M 3 9 280
24 63 47 55 1 10 0 0.00 0.0 0 2.0 9 340 M M 9 14 340
25 68 42 55 1 10 0 0.00 0.0 0 1.6 8 130 M M 1 1 10 130
26 68 48 58 4 7 0 0.08 0.0 0 5.2 14 330 M M 7 1 20 330
27 56 37 47 -7 18 0 0.00 0.0 0 6.8 14 350 M M 0 8 21 340
28 62 34 48 -6 17 0 M M M 3.8 13 340 M M 0 19 360
29 62 29 46 -8 19 0 M M M 0.3 6 290 M M 0 9 290
30 65 33 49 -5 16 0 0.09 0.0 M 4.9 17 130 M M 2 18 22 130
================================================================================
SM 2073 1388 227 14 2.65 0.0 116.4 M 129
================================================================================
AV 69.1 46.3 3.9 FASTST M M 4 MAX(MPH)
MISC ----> 21 150 # 29 150
================================================================================
NOTES:
# LAST OF SEVERAL OCCURRENCES
COLUMN 17 PEAK WIND IN M.P.H.
PRELIMINARY LOCAL CLIMATOLOGICAL DATA (WS FORM: F-6) , PAGE 2
STATION: HATTIESBURG
MONTH: NOVEMBER
YEAR: 2023
LATITUDE: 31 16 N
LONGITUDE: 89 15 W
[TEMPERATURE DATA] [PRECIPITATION DATA] SYMBOLS USED IN COLUMN 16
AVERAGE MONTHLY: 57.7 TOTAL FOR MONTH: 2.65 1 = FOG OR MIST
DPTR FM NORMAL: 1.1 DPTR FM NORMAL: -1.05 2 = FOG REDUCING VISIBILITY
HIGHEST: 84 ON 8 GRTST 24HR 1.62 ON 21-21 TO 1/4 MILE OR LESS
LOWEST: 28 ON 2 3 = THUNDER
SNOW, ICE PELLETS, HAIL 4 = ICE PELLETS
TOTAL MONTH: 0.0 INCH 5 = HAIL
GRTST 24HR 0.0 6 = FREEZING RAIN OR DRIZZLE
GRTST DEPTH: 0 7 = DUSTSTORM OR SANDSTORM:
VSBY 1/2 MILE OR LESS
8 = SMOKE OR HAZE
[NO. OF DAYS WITH] [WEATHER - DAYS WITH] 9 = BLOWING SNOW
X = TORNADO
MAX 32 OR BELOW: 0 0.01 INCH OR MORE: 10
MAX 90 OR ABOVE: 0 0.10 INCH OR MORE: 5
MIN 32 OR BELOW: 3 0.50 INCH OR MORE: 1
MIN 0 OR BELOW: 0 1.00 INCH OR MORE: 1
[HDD (BASE 65) ]
TOTAL THIS MO. 227 CLEAR (SCALE 0-3) 15
DPTR FM NORMAL -49 PTCLDY (SCALE 4-7) 5
TOTAL FM JUL 1 275 CLOUDY (SCALE 8-10) 10
DPTR FM NORMAL -73
[CDD (BASE 65) ]
TOTAL THIS MO. 14
DPTR FM NORMAL -10 [PRESSURE DATA]
TOTAL FM JAN 1 3153 HIGHEST SLP 30.45 ON 2
DPTR FM NORMAL 690 LOWEST SLP 29.77 ON 21
[REMARKS]
#FINAL-11-23#