000
CXUS54 KOUN 010810
CF6HBR
PRELIMINARY LOCAL CLIMATOLOGICAL DATA (WS FORM: F-6)
STATION: HOBART
MONTH: JULY
YEAR: 2022
LATITUDE: 35 0 N
LONGITUDE: 99 3 W
TEMPERATURE IN F: :PCPN: SNOW: WIND :SUNSHINE: SKY :PK WND
================================================================================
1 2 3 4 5 6A 6B 7 8 9 10 11 12 13 14 15 16 17 18
12Z AVG MX 2MIN
DY MAX MIN AVG DEP HDD CDD WTR SNW DPTH SPD SPD DIR MIN PSBL S-S WX SPD DR
================================================================================
1 102 75 89 6 0 24 0.00 0.0 0 14.8 24 140 M M 0 31 210
2 102 74 88 5 0 23 0.00 0.0 0 13.2 22 140 M M 0 28 150
3 102 76 89 6 0 24 0.00 0.0 0 13.3 33 180 M M 0 41 190
4 102 73 88 4 0 23 0.00 M M 16.5 28 220 M M 0 39 190
5 104 79 92 8 0 27 0.00 M M 19.1 29 210 M M 0 39 190
6 106 79 93 9 0 28 0.00 M M 17.7 29 230 M M 0 36 230
7 108 78 93 9 0 28 0.00 M M 15.1 30 220 M M 0 60 110
8 108 76 92 8 0 27 0.01 M M 10.8 28 20 M M 1 38 34 10
9 103 73 88 4 0 23 0.00 M M 9.3 18 110 M M 0 23 110
10 103 70 87 3 0 22 0.00 M M 8.8 20 100 M M 0 24 90
11 105 68 87 3 0 22 0.00 M M 11.5 20 140 M M 0 8 28 140
12 99 70 85 1 0 20 0.00 M M 12.2 20 110 M M 0 27 90
13 101 72 87 2 0 22 0.00 M M 12.3 21 110 M M 0 25 110
14 107 72 90 5 0 25 0.00 M M 11.9 24 150 M M 0 30 140
15 103 70 87 2 0 22 0.00 M M 11.8 22 210 M M 0 28 160
16 103 75 89 4 0 24 0.00 M M 13.7 26 220 M M 0 31 210
17 111 77 94 9 0 29 0.00 M M 11.4 25 220 M M 0 30 210
18 105 77 91 6 0 26 0.00 M M 11.5 20 60 M M 0 24 70
19 115 71 93 8 0 28 0.00 M M 12.1 24 230 M M 0 8 30 230
20 106 85 96 11 0 31 M M M 14.0 28 250 M M 0 36 240
21 93 77 85 0 0 20 T M M 12.9 29 220 M M 0 32 210
22 98 77 88 3 0 23 T M M 14.8 26 210 M M 0 36 200
23 103 77 90 5 0 25 0.00 M M 16.0 28 210 M M 1 33 210
24 104 77 91 6 0 26 0.00 M M 15.8 28 230 M M 0 34 240
25 105 77 91 6 0 26 0.00 0.0 M 14.5 28 220 M M 0 34 230
26 105 77 91 5 0 26 0.00 0.0 M 16.4 29 210 M M 0 36 220
27 108 80 94 8 0 29 0.00 0.0 M 16.6 28 220 M M 0 32 230
28 106 78 92 6 0 27 T M M 11.3 38 230 M M 4 3 42 230
29 93 75 84 -2 0 19 0.00 M M 16.9 25 80 M M 2 33 80
30 94 69 82 -4 0 17 0.06 M M 10.9 20 330 M M 2 1 26 300
31 104 78 91 6 0 26 0.00 M M 13.7 24 200 M M 1 33 210
================================================================================
SM 3208 2332 0 762 0.07 0.0 420.8 M 11
================================================================================
AV103.5 75.2 13.6 FASTST M M 0 MAX(MPH)
MISC ----> 38 230 60 110
================================================================================
NOTES:
# LAST OF SEVERAL OCCURRENCES
COLUMN 17 PEAK WIND IN M.P.H.
PRELIMINARY LOCAL CLIMATOLOGICAL DATA (WS FORM: F-6) , PAGE 2
STATION: HOBART
MONTH: JULY
YEAR: 2022
LATITUDE: 35 0 N
LONGITUDE: 99 3 W
[TEMPERATURE DATA] [PRECIPITATION DATA] SYMBOLS USED IN COLUMN 16
AVERAGE MONTHLY: 89.4 TOTAL FOR MONTH: 0.07 1 = FOG OR MIST
DPTR FM NORMAL: 4.7 DPTR FM NORMAL: -2.65 2 = FOG REDUCING VISIBILITY
HIGHEST: 115 ON 19 GRTST 24HR 0.06 ON 30-30 TO 1/4 MILE OR LESS
LOWEST: 68 ON 11 3 = THUNDER
SNOW, ICE PELLETS, HAIL 4 = ICE PELLETS
TOTAL MONTH: 0.0 INCH 5 = HAIL
GRTST 24HR 0.0 6 = FREEZING RAIN OR DRIZZLE
GRTST DEPTH: 0 7 = DUSTSTORM OR SANDSTORM:
VSBY 1/2 MILE OR LESS
8 = SMOKE OR HAZE
[NO. OF DAYS WITH] [WEATHER - DAYS WITH] 9 = BLOWING SNOW
X = TORNADO
MAX 32 OR BELOW: 0 0.01 INCH OR MORE: 2
MAX 90 OR ABOVE: 31 0.10 INCH OR MORE: 0
MIN 32 OR BELOW: 0 0.50 INCH OR MORE: 0
MIN 0 OR BELOW: 0 1.00 INCH OR MORE: 0
[HDD (BASE 65) ]
TOTAL THIS MO. 0 CLEAR (SCALE 0-3) 30
DPTR FM NORMAL 0 PTCLDY (SCALE 4-7) 1
TOTAL FM JUL 1 0 CLOUDY (SCALE 8-10) 0
DPTR FM NORMAL 0
[CDD (BASE 65) ]
TOTAL THIS MO. 762
DPTR FM NORMAL 151 [PRESSURE DATA]
TOTAL FM JAN 1 1691 HIGHEST SLP M ON M
DPTR FM NORMAL 360 LOWEST SLP 29.63 ON 19
[REMARKS]
#FINAL-07-22#