000
CXUS54 KOUN 010910
CF6HBR
PRELIMINARY LOCAL CLIMATOLOGICAL DATA (WS FORM: F-6)
STATION: HOBART
MONTH: NOVEMBER
YEAR: 2023
LATITUDE: 35 0 N
LONGITUDE: 99 3 W
TEMPERATURE IN F: :PCPN: SNOW: WIND :SUNSHINE: SKY :PK WND
================================================================================
1 2 3 4 5 6A 6B 7 8 9 10 11 12 13 14 15 16 17 18
12Z AVG MX 2MIN
DY MAX MIN AVG DEP HDD CDD WTR SNW DPTH SPD SPD DIR MIN PSBL S-S WX SPD DR
================================================================================
1 56 26 41 -15 24 0 0.00 M M 11.7 22 190 M M 0 30 190
2 65 35 50 -6 15 0 0.00 M M 14.2 23 180 M M 0 29 190
3 72 41 57 2 8 0 0.00 M M 12.6 23 180 M M 0 32 190
4 74 50 62 7 3 0 0.00 M M 7.6 15 190 M M 1 20 170
5 71 49 60 6 5 0 T M M 8.7 18 190 M M 3 12 25 180
6 80 54 67 13 0 2 0.00 M M 11.7 21 200 M M 0 28 190
7 86 53 70 16 0 5 0.00 M M 13.6 22 180 M M 0 27 180
8 86 54 70 17 0 5 T M M 14.3 23 330 M M 0 29 340
9 56 47 52 -1 13 0 0.00 M M 16.1 28 40 M M 4 38 40
10 65 35 50 -2 15 0 0.00 0.0 0 8.2 17 100 M M 3 25 130
11 62 45 54 2 11 0 T 0.0 0 6.4 14 190 M M 8 17 200
12 68 40 54 2 11 0 0.00 M M 7.5 13 220 M M 0 17 240
13 69 39 54 3 11 0 0.00 M M 4.6 13 120 M M 1 12 19 140
14 69 39 54 3 11 0 0.00 M M 8.7 17 180 M M 0 23 190
15 69 42 56 6 9 0 0.00 M M 7.9 16 210 M M 0 1 22 200
16 73 46 60 10 5 0 0.00 M M 16.1 31 200 M M 0 39 210
17 62 40 51 1 14 0 0.00 M M 10.3 23 20 M M 5 128 29 20
18 66 35 51 2 14 0 T M M 6.6 17 190 M M 1 18 21 200
19 65 54 60 11 5 0 0.02 M M 15.9 28 190 M M 8 13 36 180
20 63 48 56 8 9 0 T M M 17.0 30 350 M M 9 1 39 350
21 58 33 46 -2 19 0 0.00 M M 17.0 31 10 M M 4 42 360
22 63 28 46 -2 19 0 0.00 M M 8.5 14 190 M M 0 18 220
23 66 35 51 4 14 0 0.00 M M 9.6 15 160 M M 0 21 170
24 49 34 42 -5 23 0 0.00 M M 14.3 24 40 M M 1 31 40
25 41 30 36 -10 29 0 0.25 M M 11.0 20 350 M M 10 16 26 350
26 48 23 36 -10 29 0 0.00 M M 9.9 22 340 M M 0 28 340
27 53 23 38 -8 27 0 0.00 0.0 M 6.8 12 200 M M 0 16 250
28 59 25 42 -3 23 0 0.00 0.0 M 8.9 18 210 M M 0 24 220
29 64 31 48 3 17 0 0.00 0.0 M 11.9 23 200 M M 1 31 190
30 57 38 48 3 17 0 0.34 M M 13.1 23 310 M M 8 13 29 190
================================================================================
SM 1935 1172 400 12 0.61 0.0 330.7 M 67
================================================================================
AV 64.5 39.1 11.0 FASTST M M 2 MAX(MPH)
MISC ----> # 31 200 42 360
================================================================================
NOTES:
# LAST OF SEVERAL OCCURRENCES
COLUMN 17 PEAK WIND IN M.P.H.
PRELIMINARY LOCAL CLIMATOLOGICAL DATA (WS FORM: F-6) , PAGE 2
STATION: HOBART
MONTH: NOVEMBER
YEAR: 2023
LATITUDE: 35 0 N
LONGITUDE: 99 3 W
[TEMPERATURE DATA] [PRECIPITATION DATA] SYMBOLS USED IN COLUMN 16
AVERAGE MONTHLY: 51.8 TOTAL FOR MONTH: 0.61 1 = FOG OR MIST
DPTR FM NORMAL: 1.6 DPTR FM NORMAL: -0.91 2 = FOG REDUCING VISIBILITY
HIGHEST: 86 ON 8, 7 GRTST 24HR 0.34 ON 30-30 TO 1/4 MILE OR LESS
LOWEST: 23 ON 27,26 3 = THUNDER
SNOW, ICE PELLETS, HAIL 4 = ICE PELLETS
TOTAL MONTH: 0.0 INCH 5 = HAIL
GRTST 24HR 0.0 6 = FREEZING RAIN OR DRIZZLE
GRTST DEPTH: 0 7 = DUSTSTORM OR SANDSTORM:
VSBY 1/2 MILE OR LESS
8 = SMOKE OR HAZE
[NO. OF DAYS WITH] [WEATHER - DAYS WITH] 9 = BLOWING SNOW
X = TORNADO
MAX 32 OR BELOW: 0 0.01 INCH OR MORE: 3
MAX 90 OR ABOVE: 0 0.10 INCH OR MORE: 2
MIN 32 OR BELOW: 7 0.50 INCH OR MORE: 0
MIN 0 OR BELOW: 0 1.00 INCH OR MORE: 0
[HDD (BASE 65) ]
TOTAL THIS MO. 400 CLEAR (SCALE 0-3) 20
DPTR FM NORMAL -50 PTCLDY (SCALE 4-7) 6
TOTAL FM JUL 1 560 CLOUDY (SCALE 8-10) 4
DPTR FM NORMAL -52
[CDD (BASE 65) ]
TOTAL THIS MO. 12
DPTR FM NORMAL 6 [PRESSURE DATA]
TOTAL FM JAN 1 2338 HIGHEST SLP 30.50 ON 1
DPTR FM NORMAL 32 LOWEST SLP 29.54 ON 20
[REMARKS]
#FINAL-11-23#