040
CXUS53 KGID 011747
CF6HDE
PRELIMINARY LOCAL CLIMATOLOGICAL DATA (WS FORM: F-6)
STATION: HOLDREGE
MONTH: NOVEMBER
YEAR: 2020
LATITUDE: 40 27 N
LONGITUDE: 99 20 W
TEMPERATURE IN F: :PCPN: SNOW: WIND :SUNSHINE: SKY :PK WND
================================================================================
1 2 3 4 5 6A 6B 7 8 9 10 11 12 13 14 15 16 17 18
12Z AVG MX 2MIN
DY MAX MIN AVG DEP HDD CDD WTR SNW DPTH SPD SPD DIR MIN PSBL S-S WX SPD DR
================================================================================
1 55 25 40 -5 25 0 0.00 M M 5.3 10 180 M M 0 17 180
2 77 33 55 10 10 0 0.00 M M 5.9 10 250 M M 0 M M
3 82 41 62 18 3 0 0.00 M M 7.2 13 210 M M 0 21 210
4 83 41 62 18 3 0 0.00 M M 3.7 8 220 M M 0 M M
5 76 41 59 16 6 0 0.00 M M 4.8 10 310 M M 0 M M
6 80 41 61 18 4 0 0.00 M M 12.6 22 180 M M 0 28 170
7 77 54 66 24 0 1 0.00 M M 19.8 31 180 M M 0 38 170
8 72 54 63 21 2 0 0.00 M M 21.7 33 190 M M 3 43 190
9 61 30 46 5 19 0 0.27 M M 18.1 25 360 M M 10 13 32 180
10 39 27 33 -8 32 0 M M M 8.0 15 10 M M 5 1 21 360
11 55 30 43 3 22 0 0.00 M M 8.8 15 280 M M 2 20 280
12 39 23 31 -9 34 0 0.00 M M 7.1 17 360 M M 2 24 360
13 51 22 37 -2 28 0 0.00 M M 13.8 27 190 M M 0 35 190
14 60 27 44 5 21 0 0.00 M M 13.8 27 300 M M 1 44 310
15 54 30 42 4 23 0 0.00 M M 12.7 18 300 M M 0 29 300
16 60 32 46 8 19 0 0.00 M M 7.3 12 360 M M 1 18 320
17 68 28 48 11 17 0 0.00 M M 11.0 22 180 M M 1 27 180
18 67 33 50 13 15 0 0.00 M M 10.5 16 190 M M 0 22 190
19 74 36 55 19 10 0 0.00 M M 6.4 14 200 M M 0 18 340
20 56 32 44 8 21 0 0.00 M M 5.7 9 350 M M 1 M M
21 46 29 38 3 27 0 0.00 M M 6.3 13 130 M M 7 M M
22 51 24 38 3 27 0 0.00 M M 7.3 15 340 M M 0 22 340
23 43 26 35 1 30 0 T M M 16.2 25 160 M M 9 1 35 160
24 48 34 41 7 24 0 0.09 M M 13.7 21 360 M M 9 13 29 10
25 52 24 38 5 27 0 0.00 M M 7.5 13 350 M M 0 21 350
26 49 28 39 6 26 0 0.00 M M 8.3 15 20 M M 0 21 20
27 51 23 37 5 28 0 0.00 M M 5.9 10 220 M M 0 M M
28 56 31 44 12 21 0 0.00 M M 9.4 18 260 M M 0 22 230
29 40 15 28 -3 37 0 0.00 M M 16.4 28 350 M M 0 37 350
30 51 8 30 -1 35 0 0.00 M M 8.1 15 180 M M 0 23 180
================================================================================
SM 1773 922 596 1 M M 303.3 M 51
================================================================================
AV 59.1 30.7 10.1 FASTST M M 2 MAX(MPH)
MISC ----> 33 190 M M
================================================================================
NOTES:
# LAST OF SEVERAL OCCURRENCES
COLUMN 17 PEAK WIND IN M.P.H.
PRELIMINARY LOCAL CLIMATOLOGICAL DATA (WS FORM: F-6) , PAGE 2
STATION: HOLDREGE
MONTH: NOVEMBER
YEAR: 2020
LATITUDE: 40 27 N
LONGITUDE: 99 20 W
[TEMPERATURE DATA] [PRECIPITATION DATA] SYMBOLS USED IN COLUMN 16
AVERAGE MONTHLY: 44.9 TOTAL FOR MONTH: M 1 = FOG OR MIST
DPTR FM NORMAL: 6.9 DPTR FM NORMAL: M 2 = FOG REDUCING VISIBILITY
HIGHEST: 83 ON 4 GRTST 24HR M ON M TO 1/4 MILE OR LESS
LOWEST: 8 ON 30 3 = THUNDER
SNOW, ICE PELLETS, HAIL 4 = ICE PELLETS
TOTAL MONTH: M 5 = HAIL
GRTST 24HR M ON M 6 = FREEZING RAIN OR DRIZZLE
GRTST DEPTH: M ON M 7 = DUSTSTORM OR SANDSTORM:
VSBY 1/2 MILE OR LESS
8 = SMOKE OR HAZE
[NO. OF DAYS WITH] [WEATHER - DAYS WITH] 9 = BLOWING SNOW
X = TORNADO
MAX 32 OR BELOW: 0 0.01 INCH OR MORE: M
MAX 90 OR ABOVE: 0 0.10 INCH OR MORE: M
MIN 32 OR BELOW: 20 0.50 INCH OR MORE: M
MIN 0 OR BELOW: 0 1.00 INCH OR MORE: M
[HDD (BASE 65) ]
TOTAL THIS MO. 596 CLEAR (SCALE 0-3) 25
DPTR FM NORMAL -215 PTCLDY (SCALE 4-7) 2
TOTAL FM JUL 1 1190 CLOUDY (SCALE 8-10) 3
DPTR FM NORMAL -159
[CDD (BASE 65) ]
TOTAL THIS MO. 1
DPTR FM NORMAL 1 [PRESSURE DATA]
TOTAL FM JAN 1 1152 HIGHEST SLP M ON M
DPTR FM NORMAL 238 LOWEST SLP M ON M
[REMARKS]
#FINAL-11-20#