000
CXUS54 KEWX 011010
CF6HDO
PRELIMINARY LOCAL CLIMATOLOGICAL DATA (WS FORM: F-6)
STATION: HONDO
MONTH: JUNE
YEAR: 2023
LATITUDE: 29 21 N
LONGITUDE: 99 10 W
TEMPERATURE IN F: :PCPN: SNOW: WIND :SUNSHINE: SKY :PK WND
================================================================================
1 2 3 4 5 6A 6B 7 8 9 10 11 12 13 14 15 16 17 18
12Z AVG MX 2MIN
DY MAX MIN AVG DEP HDD CDD WTR SNW DPTH SPD SPD DIR MIN PSBL S-S WX SPD DR
================================================================================
1 90 72 81 0 0 16 T M M 11.5 18 160 M M 5 29 160
2 89 62 76 -5 0 11 0.52 M M 10.0 45 320 M M 5 3 59 310
3 89 62 76 -5 0 11 T M M 6.5 26 220 M M 2 3 34 220
4 88 67 78 -4 0 13 0.48 M M 7.0 36 70 M M 3 3 47 50
5 89 65 77 -5 0 12 0.17 M M 4.8 18 90 M M 4 3 25 90
6 89 65 77 -5 0 12 0.03 M M 5.1 22 70 M M 2 3 31 60
7 89 68 79 -3 0 14 T M M 4.1 10 140 M M 2 3 14 160
8 92 70 81 -1 0 16 0.00 M M 6.8 16 350 M M 0 21 360
9 95 68 82 0 0 17 T M M 4.9 14 150 M M 0 18 150
10 94 75 85 3 0 20 T M M 6.1 16 150 M M 0 20 150
11 97 76 87 4 0 22 0.00 M M 9.8 18 150 M M 3 25 150
12 96 76 86 3 0 21 0.00 M M 10.9 18 120 M M 4 26 120
13 96 77 87 4 0 22 0.00 M M 9.4 17 130 M M 6 23 140
14 91 78 85 2 0 20 0.00 M M 5.7 15 160 M M 6 19 150
15 98 76 87 4 0 22 0.00 M M 7.1 16 120 M M 5 22 120
16 101 79 90 7 0 25 0.00 M M 7.1 13 80 M M 4 18 130
17 96 80 88 5 0 23 0.00 M M 6.6 21 120 M M 4 26 140
18 103 79 91 8 0 26 0.00 M M 7.1 13 170 M M 2 17 140
19 103 78 91 8 0 26 0.00 M M 7.8 21 140 M M 2 26 150
20 105 75 90 7 0 25 0.00 M M 6.6 13 160 M M 2 17 160
21 106 77 92 9 0 27 T M M 8.4 29 360 M M 1 3 40 50
22 99 75 87 3 0 22 T M M 9.0 23 160 M M 0 28 160
23 102 73 88 4 0 23 0.00 M M 11.6 20 130 M M 1 26 150
24 103 76 90 6 0 25 T M M 10.7 21 150 M M 2 28 150
25 103 76 90 6 0 25 0.00 M M 9.0 21 160 M M 1 27 160
26 106 72 89 5 0 24 0.00 M M 8.4 20 150 M M 0 29 150
27 106 72 89 5 0 24 0.00 M M 9.4 18 150 M M 0 23 140
28 103 73 88 4 0 23 0.00 M M 9.8 21 150 M M 1 28 140
29 100 71 86 2 0 21 T M M 11.3 23 130 M M 1 32 150
30 100 79 90 6 0 25 T M M 13.6 22 150 M M 4 30 140
================================================================================
SM 2918 2192 0 613 1.20 M 246.1 M 72
================================================================================
AV 97.3 73.1 8.2 FASTST M M 2 MAX(MPH)
MISC ----> 45 320 59 310
================================================================================
NOTES:
# LAST OF SEVERAL OCCURRENCES
COLUMN 17 PEAK WIND IN M.P.H.
PRELIMINARY LOCAL CLIMATOLOGICAL DATA (WS FORM: F-6) , PAGE 2
STATION: HONDO
MONTH: JUNE
YEAR: 2023
LATITUDE: 29 21 N
LONGITUDE: 99 10 W
[TEMPERATURE DATA] [PRECIPITATION DATA] SYMBOLS USED IN COLUMN 16
AVERAGE MONTHLY: 85.2 TOTAL FOR MONTH: 1.20 1 = FOG OR MIST
DPTR FM NORMAL: 2.4 DPTR FM NORMAL: -1.74 2 = FOG REDUCING VISIBILITY
HIGHEST: 106 ON 27,26 GRTST 24HR 0.65 ON 4- 5 TO 1/4 MILE OR LESS
LOWEST: 62 ON 3, 2 3 = THUNDER
SNOW, ICE PELLETS, HAIL 4 = ICE PELLETS
TOTAL MONTH: M 5 = HAIL
GRTST 24HR M ON M 6 = FREEZING RAIN OR DRIZZLE
GRTST DEPTH: M ON M 7 = DUSTSTORM OR SANDSTORM:
VSBY 1/2 MILE OR LESS
8 = SMOKE OR HAZE
[NO. OF DAYS WITH] [WEATHER - DAYS WITH] 9 = BLOWING SNOW
X = TORNADO
MAX 32 OR BELOW: 0 0.01 INCH OR MORE: 4
MAX 90 OR ABOVE: 24 0.10 INCH OR MORE: 3
MIN 32 OR BELOW: 0 0.50 INCH OR MORE: 1
MIN 0 OR BELOW: 0 1.00 INCH OR MORE: 0
[HDD (BASE 65) ]
TOTAL THIS MO. 0 CLEAR (SCALE 0-3) 19
DPTR FM NORMAL 0 PTCLDY (SCALE 4-7) 11
TOTAL FM JUL 1 1213 CLOUDY (SCALE 8-10) 0
DPTR FM NORMAL -242
[CDD (BASE 65) ]
TOTAL THIS MO. 613
DPTR FM NORMAL 79 [PRESSURE DATA]
TOTAL FM JAN 1 1410 HIGHEST SLP 29.99 ON 2
DPTR FM NORMAL 217 LOWEST SLP 29.60 ON 21
[REMARKS]
#FINAL-06-23#