000
CXUS54 KEWX 011110
CF6HDO
PRELIMINARY LOCAL CLIMATOLOGICAL DATA (WS FORM: F-6)
STATION: HONDO
MONTH: JANUARY
YEAR: 2023
LATITUDE: 29 21 N
LONGITUDE: 99 10 W
TEMPERATURE IN F: :PCPN: SNOW: WIND :SUNSHINE: SKY :PK WND
================================================================================
1 2 3 4 5 6A 6B 7 8 9 10 11 12 13 14 15 16 17 18
12Z AVG MX 2MIN
DY MAX MIN AVG DEP HDD CDD WTR SNW DPTH SPD SPD DIR MIN PSBL S-S WX SPD DR
================================================================================
1 78 43 61 10 4 0 0.00 M M 6.9 14 150 M M 0 1 17 120
2 83 55 69 18 0 4 0.00 M M 7.6 21 350 M M 6 18 25 350
3 80 50 65 14 0 0 0.00 M M 8.4 17 10 M M 0 24 20
4 78 41 60 9 5 0 0.00 M M 9.9 21 290 M M 0 26 330
5 78 39 59 8 6 0 0.00 M M 4.5 13 10 M M 0 14 10
6 81 45 63 12 2 0 0.00 M M 8.1 22 170 M M 4 27 180
7 76 62 69 18 0 4 T M M 6.6 18 20 M M 8 1 23 20
8 76 45 61 10 4 0 0.00 M M 8.4 22 30 M M 3 30 20
9 74 42 58 7 7 0 0.00 M M 5.0 12 200 M M 0 16 190
10 82 44 63 12 2 0 0.00 M M 5.9 13 200 M M 3 128 19 230
11 84 47 66 15 0 1 0.00 M M 6.8 17 190 M M 1 1 24 160
12 68 36 52 1 13 0 0.00 M M 14.0 29 10 M M 0 39 10
13 67 30 49 -3 16 0 0.00 M M 4.7 10 320 M M 0 13 250
14 68 28 48 -4 17 0 0.00 M M 8.6 18 170 M M 0 26 170
15 74 38 56 4 9 0 0.00 M M 8.7 20 190 M M 0 28 170
16 80 49 65 13 0 0 0.00 M M 4.7 9 360 M M 3 13 130
17 83 45 64 12 1 0 0.00 M M 8.5 17 140 M M 1 24 170
18 79 49 64 12 1 0 T M M 11.2 26 360 M M 4 18 34 360
19 73 37 55 3 10 0 0.00 M M 5.3 13 360 M M 1 19 360
20 64 54 59 7 6 0 T M M 9.9 18 110 M M 9 24 110
21 72 44 58 6 7 0 T M M 5.5 15 110 M M 5 19 120
22 68 37 53 1 12 0 0.00 M M 10.0 20 320 M M 0 27 350
23 61 35 48 -5 17 0 0.00 M M 13.5 24 110 M M 6 32 80
24 64 42 53 0 12 0 0.62 M M 13.2 29 310 M M 6 18 37 300
25 62 34 48 -5 17 0 0.00 M M 8.9 21 340 M M 0 28 320
26 60 31 46 -7 19 0 0.00 M M 5.7 12 80 M M 0 16 40
27 56 33 45 -8 20 0 0.00 M M 5.8 13 130 M M 5 16 150
28 59 50 55 2 10 0 0.02 M M 4.3 8 120 M M 9 1 10 90
29 80 53 67 13 0 2 0.01 M M 7.6 20 40 M M 6 12 26 40
30 53 36 45 -9 20 0 T M M 11.9 18 30 M M 10 1 23 30
31 37 33 35 -19 30 0 0.01 M M 11.4 21 350 M M 10 1 24 360
================================================================================
SM 2198 1307 267 11 0.66 M 251.5 M 100
================================================================================
AV 70.9 42.2 8.1 FASTST M M 3 MAX(MPH)
MISC ----> # 29 10 39 10
================================================================================
NOTES:
# LAST OF SEVERAL OCCURRENCES
COLUMN 17 PEAK WIND IN M.P.H.
PRELIMINARY LOCAL CLIMATOLOGICAL DATA (WS FORM: F-6) , PAGE 2
STATION: HONDO
MONTH: JANUARY
YEAR: 2023
LATITUDE: 29 21 N
LONGITUDE: 99 10 W
[TEMPERATURE DATA] [PRECIPITATION DATA] SYMBOLS USED IN COLUMN 16
AVERAGE MONTHLY: 56.5 TOTAL FOR MONTH: 0.66 1 = FOG OR MIST
DPTR FM NORMAL: 4.5 DPTR FM NORMAL: -0.55 2 = FOG REDUCING VISIBILITY
HIGHEST: 84 ON 11 GRTST 24HR 0.71 ON 24-24 TO 1/4 MILE OR LESS
LOWEST: 28 ON 14 3 = THUNDER
SNOW, ICE PELLETS, HAIL 4 = ICE PELLETS
TOTAL MONTH: M 5 = HAIL
GRTST 24HR M ON M 6 = FREEZING RAIN OR DRIZZLE
GRTST DEPTH: M ON M 7 = DUSTSTORM OR SANDSTORM:
VSBY 1/2 MILE OR LESS
8 = SMOKE OR HAZE
[NO. OF DAYS WITH] [WEATHER - DAYS WITH] 9 = BLOWING SNOW
X = TORNADO
MAX 32 OR BELOW: 0 0.01 INCH OR MORE: 4
MAX 90 OR ABOVE: 0 0.10 INCH OR MORE: 1
MIN 32 OR BELOW: 3 0.50 INCH OR MORE: 1
MIN 0 OR BELOW: 0 1.00 INCH OR MORE: 0
[HDD (BASE 65) ]
TOTAL THIS MO. 267 CLEAR (SCALE 0-3) 18
DPTR FM NORMAL -143 PTCLDY (SCALE 4-7) 9
TOTAL FM JUL 1 859 CLOUDY (SCALE 8-10) 4
DPTR FM NORMAL -158
[CDD (BASE 65) ]
TOTAL THIS MO. 11
DPTR FM NORMAL 4 [PRESSURE DATA]
TOTAL FM JAN 1 11 HIGHEST SLP 30.49 ON 13
DPTR FM NORMAL 4 LOWEST SLP 29.63 ON 18
[REMARKS]
#FINAL-01-23#