000
CXUS54 KEWX 011010
CF6HDO
PRELIMINARY LOCAL CLIMATOLOGICAL DATA (WS FORM: F-6)
STATION: HONDO
MONTH: OCTOBER
YEAR: 2022
LATITUDE: 29 21 N
LONGITUDE: 99 10 W
TEMPERATURE IN F: :PCPN: SNOW: WIND :SUNSHINE: SKY :PK WND
================================================================================
1 2 3 4 5 6A 6B 7 8 9 10 11 12 13 14 15 16 17 18
12Z AVG MX 2MIN
DY MAX MIN AVG DEP HDD CDD WTR SNW DPTH SPD SPD DIR MIN PSBL S-S WX SPD DR
================================================================================
1 91 59 75 -1 0 10 0.00 M M 6.5 14 140 M M 0 17 60
2 86 55 71 -5 0 6 0.00 M M 4.9 13 140 M M 0 17 120
3 87 58 73 -2 0 8 0.00 M M 3.8 13 210 M M 0 17 200
4 87 60 74 -1 0 9 0.00 M M 5.3 13 150 M M 0 18 130
5 90 56 73 -2 0 8 0.00 M M 5.9 12 150 M M 0 19 160
6 92 57 75 0 0 10 0.00 M M 5.4 13 120 M M 0 19 90
7 84 63 74 0 0 9 0.00 M M 4.2 12 130 M M 0 16 120
8 91 63 77 3 0 12 0.00 M M 8.2 16 80 M M 0 22 50
9 89 62 76 2 0 11 0.00 M M 8.3 16 140 M M 2 21 140
10 88 60 74 1 0 9 T M M 9.6 21 150 M M 2 29 160
11 89 62 76 3 0 11 T M M 9.1 21 160 M M 4 28 150
12 95 70 83 10 0 18 0.00 M M 6.2 15 360 M M 4 21 260
13 97 67 82 10 0 17 0.00 M M 8.5 17 50 M M 2 24 50
14 92 68 80 8 0 15 0.00 M M 8.9 17 160 M M 3 24 150
15 94 74 84 12 0 19 T M M 12.2 22 150 M M 4 28 150
16 91 73 82 10 0 17 T M M 8.3 16 170 M M 5 21 180
17 77 62 70 -1 0 5 2.56 M M 12.3 24 40 M M 7 32 40
18 74 50 62 -9 3 0 0.00 M M 6.9 16 50 M M 4 22 40
19 75 44 60 -10 5 0 0.00 M M 4.8 12 210 M M 0 20 270
20 81 47 64 -6 1 0 0.00 0.0 M 4.7 14 250 M M 0 19 230
21 85 48 67 -3 0 2 0.00 0.0 M 6.4 15 210 M M 0 21 220
22 87 55 71 1 0 6 0.00 M M 8.9 20 190 M M 2 25 190
23 87 66 77 8 0 12 T M M 14.4 26 160 M M 2 33 160
24 91 70 81 12 0 16 T M M 11.7 39 340 M M 6 48 340
25 79 49 64 -4 1 0 T 0.0 M 7.8 28 350 M M 0 36 350
26 79 44 62 -6 3 0 0.00 M M 8.2 14 140 M M 0 19 140
27 82 49 66 -2 0 1 0.00 M M 10.1 18 150 M M 5 24 150
28 74 55 65 -2 0 0 0.11 M M 12.3 29 350 M M 4 3 37 330
29 75 49 62 -5 3 0 0.00 M M 7.7 18 350 M M 0 26 330
30 78 47 63 -3 2 0 0.00 M M 3.7 9 250 M M 0 15 280
31 80 51 66 0 0 1 0.08 M M 6.3 15 190 M M 4 3 21 190
================================================================================
SM 2647 1793 18 232 2.75 0.0 241.5 M 60
================================================================================
AV 85.4 57.8 7.8 FASTST M M 2 MAX(MPH)
MISC ----> 39 340 48 340
================================================================================
NOTES:
# LAST OF SEVERAL OCCURRENCES
COLUMN 17 PEAK WIND IN M.P.H.
PRELIMINARY LOCAL CLIMATOLOGICAL DATA (WS FORM: F-6) , PAGE 2
STATION: HONDO
MONTH: OCTOBER
YEAR: 2022
LATITUDE: 29 21 N
LONGITUDE: 99 10 W
[TEMPERATURE DATA] [PRECIPITATION DATA] SYMBOLS USED IN COLUMN 16
AVERAGE MONTHLY: 71.6 TOTAL FOR MONTH: 2.75 1 = FOG OR MIST
DPTR FM NORMAL: 0.2 DPTR FM NORMAL: 0.16 2 = FOG REDUCING VISIBILITY
HIGHEST: 97 ON 13 GRTST 24HR 2.56 ON 16-17 TO 1/4 MILE OR LESS
LOWEST: 44 ON 26,19 3 = THUNDER
SNOW, ICE PELLETS, HAIL 4 = ICE PELLETS
TOTAL MONTH: 0.0 INCH 5 = HAIL
GRTST 24HR 0.0 6 = FREEZING RAIN OR DRIZZLE
GRTST DEPTH: M ON M 7 = DUSTSTORM OR SANDSTORM:
VSBY 1/2 MILE OR LESS
8 = SMOKE OR HAZE
[NO. OF DAYS WITH] [WEATHER - DAYS WITH] 9 = BLOWING SNOW
X = TORNADO
MAX 32 OR BELOW: 0 0.01 INCH OR MORE: 3
MAX 90 OR ABOVE: 10 0.10 INCH OR MORE: 2
MIN 32 OR BELOW: 0 0.50 INCH OR MORE: 1
MIN 0 OR BELOW: 0 1.00 INCH OR MORE: 1
[HDD (BASE 65) ]
TOTAL THIS MO. 18 CLEAR (SCALE 0-3) 20
DPTR FM NORMAL -14 PTCLDY (SCALE 4-7) 11
TOTAL FM JUL 1 18 CLOUDY (SCALE 8-10) 0
DPTR FM NORMAL -13
[CDD (BASE 65) ]
TOTAL THIS MO. 232
DPTR FM NORMAL 3 [PRESSURE DATA]
TOTAL FM JAN 1 3749 HIGHEST SLP 30.35 ON 19
DPTR FM NORMAL 669 LOWEST SLP 29.60 ON 24
[REMARKS]
#FINAL-10-22#