000
CXUS54 KEWX 011010
CF6HDO
PRELIMINARY LOCAL CLIMATOLOGICAL DATA (WS FORM: F-6)
STATION: HONDO
MONTH: AUGUST
YEAR: 2022
LATITUDE: 29 21 N
LONGITUDE: 99 10 W
TEMPERATURE IN F: :PCPN: SNOW: WIND :SUNSHINE: SKY :PK WND
================================================================================
1 2 3 4 5 6A 6B 7 8 9 10 11 12 13 14 15 16 17 18
12Z AVG MX 2MIN
DY MAX MIN AVG DEP HDD CDD WTR SNW DPTH SPD SPD DIR MIN PSBL S-S WX SPD DR
================================================================================
1 100 75 88 2 0 23 0.00 M M 10.2 23 150 M M 2 34 150
2 103 76 90 4 0 25 0.00 M M 13.9 28 150 M M 0 37 160
3 105 78 92 6 0 27 0.00 M M 14.6 26 130 M M 2 37 120
4 104 77 91 5 0 26 0.00 M M 13.4 24 140 M M 2 32 170
5 102 77 90 4 0 25 0.00 M M 10.8 24 150 M M 2 31 150
6 100 78 89 3 0 24 0.00 M M 11.3 24 130 M M 3 30 150
7 101 77 89 3 0 24 0.00 M M 11.9 28 170 M M 3 34 160
8 100 76 88 2 0 23 0.00 M M 8.7 25 140 M M 3 32 140
9 100 75 88 2 0 23 0.00 M M 7.4 18 160 M M 3 24 160
10 102 74 88 2 0 23 0.00 M M 8.6 21 100 M M 0 30 90
11 99 74 87 2 0 22 T 0.0 M 6.0 21 310 M M 2 3 26 320
12 101 73 87 2 0 22 0.00 0.0 M 6.5 20 270 M M 4 26 290
13 M M M M M M M M M M M M M M M M M
14 M M M M M M M M M M M M M M M M M
15 78 M M M M M M M M 7.4 16 80 M M 2 13 20 80
16 96 75 86 1 0 21 M M M 8.7 15 160 M M 4 1 22 160
17 97 77 87 2 0 22 0.00 0.0 M 6.2 16 180 M M 3 22 150
18 101 74 88 3 0 23 0.00 M M 5.9 21 50 M M 1 27 40
19 98 78 88 3 0 23 0.00 M M 9.0 23 140 M M 3 30 160
20 100 77 89 4 0 24 0.00 M M 11.6 23 140 M M 4 32 150
21 94 77 86 2 0 21 T M M 9.2 21 140 M M 5 26 160
22 97 73 85 1 0 20 1.08 M M 5.9 32 10 M M 6 13 43 360
23 92 75 84 0 0 19 0.02 M M 4.7 18 250 M M 8 3 26 250
24 87 76 82 -2 0 17 T M M 5.6 21 30 M M 8 38 26 30
25 91 75 83 -1 0 18 0.00 M M 6.5 16 200 M M 5 22 200
26 95 74 85 1 0 20 0.33 M M 3.6 30 150 M M 3 3 38 130
27 95 73 84 0 0 19 0.00 M M 6.5 17 160 M M 3 22 160
28 96 76 86 3 0 21 0.00 M M 8.5 18 140 M M 3 28 170
29 97 77 87 4 0 22 0.00 M M 9.0 22 150 M M 3 28 160
30 91 75 83 0 0 18 0.73 M M 7.6 28 120 M M 7 13 38 130
31 93 76 85 2 0 20 0.01 M M 6.7 20 180 M M 7 3 25 180
================================================================================
SM 2815 2118 0 615 2.17 0.0 245.9 M 101
================================================================================
AV 97.1 75.6 8.5 FASTST M M 3 MAX(MPH)
MISC ----> 32 10 43 360
================================================================================
NOTES:
# LAST OF SEVERAL OCCURRENCES
COLUMN 17 PEAK WIND IN M.P.H.
PRELIMINARY LOCAL CLIMATOLOGICAL DATA (WS FORM: F-6) , PAGE 2
STATION: HONDO
MONTH: AUGUST
YEAR: 2022
LATITUDE: 29 21 N
LONGITUDE: 99 10 W
[TEMPERATURE DATA] [PRECIPITATION DATA] SYMBOLS USED IN COLUMN 16
AVERAGE MONTHLY: 86.4 TOTAL FOR MONTH: 2.17 1 = FOG OR MIST
DPTR FM NORMAL: 1.6 DPTR FM NORMAL: 0.24 2 = FOG REDUCING VISIBILITY
HIGHEST: 105 ON 3 GRTST 24HR 1.08 ON 22-22 TO 1/4 MILE OR LESS
LOWEST: 73 ON 27,22 3 = THUNDER
SNOW, ICE PELLETS, HAIL 4 = ICE PELLETS
TOTAL MONTH: 0.0 INCH 5 = HAIL
GRTST 24HR 0.0 6 = FREEZING RAIN OR DRIZZLE
GRTST DEPTH: M ON M 7 = DUSTSTORM OR SANDSTORM:
VSBY 1/2 MILE OR LESS
8 = SMOKE OR HAZE
[NO. OF DAYS WITH] [WEATHER - DAYS WITH] 9 = BLOWING SNOW
X = TORNADO
MAX 32 OR BELOW: 0 0.01 INCH OR MORE: 5
MAX 90 OR ABOVE: 27 0.10 INCH OR MORE: 3
MIN 32 OR BELOW: 0 0.50 INCH OR MORE: 2
MIN 0 OR BELOW: 0 1.00 INCH OR MORE: 1
[HDD (BASE 65) ]
TOTAL THIS MO. 0 CLEAR (SCALE 0-3) 13
DPTR FM NORMAL 0 PTCLDY (SCALE 4-7) 16
TOTAL FM JUL 1 0 CLOUDY (SCALE 8-10) 2
DPTR FM NORMAL 0
[CDD (BASE 65) ]
TOTAL THIS MO. 615
DPTR FM NORMAL 3 [PRESSURE DATA]
TOTAL FM JAN 1 3011 HIGHEST SLP 30.08 ON 7
DPTR FM NORMAL 597 LOWEST SLP 29.72 ON 28
[REMARKS]
#FINAL-08-22#