000
CXUS54 KEWX 051820
CF6HDO
PRELIMINARY LOCAL CLIMATOLOGICAL DATA (WS FORM: F-6)
STATION: HONDO
MONTH: JULY
YEAR: 2022
LATITUDE: 29 21 N
LONGITUDE: 99 10 W
TEMPERATURE IN F: :PCPN: SNOW: WIND :SUNSHINE: SKY :PK WND
================================================================================
1 2 3 4 5 6A 6B 7 8 9 10 11 12 13 14 15 16 17 18
12Z AVG MX 2MIN
DY MAX MIN AVG DEP HDD CDD WTR SNW DPTH SPD SPD DIR MIN PSBL S-S WX SPD DR
================================================================================
1 103 76 90 6 0 25 0.00 M M 7.1 26 130 M M 2 34 140
2 103 76 90 6 0 25 0.00 M M 11.3 26 150 M M 2 3 35 150
3 100 72 86 2 0 21 0.03 M M 12.5 24 150 M M 2 3 33 160
4 102 75 89 5 0 24 0.00 M M 13.8 26 140 M M 4 33 130
5 103 76 90 6 0 25 0.00 M M 13.2 25 140 M M 3 34 160
6 103 77 90 6 0 25 0.00 M M 11.3 24 150 M M 2 33 150
7 102 76 89 5 0 24 0.00 0.0 M 9.7 23 150 M M 1 30 150
8 104 76 90 6 0 25 0.00 0.0 M 8.3 21 150 M M 1 28 150
9 106 77 92 8 0 27 0.00 M M 7.3 18 130 M M 0 26 110
10 107 74 91 7 0 26 0.00 M M 4.8 25 350 M M 1 34 10
11 109 75 92 8 0 27 0.00 M M 6.2 20 160 M M 1 27 160
12 105 80 93 9 0 28 0.00 0.0 M 7.6 17 110 M M 2 3 24 130
13 106 76 91 7 0 26 0.00 0.0 M 8.7 21 130 M M 1 27 110
14 104 74 89 5 0 24 0.09 M M 8.2 39 30 M M 2 38 51 30
15 99 71 85 0 0 20 0.00 M M 8.3 23 130 M M 1 29 130
16 101 73 87 2 0 22 0.00 M M 9.6 24 140 M M 1 33 140
17 103 70 87 2 0 22 0.00 M M 9.3 22 150 M M 0 29 160
18 102 74 88 3 0 23 0.00 M M 8.4 24 160 M M 0 31 150
19 104 74 89 4 0 24 0.00 M M 10.6 25 140 M M 0 33 140
20 105 76 91 6 0 26 0.00 M M 10.6 24 130 M M 0 32 140
21 102 80 91 6 0 26 0.00 M M 12.3 24 140 M M 6 34 130
22 102 77 90 5 0 25 0.00 M M 13.1 24 140 M M 4 32 150
23 102 76 89 4 0 24 0.00 M M 12.1 26 140 M M 1 37 140
24 103 76 90 5 0 25 0.00 M M 13.5 26 150 M M 2 35 140
25 103 75 89 4 0 24 0.00 M M 13.3 25 150 M M 2 33 140
26 101 74 88 3 0 23 0.00 M M 11.1 24 150 M M 1 35 150
27 100 76 88 3 0 23 0.00 M M 10.7 25 150 M M 2 33 150
28 102 76 89 4 0 24 0.00 M M 11.5 26 140 M M 1 35 140
29 103 76 90 5 0 25 0.00 M M 13.3 26 160 M M 1 35 170
30 103 74 89 4 0 24 0.00 M M 12.4 26 150 M M 0 35 150
31 101 71 86 0 0 21 0.00 M M 9.7 24 150 M M 1 32 140
================================================================================
SM 3193 2329 0 753 0.12 0.0 319.8 M 47
================================================================================
AV103.0 75.1 10.3 FASTST M M 2 MAX(MPH)
MISC ----> 39 30 51 30
================================================================================
NOTES:
# LAST OF SEVERAL OCCURRENCES
COLUMN 17 PEAK WIND IN M.P.H.
PRELIMINARY LOCAL CLIMATOLOGICAL DATA (WS FORM: F-6) , PAGE 2
STATION: HONDO
MONTH: JULY
YEAR: 2022
LATITUDE: 29 21 N
LONGITUDE: 99 10 W
[TEMPERATURE DATA] [PRECIPITATION DATA] SYMBOLS USED IN COLUMN 16
AVERAGE MONTHLY: 89.1 TOTAL FOR MONTH: 0.12 1 = FOG OR MIST
DPTR FM NORMAL: 4.4 DPTR FM NORMAL: -1.94 2 = FOG REDUCING VISIBILITY
HIGHEST: 109 ON 11 GRTST 24HR 0.09 ON 14-14 TO 1/4 MILE OR LESS
LOWEST: 70 ON 17 3 = THUNDER
SNOW, ICE PELLETS, HAIL 4 = ICE PELLETS
TOTAL MONTH: 0.0 INCH 5 = HAIL
GRTST 24HR 0.0 6 = FREEZING RAIN OR DRIZZLE
GRTST DEPTH: M ON M 7 = DUSTSTORM OR SANDSTORM:
VSBY 1/2 MILE OR LESS
8 = SMOKE OR HAZE
[NO. OF DAYS WITH] [WEATHER - DAYS WITH] 9 = BLOWING SNOW
X = TORNADO
MAX 32 OR BELOW: 0 0.01 INCH OR MORE: 2
MAX 90 OR ABOVE: 31 0.10 INCH OR MORE: 0
MIN 32 OR BELOW: 0 0.50 INCH OR MORE: 0
MIN 0 OR BELOW: 0 1.00 INCH OR MORE: 0
[HDD (BASE 65) ]
TOTAL THIS MO. 0 CLEAR (SCALE 0-3) 28
DPTR FM NORMAL 0 PTCLDY (SCALE 4-7) 3
TOTAL FM JUL 1 0 CLOUDY (SCALE 8-10) 0
DPTR FM NORMAL 0
[CDD (BASE 65) ]
TOTAL THIS MO. 753
DPTR FM NORMAL 144 [PRESSURE DATA]
TOTAL FM JAN 1 2396 HIGHEST SLP 30.09 ON 31
DPTR FM NORMAL 594 LOWEST SLP 29.69 ON 11
[REMARKS]
#FINAL-07-22#