000
CXUS54 KEWX 011011
CF6HDO
PRELIMINARY LOCAL CLIMATOLOGICAL DATA (WS FORM: F-6)
STATION: HONDO
MONTH: MAY
YEAR: 2020
LATITUDE: 29 21 N
LONGITUDE: 99 10 W
TEMPERATURE IN F: :PCPN: SNOW: WIND :SUNSHINE: SKY :PK WND
================================================================================
1 2 3 4 5 6A 6B 7 8 9 10 11 12 13 14 15 16 17 18
12Z AVG MX 2MIN
DY MAX MIN AVG DEP HDD CDD WTR SNW DPTH SPD SPD DIR MIN PSBL S-S WX SPD DR
================================================================================
1 93 52 73 0 0 8 0.00 M M 9.9 20 160 M M 0 36 170
2 95 62 79 6 0 14 0.00 M M 10.2 22 150 M M 3 30 150
3 95 69 82 9 0 17 0.00 M M 9.8 18 140 M M 4 25 130
4 96 70 83 9 0 18 0.00 M M 11.2 22 150 M M 4 28 140
5 93 73 83 9 0 18 0.00 M M 11.9 24 10 M M 7 31 10
6 85 68 77 3 0 12 0.00 M M 11.6 21 70 M M 9 3 28 60
7 91 61 76 2 0 11 T M M 11.4 23 150 M M 5 18 30 160
8 89 66 78 3 0 13 0.00 M M 13.9 28 20 M M 2 38 20
9 80 58 69 -6 0 4 0.00 M M 9.3 16 110 M M 4 23 70
10 84 54 69 -6 0 4 0.00 M M 7.9 16 110 M M 0 22 130
11 86 57 72 -3 0 7 T M M 12.3 24 150 M M 6 31 150
12 88 67 78 2 0 13 0.38 M M 10.0 29 130 M M 7 13 36 140
13 91 66 79 3 0 14 T M M 12.1 25 140 M M 6 1 32 130
14 93 63 78 2 0 13 0.86 M M 7.7 30 360 M M 3 13 36 10
15 92 64 78 2 0 13 1.34 M M 12.3 35 10 M M 8 13 43 30
16 87 61 74 -3 0 9 0.00 M M 5.2 26 50 M M 1 3 37 60
17 92 62 77 0 0 12 0.00 M M 5.3 10 140 M M 1 14 60
18 93 64 79 2 0 14 0.00 M M 7.3 14 160 M M 0 20 170
19 97 66 82 5 0 17 0.00 M M 7.1 14 140 M M 0 21 210
20 95 69 82 4 0 17 0.37 M M 10.0 38 270 M M 3 13 60 280
21 90 68 79 1 0 14 T M M 8.3 26 10 M M 2 34 10
22 94 76 85 7 0 20 0.00 M M 12.0 18 180 M M 5 25 190
23 93 66 80 2 0 15 0.26 M M 13.9 38 300 M M 7 138 53 300
24 91 64 78 0 0 13 2.12 M M 10.2 51 290 M M 5 123 70 290
25 81 63 72 -7 0 7 0.40 M M 5.9 29 10 M M 8 13 36 360
26 86 62 74 -5 0 9 0.00 M M 3.7 15 360 M M 2 1 19 350
27 91 62 77 -2 0 12 0.08 M M 9.5 25 40 M M 1 3 34 50
28 89 64 77 -2 0 12 0.05 M M 8.3 38 10 M M 1 38 52 20
29 89 65 77 -2 0 12 0.00 M M 7.7 17 40 M M 1 32 30
30 88 61 75 -5 0 10 0.00 M M 7.9 14 90 M M 1 3 19 60
31 83 69 76 -4 0 11 0.05 0.0 0 7.1 15 140 M M 5 13 20 140
================================================================================
SM 2790 1992 0 383 5.91 0.0 290.9 M 111
================================================================================
AV 90.0 64.3 9.4 FASTST M M 4 MAX(MPH)
MISC ----> # 51 290 # 70 290
================================================================================
NOTES:
# LAST OF SEVERAL OCCURRENCES
COLUMN 17 PEAK WIND IN M.P.H.
PRELIMINARY LOCAL CLIMATOLOGICAL DATA (WS FORM: F-6) , PAGE 2
STATION: HONDO
MONTH: MAY
YEAR: 2020
LATITUDE: 29 21 N
LONGITUDE: 99 10 W
[TEMPERATURE DATA] [PRECIPITATION DATA] SYMBOLS USED IN COLUMN 16
AVERAGE MONTHLY: 77.1 TOTAL FOR MONTH: 5.91 1 = FOG OR MIST
DPTR FM NORMAL: 0.7 DPTR FM NORMAL: 2.53 2 = FOG REDUCING VISIBILITY
HIGHEST: 97 ON 19 GRTST 24HR 2.12 ON 24-24 TO 1/4 MILE OR LESS
LOWEST: 52 ON 1 3 = THUNDER
SNOW, ICE PELLETS, HAIL 4 = ICE PELLETS
TOTAL MONTH: 0.0 INCH 5 = HAIL
GRTST 24HR 0.0 6 = FREEZING RAIN OR DRIZZLE
GRTST DEPTH: 0 7 = DUSTSTORM OR SANDSTORM:
VSBY 1/2 MILE OR LESS
8 = SMOKE OR HAZE
[NO. OF DAYS WITH] [WEATHER - DAYS WITH] 9 = BLOWING SNOW
X = TORNADO
MAX 32 OR BELOW: 0 0.01 INCH OR MORE: 10
MAX 90 OR ABOVE: 18 0.10 INCH OR MORE: 7
MIN 32 OR BELOW: 0 0.50 INCH OR MORE: 3
MIN 0 OR BELOW: 0 1.00 INCH OR MORE: 2
[HDD (BASE 65) ]
TOTAL THIS MO. 0 CLEAR (SCALE 0-3) 15
DPTR FM NORMAL -2 PTCLDY (SCALE 4-7) 15
TOTAL FM JUL 1 1309 CLOUDY (SCALE 8-10) 1
DPTR FM NORMAL -278
[CDD (BASE 65) ]
TOTAL THIS MO. 383
DPTR FM NORMAL 26 [PRESSURE DATA]
TOTAL FM JAN 1 759 HIGHEST SLP 30.21 ON 10
DPTR FM NORMAL 167 LOWEST SLP 29.53 ON 24
[REMARKS]
#FINAL-05-20#