000
CXUS53 KBIS 010930
CF6HEI
PRELIMINARY LOCAL CLIMATOLOGICAL DATA (WS FORM: F-6)
STATION: HETTINGER ND
MONTH: DECEMBER
YEAR: 2022
LATITUDE: 46 0 N
LONGITUDE: 102 39 W
TEMPERATURE IN F: :PCPN: SNOW: WIND :SUNSHINE: SKY :PK WND
================================================================================
1 2 3 4 5 6A 6B 7 8 9 10 11 12 13 14 15 16 17 18
12Z AVG MX 2MIN
DY MAX MIN AVG DEP HDD CDD WTR SNW DPTH SPD SPD DIR MIN PSBL S-S WX SPD DR
================================================================================
1 44 9 27 4 38 0 0.00 M M 3.8 12 320 M M 0 17 320
2 22 -4 9 -14 56 0 M M M 17.5 32 300 M M 6 1 43 300
3 35 -3 16 -7 49 0 0.00 M M 5.3 18 260 M M 0 24 270
4 47 6 27 5 38 0 0.00 M M 11.5 24 280 M M 1 30 310
5 24 18 21 -1 44 0 M M M 8.6 20 160 M M 10 18 27 150
6 20 2 11 -11 54 0 M M M 10.0 24 320 M M 9 1 32 320
7 18 -2 8 -13 57 0 M M M 7.9 18 170 M M 5 18 23 160
8 35 -5 15 -6 50 0 0.00 M M 1.8 9 320 M M 0 9 310
9 26 -6 10 -11 55 0 0.00 M M 4.1 20 280 M M 2 128 26 290
10 37 10 24 3 41 0 0.00 M M 7.9 16 280 M M 0 23 110
11 26 4 15 -5 50 0 0.00 M M 6.5 13 70 M M 0 1 18 100
12 23 3 13 -7 52 0 0.00 M M 8.9 17 350 M M 6 1 24 350
13 26 20 23 3 42 0 M M M 20.9 30 330 M M 10 12 40 350
14 20 12 16 -4 49 0 M M M 24.6 30 310 M M 10 128 41 300
15 13 10 12 -7 53 0 M M M 30.8 40 310 M M 10 128 54 310
16 13 5 9 -10 56 0 M M M 25.7 39 310 M M 5 128 56 310
17 10 3 7 -12 58 0 T M M 7.9 17 320 M M 4 22 320
18 3 -1 1 -18 64 0 M M M 6.9 13 100 M M 10 18 16 130
19 2 -14 -6 -24 71 0 M M M 7.3 20 310 M M 8 18 23 310
20 -6 -15 -10 -28 75 0 M M M 10.1 22 300 M M 9 24 310
21 -11 -24 -17 -35 82 0 M M M 20.9 35 300 M M 10 8 49 290
22 -15 -22 -18 -36 83 0 M M M 30.6 41 290 M M 10 8 56 310
23 -7 -20 -13 -31 78 0 0.00 M M 12.3 29 300 M M 2 8 37 290
24 5 -8 -1 -19 66 0 0.00 M M 6.3 14 140 M M 9 19 150
25 40 -3 19 2 46 0 M M M 24.0 48 310 M M 5 169 61 300
26 30 -9 11 -6 54 0 0.00 M M 5.6 12 160 M M 4 12 15 160
27 42 28 35 18 30 0 0.00 M M 3.8 14 240 M M 2 18 240
28 41 29 35 18 30 0 0.00 M M 14.4 29 290 M M 1 36 290
29 33 17 25 8 40 0 0.00 M M 7.6 21 300 M M 8 1 25 310
30 35 5 20 3 45 0 0.00 M M 1.5 9 120 M M 3 128 11 120
31 36 12 24 7 41 0 0.00 M M 5.8 15 280 M M 1 18 270
================================================================================
SM 667 57 1647 0 T M 360.8 M 160
================================================================================
AV 21.5 1.8 11.6 FASTST M M 5 MAX(MPH)
MISC ----> 48 310 61 300
================================================================================
NOTES:
# LAST OF SEVERAL OCCURRENCES
COLUMN 17 PEAK WIND IN M.P.H.
PRELIMINARY LOCAL CLIMATOLOGICAL DATA (WS FORM: F-6) , PAGE 2
STATION: HETTINGER ND
MONTH: DECEMBER
YEAR: 2022
LATITUDE: 46 0 N
LONGITUDE: 102 39 W
[TEMPERATURE DATA] [PRECIPITATION DATA] SYMBOLS USED IN COLUMN 16
AVERAGE MONTHLY: 11.7 TOTAL FOR MONTH: T 1 = FOG OR MIST
DPTR FM NORMAL: -7.7 DPTR FM NORMAL: -0.14 2 = FOG REDUCING VISIBILITY
HIGHEST: 47 ON 4 GRTST 24HR 0.06 ON 6- 6 TO 1/4 MILE OR LESS
LOWEST: -24 ON 21 3 = THUNDER
SNOW, ICE PELLETS, HAIL 4 = ICE PELLETS
TOTAL MONTH: M 5 = HAIL
GRTST 24HR M ON M 6 = FREEZING RAIN OR DRIZZLE
GRTST DEPTH: M ON M 7 = DUSTSTORM OR SANDSTORM:
VSBY 1/2 MILE OR LESS
8 = SMOKE OR HAZE
[NO. OF DAYS WITH] [WEATHER - DAYS WITH] 9 = BLOWING SNOW
X = TORNADO
MAX 32 OR BELOW: 20 0.01 INCH OR MORE: 0
MAX 90 OR ABOVE: 0 0.10 INCH OR MORE: 0
MIN 32 OR BELOW: 31 0.50 INCH OR MORE: 0
MIN 0 OR BELOW: 14 1.00 INCH OR MORE: 0
[HDD (BASE 65) ]
TOTAL THIS MO. 1647 CLEAR (SCALE 0-3) 12
DPTR FM NORMAL 234 PTCLDY (SCALE 4-7) 9
TOTAL FM JUL 1 3608 CLOUDY (SCALE 8-10) 10
DPTR FM NORMAL 119
[CDD (BASE 65) ]
TOTAL THIS MO. 0
DPTR FM NORMAL 0 [PRESSURE DATA]
TOTAL FM JAN 1 549 HIGHEST SLP 30.83 ON 23
DPTR FM NORMAL 162 LOWEST SLP 29.21 ON 27
[REMARKS]
#FINAL-12-22#