000
CXUS53 KBIS 010930
CF6HEI
PRELIMINARY LOCAL CLIMATOLOGICAL DATA (WS FORM: F-6)
STATION: HETTINGER ND
MONTH: FEBRUARY
YEAR: 2024
LATITUDE: 46 0 N
LONGITUDE: 102 39 W
TEMPERATURE IN F: :PCPN: SNOW: WIND :SUNSHINE: SKY :PK WND
================================================================================
1 2 3 4 5 6A 6B 7 8 9 10 11 12 13 14 15 16 17 18
12Z AVG MX 2MIN
DY MAX MIN AVG DEP HDD CDD WTR SNW DPTH SPD SPD DIR MIN PSBL S-S WX SPD DR
================================================================================
1 50 21 36 19 29 0 0.00 M M 9.7 20 140 M M 5 128 27 140
2 37 32 35 18 30 0 0.00 M M 14.3 21 130 M M 10 12 29 140
3 38 33 36 19 29 0 T M M 11.4 20 150 M M 10 12 25 150
4 38 33 36 19 29 0 T M M 8.3 14 150 M M 10 12 18 130
5 53 28 41 24 24 0 T M M 5.3 14 160 M M 5 12 18 180
6 40 29 35 17 30 0 T M M 9.3 20 80 M M 7 12 27 100
7 32 30 31 13 34 0 M M M 9.5 20 80 M M 10 126 25 80
8 30 25 28 10 37 0 M M M 15.6 28 290 M M 9 18 37 310
9 28 24 26 8 39 0 M M M 11.7 21 300 M M 10 18 28 300
10 30 20 25 7 40 0 T M M 8.8 17 290 M M 10 24 300
11 43 15 29 11 36 0 0.00 M M 10.2 24 290 M M 3 34 280
12 41 24 33 14 32 0 0.00 M M 3.5 8 250 M M 8 11 240
13 39 17 28 9 37 0 T M M 9.9 21 290 M M 7 27 300
14 27 9 18 -1 47 0 M M M 5.8 14 340 M M 8 18 20 310
15 27 9 18 -1 47 0 T M M 7.2 17 340 M M 9 22 340
16 18 0 9 -11 56 0 0.00 M M 14.5 23 300 M M 5 30 320
17 42 10 26 6 39 0 0.00 M M 19.9 32 290 M M 0 41 290
18 48 10 29 9 36 0 0.00 M M 5.0 14 150 M M 0 18 150
19 48 10 29 9 36 0 0.00 M M 8.3 28 300 M M 1 36 300
20 59 14 37 16 28 0 0.00 M M 5.0 22 280 M M 1 28 270
21 60 19 40 19 25 0 0.00 M M 8.1 18 300 M M 1 24 290
22 55 23 39 18 26 0 0.00 M M 14.1 31 290 M M 0 48 310
23 52 23 38 16 27 0 0.00 M M 12.6 26 310 M M 0 42 290
24 55 24 40 18 25 0 0.00 M M 15.2 37 280 M M 3 52 300
25 52 34 43 21 22 0 T M M 8.3 20 160 M M 9 25 180
26 65 14 40 17 25 0 M M M 13.6 32 340 M M 4 128 47 350
27 14 -12 1 -22 64 0 M M M 15.2 33 330 M M 7 18 45 330
28 38 -15 12 -12 53 0 0.00 M M 4.6 15 210 M M 2 18 210
29 62 17 40 16 25 0 0.00 M M 4.9 13 150 M M 0 19 170
================================================================================
SM 1221 520 1007 0 T M 289.8 M 154
================================================================================
AV 42.1 17.9 10.0 FASTST M M 5 MAX(MPH)
MISC ----> 37 280 52 300
================================================================================
NOTES:
# LAST OF SEVERAL OCCURRENCES
COLUMN 17 PEAK WIND IN M.P.H.
PRELIMINARY LOCAL CLIMATOLOGICAL DATA (WS FORM: F-6) , PAGE 2
STATION: HETTINGER ND
MONTH: FEBRUARY
YEAR: 2024
LATITUDE: 46 0 N
LONGITUDE: 102 39 W
[TEMPERATURE DATA] [PRECIPITATION DATA] SYMBOLS USED IN COLUMN 16
AVERAGE MONTHLY: 30.0 TOTAL FOR MONTH: T 1 = FOG OR MIST
DPTR FM NORMAL: 10.5 DPTR FM NORMAL: -0.29 2 = FOG REDUCING VISIBILITY
HIGHEST: 65 ON 26 GRTST 24HR 0.03 ON 26-26 TO 1/4 MILE OR LESS
LOWEST: -15 ON 28 3 = THUNDER
SNOW, ICE PELLETS, HAIL 4 = ICE PELLETS
TOTAL MONTH: M 5 = HAIL
GRTST 24HR M ON M 6 = FREEZING RAIN OR DRIZZLE
GRTST DEPTH: M ON M 7 = DUSTSTORM OR SANDSTORM:
VSBY 1/2 MILE OR LESS
8 = SMOKE OR HAZE
[NO. OF DAYS WITH] [WEATHER - DAYS WITH] 9 = BLOWING SNOW
X = TORNADO
MAX 32 OR BELOW: 8 0.01 INCH OR MORE: 0
MAX 90 OR ABOVE: 0 0.10 INCH OR MORE: 0
MIN 32 OR BELOW: 26 0.50 INCH OR MORE: 0
MIN 0 OR BELOW: 3 1.00 INCH OR MORE: 0
[HDD (BASE 65) ]
TOTAL THIS MO. 1007 CLEAR (SCALE 0-3) 10
DPTR FM NORMAL -265 PTCLDY (SCALE 4-7) 9
TOTAL FM JUL 1 5395 CLOUDY (SCALE 8-10) 10
DPTR FM NORMAL -955
[CDD (BASE 65) ]
TOTAL THIS MO. 0
DPTR FM NORMAL 0 [PRESSURE DATA]
TOTAL FM JAN 1 0 HIGHEST SLP 30.56 ON 16
DPTR FM NORMAL 0 LOWEST SLP 29.31 ON 26
[REMARKS]
#FINAL-02-24#