000
CXUS53 KBIS 010930
CF6HEI
PRELIMINARY LOCAL CLIMATOLOGICAL DATA (WS FORM: F-6)
STATION: HETTINGER ND
MONTH: JANUARY
YEAR: 2024
LATITUDE: 46 0 N
LONGITUDE: 102 39 W
TEMPERATURE IN F: :PCPN: SNOW: WIND :SUNSHINE: SKY :PK WND
================================================================================
1 2 3 4 5 6A 6B 7 8 9 10 11 12 13 14 15 16 17 18
12Z AVG MX 2MIN
DY MAX MIN AVG DEP HDD CDD WTR SNW DPTH SPD SPD DIR MIN PSBL S-S WX SPD DR
================================================================================
1 49 11 30 13 35 0 0.00 M M 9.3 20 290 M M 2 1 27 300
2 46 16 31 14 34 0 0.00 M M 7.2 23 320 M M 5 12 30 320
3 30 20 25 9 40 0 0.00 M M 7.3 13 130 M M 10 12 18 150
4 24 20 22 6 43 0 0.00 M M 8.5 15 170 M M 10 1 22 150
5 35 13 24 8 41 0 M M M 8.1 28 300 M M 7 128 36 320
6 32 20 26 10 39 0 0.00 M M 9.1 23 320 M M 6 1 31 320
7 21 13 17 1 48 0 T M M 9.6 16 120 M M 8 1 21 110
8 20 -2 9 -7 56 0 T M M 4.4 16 290 M M 7 1 20 320
9 28 -4 12 -4 53 0 M M M 3.7 12 160 M M 4 18 16 190
10 29 -3 13 -3 52 0 0.00 M M 12.0 25 310 M M 1 32 310
11 5 -8 -1 -17 66 0 0.00 M M 11.4 22 310 M M 0 29 310
12 -6 -24 -15 -31 80 0 M M M 15.9 29 310 M M 8 18 36 310
13 -18 -30 -24 -40 89 0 0.00 M M 21.6 31 290 M M 0 42 290
14 -6 -27 -16 -32 81 0 0.00 M M 11.6 20 300 M M 0 26 300
15 -5 -21 -13 -29 78 0 0.00 M M 20.9 35 300 M M 1 44 300
16 16 -12 2 -14 63 0 T M M 17.5 28 280 M M 4 37 280
17 21 4 13 -3 52 0 T M M 6.6 15 330 M M 8 18 19 340
18 4 -6 -1 -17 66 0 M M M 18.7 30 300 M M 7 18 42 300
19 5 -12 -3 -19 68 0 0.00 M M 11.0 23 290 M M 6 8 30 290
20 13 -8 3 -13 62 0 0.00 M M 12.2 22 140 M M 2 30 140
21 45 5 25 9 40 0 0.00 M M 3.0 12 290 M M 4 14 280
22 30 15 23 7 42 0 0.00 M M 8.9 15 130 M M 9 12 21 120
23 27 20 24 8 41 0 0.00 M M 10.0 20 150 M M 10 12 26 150
24 45 11 28 12 37 0 0.00 M M 2.3 9 320 M M 4 12 9 320
25 49 11 30 14 35 0 0.00 M M 1.4 8 300 M M 3 12 9 200
26 49 20 35 19 30 0 0.00 M M 6.8 17 270 M M 1 1 21 310
27 50 15 33 16 32 0 0.00 M M 3.8 12 200 M M 0 15 200
28 58 26 42 25 23 0 0.00 M M 8.3 20 290 M M 0 26 280
29 55 28 42 25 23 0 0.00 M M 7.9 16 320 M M 1 20 310
30 62 25 44 27 21 0 0.00 M M 4.9 15 280 M M 0 1 18 250
31 65 24 45 28 20 0 0.00 M M 3.4 10 60 M M 0 11 60
================================================================================
SM 878 160 1490 0 T M 287.3 M 128
================================================================================
AV 28.3 5.2 9.3 FASTST M M 4 MAX(MPH)
MISC ----> 35 300 44 300
================================================================================
NOTES:
# LAST OF SEVERAL OCCURRENCES
COLUMN 17 PEAK WIND IN M.P.H.
PRELIMINARY LOCAL CLIMATOLOGICAL DATA (WS FORM: F-6) , PAGE 2
STATION: HETTINGER ND
MONTH: JANUARY
YEAR: 2024
LATITUDE: 46 0 N
LONGITUDE: 102 39 W
[TEMPERATURE DATA] [PRECIPITATION DATA] SYMBOLS USED IN COLUMN 16
AVERAGE MONTHLY: 16.7 TOTAL FOR MONTH: T 1 = FOG OR MIST
DPTR FM NORMAL: 0.3 DPTR FM NORMAL: -0.19 2 = FOG REDUCING VISIBILITY
HIGHEST: 65 ON 31 GRTST 24HR 0.06 ON 7- 8 TO 1/4 MILE OR LESS
LOWEST: -30 ON 13 3 = THUNDER
SNOW, ICE PELLETS, HAIL 4 = ICE PELLETS
TOTAL MONTH: M 5 = HAIL
GRTST 24HR M ON M 6 = FREEZING RAIN OR DRIZZLE
GRTST DEPTH: M ON M 7 = DUSTSTORM OR SANDSTORM:
VSBY 1/2 MILE OR LESS
8 = SMOKE OR HAZE
[NO. OF DAYS WITH] [WEATHER - DAYS WITH] 9 = BLOWING SNOW
X = TORNADO
MAX 32 OR BELOW: 19 0.01 INCH OR MORE: 0
MAX 90 OR ABOVE: 0 0.10 INCH OR MORE: 0
MIN 32 OR BELOW: 31 0.50 INCH OR MORE: 0
MIN 0 OR BELOW: 12 1.00 INCH OR MORE: 0
[HDD (BASE 65) ]
TOTAL THIS MO. 1490 CLEAR (SCALE 0-3) 14
DPTR FM NORMAL -16 PTCLDY (SCALE 4-7) 12
TOTAL FM JUL 1 4388 CLOUDY (SCALE 8-10) 5
DPTR FM NORMAL -607
[CDD (BASE 65) ]
TOTAL THIS MO. 0
DPTR FM NORMAL 0 [PRESSURE DATA]
TOTAL FM JAN 1 0 HIGHEST SLP 30.69 ON 19
DPTR FM NORMAL 0 LOWEST SLP 29.31 ON 10
[REMARKS]
#FINAL-01-24#