000
CXUS53 KBIS 010830
CF6HEI
PRELIMINARY LOCAL CLIMATOLOGICAL DATA (WS FORM: F-6)
STATION: HETTINGER ND
MONTH: OCTOBER
YEAR: 2021
LATITUDE: 46 0 N
LONGITUDE: 102 39 W
TEMPERATURE IN F: :PCPN: SNOW: WIND :SUNSHINE: SKY :PK WND
================================================================================
1 2 3 4 5 6A 6B 7 8 9 10 11 12 13 14 15 16 17 18
12Z AVG MX 2MIN
DY MAX MIN AVG DEP HDD CDD WTR SNW DPTH SPD SPD DIR MIN PSBL S-S WX SPD DR
================================================================================
1 76 39 58 7 7 0 0.00 M M 1.4 8 350 M M 1 14 110
2 78 37 58 8 7 0 0.00 M M 7.0 18 330 M M 0 1 25 330
3 85 37 61 11 4 0 0.00 M M 4.1 16 290 M M 0 22 300
4 88 36 62 13 3 0 0.00 M M 5.5 13 150 M M 0 18 170
5 92 51 72 23 0 7 0.00 M M 6.9 16 150 M M 0 24 210
6 86 52 69 21 0 4 0.00 M M 13.9 30 150 M M 0 44 160
7 78 45 62 14 3 0 0.00 M M 9.0 21 20 M M 3 28 30
8 70 46 58 11 7 0 0.21 M M 8.5 17 60 M M 3 138 22 60
9 57 47 52 5 13 0 1.13 M M 13.6 28 330 M M 2 12 39 330
10 68 43 56 10 9 0 0.00 M M 13.3 23 290 M M 0 33 270
11 58 41 50 4 15 0 0.00 M M 11.9 21 320 M M 2 27 340
12 47 36 42 -3 23 0 0.85 M M 17.2 29 30 M M 7 1 37 30
13 42 35 39 -6 26 0 2.03 M M 26.3 33 320 M M 10 1 47 360
14 50 33 42 -2 23 0 0.00 M M 17.5 30 280 M M 5 38 260
15 54 32 43 -1 22 0 0.00 M M 13.7 29 280 M M 1 39 290
16 65 35 50 7 15 0 0.00 M M 9.0 21 280 M M 0 28 280
17 75 37 56 14 9 0 0.00 M M 6.6 16 190 M M 0 20 200
18 80 37 59 17 6 0 0.00 M M 5.9 16 350 M M 0 8 24 350
19 47 38 43 1 22 0 0.00 M M 15.1 24 20 M M 7 1 33 20
20 47 18 33 -8 32 0 0.00 M M 9.4 18 10 M M 5 26 360
21 55 16 36 -4 29 0 T M M 4.7 14 180 M M 4 20 180
22 64 31 48 8 17 0 0.00 M M 9.0 21 110 M M 1 29 120
23 52 33 43 3 22 0 T M M 17.4 29 130 M M 6 43 130
24 45 39 42 3 23 0 T M M 7.7 20 130 M M 10 1 26 130
25 52 38 45 6 20 0 0.00 M M 21.1 30 130 M M 8 12 40 130
26 50 40 45 7 20 0 T M M 11.9 24 330 M M 10 1 36 330
27 61 36 49 11 16 0 0.00 M M 12.6 25 290 M M 2 35 280
28 59 26 43 6 22 0 0.00 M M 13.3 26 310 M M 0 38 290
29 73 30 52 15 13 0 0.00 M M 7.0 18 200 M M 0 24 190
30 51 28 40 4 25 0 0.00 M M 15.8 28 320 M M 7 36 320
31 42 17 30 -6 35 0 0.00 M M 11.0 25 300 M M 0 33 320
================================================================================
SM 1947 1109 488 11 4.22 M 347.3 M 94
================================================================================
AV 62.8 35.8 11.2 FASTST M M 3 MAX(MPH)
MISC ----> 33 320 47 360
================================================================================
NOTES:
# LAST OF SEVERAL OCCURRENCES
COLUMN 17 PEAK WIND IN M.P.H.
PRELIMINARY LOCAL CLIMATOLOGICAL DATA (WS FORM: F-6) , PAGE 2
STATION: HETTINGER ND
MONTH: OCTOBER
YEAR: 2021
LATITUDE: 46 0 N
LONGITUDE: 102 39 W
[TEMPERATURE DATA] [PRECIPITATION DATA] SYMBOLS USED IN COLUMN 16
AVERAGE MONTHLY: 49.3 TOTAL FOR MONTH: 4.22 1 = FOG OR MIST
DPTR FM NORMAL: 6.1 DPTR FM NORMAL: 2.94 2 = FOG REDUCING VISIBILITY
HIGHEST: 92 ON 5 GRTST 24HR 2.87 ON 12-13 TO 1/4 MILE OR LESS
LOWEST: 16 ON 21 3 = THUNDER
SNOW, ICE PELLETS, HAIL 4 = ICE PELLETS
TOTAL MONTH: M 5 = HAIL
GRTST 24HR M ON M 6 = FREEZING RAIN OR DRIZZLE
GRTST DEPTH: M ON M 7 = DUSTSTORM OR SANDSTORM:
VSBY 1/2 MILE OR LESS
8 = SMOKE OR HAZE
[NO. OF DAYS WITH] [WEATHER - DAYS WITH] 9 = BLOWING SNOW
X = TORNADO
MAX 32 OR BELOW: 0 0.01 INCH OR MORE: 4
MAX 90 OR ABOVE: 1 0.10 INCH OR MORE: 4
MIN 32 OR BELOW: 8 0.50 INCH OR MORE: 3
MIN 0 OR BELOW: 0 1.00 INCH OR MORE: 2
[HDD (BASE 65) ]
TOTAL THIS MO. 488 CLEAR (SCALE 0-3) 20
DPTR FM NORMAL -191 PTCLDY (SCALE 4-7) 8
TOTAL FM JUL 1 609 CLOUDY (SCALE 8-10) 3
DPTR FM NORMAL -397
[CDD (BASE 65) ]
TOTAL THIS MO. 11
DPTR FM NORMAL 9 [PRESSURE DATA]
TOTAL FM JAN 1 690 HIGHEST SLP M ON M
DPTR FM NORMAL 303 LOWEST SLP 29.45 ON 13
[REMARKS]
#FINAL-10-21#