798
CXUS53 KBIS 010830
CF6HEI
PRELIMINARY LOCAL CLIMATOLOGICAL DATA (WS FORM: F-6)
STATION: HETTINGER ND
MONTH: OCTOBER
YEAR: 2020
LATITUDE: 46 0 N
LONGITUDE: 102 39 W
TEMPERATURE IN F: :PCPN: SNOW: WIND :SUNSHINE: SKY :PK WND
================================================================================
1 2 3 4 5 6A 6B 7 8 9 10 11 12 13 14 15 16 17 18
12Z AVG MX 2MIN
DY MAX MIN AVG DEP HDD CDD WTR SNW DPTH SPD SPD DIR MIN PSBL S-S WX SPD DR
================================================================================
1 54 26 40 -9 25 0 0.00 M M 5.1 16 350 M M 1 22 330
2 59 30 45 -4 20 0 0.11 M M 5.7 21 300 M M 3 1 29 300
3 63 33 48 0 17 0 T M M 7.0 14 340 M M 2 18 340
4 74 31 53 5 12 0 0.00 M M 8.1 21 190 M M 0 30 200
5 71 38 55 8 10 0 0.00 M M 11.4 28 300 M M 1 38 290
6 81 41 61 14 4 0 0.00 M M 11.8 29 300 M M 0 37 300
7 69 33 51 4 14 0 0.00 M M 6.1 14 70 M M 2 18 90
8 75 39 57 11 8 0 0.00 M M 10.0 23 150 M M 0 8 36 160
9 71 34 53 7 12 0 0.00 M M 7.0 20 320 M M 0 26 330
10 77 33 55 10 10 0 0.00 M M 15.3 32 160 M M 0 45 170
11 68 30 49 4 16 0 T M M 17.2 38 300 M M 2 58 310
12 68 28 48 3 17 0 T M M 11.8 41 300 M M 4 59 300
13 60 30 45 1 20 0 0.01 M M 10.8 28 260 M M 4 37 260
14 51 22 37 -7 28 0 0.03 M M 16.1 32 310 M M 4 1 45 300
15 45 24 35 -8 30 0 0.02 M M 14.0 33 290 M M 4 1 49 290
16 45 24 35 -8 30 0 0.22 M M 9.6 16 250 M M 6 1 22 240
17 42 18 30 -13 35 0 0.01 M M 14.4 26 360 M M 6 1 36 360
18 31 10 21 -21 44 0 T M M 7.4 17 300 M M 6 1 24 320
19 29 23 26 -16 39 0 T M M 9.6 16 150 M M 10 1 24 140
20 38 25 32 -9 33 0 T M M 12.2 30 300 M M 8 16 38 320
21 33 21 27 -14 38 0 0.01 M M 7.1 16 100 M M 7 1 20 110
22 28 15 22 -19 43 0 M M M 12.2 18 330 M M 10 1 24 350
23 23 0 12 -28 53 0 T M M 5.7 12 100 M M 2 1 16 110
24 20 15 18 -22 47 0 0.01 M M 14.1 22 70 M M 10 1 30 70
25 18 4 11 -28 54 0 T M M 11.4 21 310 M M 9 1 25 310
26 17 -6 6 -33 59 0 0.00 M M 6.5 15 200 M M 2 20 200
27 39 7 23 -15 42 0 0.00 M M 11.3 23 260 M M 1 31 260
28 43 26 35 -3 30 0 0.00 M M 8.6 17 300 M M 3 1 22 310
29 48 25 37 -1 28 0 T M M 5.9 13 310 M M 6 1 16 320
30 54 27 41 4 24 0 0.00 M M 9.1 26 320 M M 3 12 37 320
31 49 19 34 -3 31 0 0.00 M M 20.3 45 310 M M 1 57 300
================================================================================
SM 1543 725 873 0 0.42 M 322.8 M 117
================================================================================
AV 49.8 23.4 10.4 FASTST M M 4 MAX(MPH)
MISC ----> # 45 310 # 59 300
================================================================================
NOTES:
# LAST OF SEVERAL OCCURRENCES
COLUMN 17 PEAK WIND IN M.P.H.
PRELIMINARY LOCAL CLIMATOLOGICAL DATA (WS FORM: F-6) , PAGE 2
STATION: HETTINGER ND
MONTH: OCTOBER
YEAR: 2020
LATITUDE: 46 0 N
LONGITUDE: 102 39 W
[TEMPERATURE DATA] [PRECIPITATION DATA] SYMBOLS USED IN COLUMN 16
AVERAGE MONTHLY: 36.6 TOTAL FOR MONTH: 0.42 1 = FOG OR MIST
DPTR FM NORMAL: -6.4 DPTR FM NORMAL: -0.85 2 = FOG REDUCING VISIBILITY
HIGHEST: 81 ON 6 GRTST 24HR 0.22 ON 16-16 TO 1/4 MILE OR LESS
LOWEST: -6 ON 26 3 = THUNDER
SNOW, ICE PELLETS, HAIL 4 = ICE PELLETS
TOTAL MONTH: M 5 = HAIL
GRTST 24HR M ON M 6 = FREEZING RAIN OR DRIZZLE
GRTST DEPTH: M ON M 7 = DUSTSTORM OR SANDSTORM:
VSBY 1/2 MILE OR LESS
8 = SMOKE OR HAZE
[NO. OF DAYS WITH] [WEATHER - DAYS WITH] 9 = BLOWING SNOW
X = TORNADO
MAX 32 OR BELOW: 7 0.01 INCH OR MORE: 8
MAX 90 OR ABOVE: 0 0.10 INCH OR MORE: 2
MIN 32 OR BELOW: 24 0.50 INCH OR MORE: 0
MIN 0 OR BELOW: 2 1.00 INCH OR MORE: 0
[HDD (BASE 65) ]
TOTAL THIS MO. 873 CLEAR (SCALE 0-3) 16
DPTR FM NORMAL 189 PTCLDY (SCALE 4-7) 11
TOTAL FM JUL 1 1163 CLOUDY (SCALE 8-10) 4
DPTR FM NORMAL 108
[CDD (BASE 65) ]
TOTAL THIS MO. 0
DPTR FM NORMAL -1 [PRESSURE DATA]
TOTAL FM JAN 1 362 HIGHEST SLP 30.59 ON 23
DPTR FM NORMAL -15 LOWEST SLP 29.24 ON 11
[REMARKS]
#FINAL-10-20#