000
CXUS51 KLWX 012354
CF6HGR
PRELIMINARY LOCAL CLIMATOLOGICAL DATA (WS FORM: F-6)
STATION: HAGERSTOWN MD
MONTH: OCTOBER
YEAR: 2021
LATITUDE: 39 42 N
LONGITUDE: 77 43 W
TEMPERATURE IN F: :PCPN: SNOW: WIND :SUNSHINE: SKY :PK WND
================================================================================
1 2 3 4 5 6A 6B 7 8 9 10 11 12 13 14 15 16 17 18
12Z AVG MX 2MIN
DY MAX MIN AVG DEP HDD CDD WTR SNW DPTH SPD SPD DIR MIN PSBL S-S WX SPD DR
================================================================================
1 70 47 59 -4 6 0 0.00 M M 2.7 8 280 M M 0 13 280
2 76 48 62 0 3 0 0.00 M M 2.3 10 230 M M 0 13 240
3 83 57 70 8 0 5 0.01 M M 4.1 10 260 M M 3 1 15 180
4 81 67 74 13 0 9 0.05 M M 4.4 13 270 M M 6 123 16 350
5 76 63 70 9 0 5 0.00 M M 4.3 12 340 M M 7 128 15 20
6 70 66 68 8 0 3 T M M 3.3 10 70 M M 10 1 13 90
7 74 64 69 9 0 4 T M M 3.8 10 190 M M 7 1 14 190
8 74 59 67 7 0 2 0.00 M M 3.2 9 190 M M 5 128 14 140
9 72 63 68 9 0 3 T M M 6.3 15 130 M M 9 1 20 140
10 69 61 65 6 0 0 0.02 M M 6.1 12 60 M M 10 1 15 60
11 69 62 66 8 0 1 0.00 M M 4.0 9 350 M M 10 1 12 30
12 65 60 63 5 2 0 0.00 M M 2.4 8 110 M M 9 18 11 90
13 74 57 66 8 0 1 0.00 M M 1.9 7 180 M M 7 128 9 170
14 79 55 67 10 0 2 0.00 M M 2.0 12 340 M M 3 12 14 340
15 82 62 72 15 0 7 0.00 M M 6.8 15 160 M M 1 1 18 180
16 71 51 61 4 4 0 0.21 M M 9.3 28 310 M M 4 1 36 310
17 64 49 57 1 8 0 T M M 11.7 25 290 M M 6 32 300
18 65 45 55 -1 10 0 0.00 M M 9.6 25 300 M M 2 33 320
19 73 45 59 3 6 0 0.00 M M 7.8 21 270 M M 0 25 270
20 74 50 62 7 3 0 0.00 M M 6.9 16 300 M M 0 20 270
21 76 50 63 8 2 0 T M M 8.6 18 290 M M 1 22 190
22 67 53 60 6 5 0 T M M 8.2 18 280 M M 5 22 280
23 61 47 54 0 11 0 0.12 M M 4.9 22 280 M M 8 30 290
24 67 48 58 4 7 0 T M M 6.8 15 170 M M 6 19 180
25 76 51 64 11 1 0 0.08 M M 5.0 13 170 M M 3 1 18 170
26 61 48 55 2 10 0 0.02 M M 16.3 32 300 M M 9 12 42 300
27 68 48 58 5 7 0 0.00 M M 9.7 21 320 M M 4 27 310
28 63 44 54 2 11 0 0.00 M M 6.0 17 130 M M 6 12 23 140
29 57 51 54 2 11 0 0.84 M M 11.4 25 80 M M 10 1 35 100
30 58 49 54 2 11 0 T M M 3.3 10 150 M M 10 12 13 310
31 62 49 56 5 9 0 0.01 M M 7.5 24 280 M M 8 12 30 280
================================================================================
SM 2177 1669 127 42 1.36 M 190.6 M 169
================================================================================
AV 70.2 53.8 6.1 FASTST M M 5 MAX(MPH)
MISC ----> 32 300 42 300
================================================================================
NOTES:
# LAST OF SEVERAL OCCURRENCES
COLUMN 17 PEAK WIND IN M.P.H.
PRELIMINARY LOCAL CLIMATOLOGICAL DATA (WS FORM: F-6) , PAGE 2
STATION: HAGERSTOWN MD
MONTH: OCTOBER
YEAR: 2021
LATITUDE: 39 42 N
LONGITUDE: 77 43 W
[TEMPERATURE DATA] [PRECIPITATION DATA] SYMBOLS USED IN COLUMN 16
AVERAGE MONTHLY: 62.0 TOTAL FOR MONTH: 1.36 1 = FOG OR MIST
DPTR FM NORMAL: 5.3 DPTR FM NORMAL: -1.40 2 = FOG REDUCING VISIBILITY
HIGHEST: 83 ON 3 GRTST 24HR 0.84 ON 29-29 TO 1/4 MILE OR LESS
LOWEST: 44 ON 28 3 = THUNDER
SNOW, ICE PELLETS, HAIL 4 = ICE PELLETS
TOTAL MONTH: M 5 = HAIL
GRTST 24HR M ON M 6 = FREEZING RAIN OR DRIZZLE
GRTST DEPTH: M ON M 7 = DUSTSTORM OR SANDSTORM:
VSBY 1/2 MILE OR LESS
8 = SMOKE OR HAZE
[NO. OF DAYS WITH] [WEATHER - DAYS WITH] 9 = BLOWING SNOW
X = TORNADO
MAX 32 OR BELOW: 0 0.01 INCH OR MORE: 9
MAX 90 OR ABOVE: 0 0.10 INCH OR MORE: 3
MIN 32 OR BELOW: 0 0.50 INCH OR MORE: 1
MIN 0 OR BELOW: 0 1.00 INCH OR MORE: 0
[HDD (BASE 65) ]
TOTAL THIS MO. 127 CLEAR (SCALE 0-3) 10
DPTR FM NORMAL -152 PTCLDY (SCALE 4-7) 12
TOTAL FM JUL 1 145 CLOUDY (SCALE 8-10) 9
DPTR FM NORMAL -181
[CDD (BASE 65) ]
TOTAL THIS MO. 42
DPTR FM NORMAL 20 [PRESSURE DATA]
TOTAL FM JAN 1 1423 HIGHEST SLP 30.39 ON 6
DPTR FM NORMAL 175 LOWEST SLP 29.52 ON 29
[REMARKS]
#FINAL-10-21#