000
CXUS56 KLOX 251155
CF6HHR
PRELIMINARY LOCAL CLIMATOLOGICAL DATA (WS FORM: F-6)
STATION: HAWTHORNE AIRPORT CA
MONTH: APRIL
YEAR: 2024
LATITUDE: 33 55 N
LONGITUDE: 118 20 W
TEMPERATURE IN F: :PCPN: SNOW: WIND :SUNSHINE: SKY :PK WND
================================================================================
1 2 3 4 5 6A 6B 7 8 9 10 11 12 13 14 15 16 17 18
12Z AVG MX 2MIN
DY MAX MIN AVG DEP HDD CDD WTR SNW DPTH SPD SPD DIR MIN PSBL S-S WX SPD DR
================================================================================
1 67 53 60 -1 5 0 0.00 M M 5.3 21 260 M M 1 27 260
2 72 54 63 2 2 0 0.00 M M 4.9 16 250 M M 0 8 21 250
3 71 55 63 2 2 0 0.00 M M 6.0 17 260 M M 0 23 260
4 62 52 57 -4 8 0 T M M 8.2 21 260 M M 9 29 260
5 61 47 54 -7 11 0 0.09 M M 8.8 30 250 M M 4 13 40 270
6 64 46 55 -7 10 0 0.00 M M 4.5 16 260 M M 0 23 270
7 64 48 56 -6 9 0 0.00 M M 4.4 16 250 M M 0 24 270
8 73 50 62 0 3 0 0.00 M M 5.4 23 250 M M 0 8 30 260
9 80 53 67 5 0 2 0.00 M M 4.3 17 260 M M 0 24 260
10 77 57 67 5 0 2 0.00 M M 4.8 14 240 M M 0 8 17 250
11 69 55 62 0 3 0 0.00 M M 5.4 13 260 M M 5 18 M M
12 61 55 58 -4 7 0 0.00 M M 5.5 10 120 M M 10 8 M M
13 65 50 58 -4 7 0 0.23 M M 8.4 17 160 M M 9 1 32 270
14 63 48 56 -6 9 0 0.21 M M 5.4 20 230 M M 7 18 30 240
15 66 50 58 -4 7 0 0.00 M M 4.6 16 240 M M 2 18 23 260
16 76 53 65 3 0 0 0.00 M M 4.8 17 250 M M 0 21 250
17 70 56 63 1 2 0 0.00 M M 3.5 14 260 M M 1 18 19 260
18 69 55 62 0 3 0 0.00 M M 5.6 18 240 M M 4 18 26 250
19 66 57 62 0 3 0 0.00 M M 5.2 15 240 M M 8 21 240
20 68 58 63 0 2 0 0.00 M M 4.6 15 250 M M 5 20 250
21 66 56 61 -2 4 0 0.00 M M 4.8 14 260 M M 6 18 24 260
22 64 59 62 -1 3 0 0.00 M M 4.9 13 250 M M 10 18 17 270
23 66 58 62 -1 3 0 0.00 M M 7.4 15 240 M M 5 8 21 260
24 65 58 62 -1 3 0 0.00 M M 8.5 17 250 M M 4 26 270
================================================================================
SM 1625 1283 106 4 0.53 M 135.2 M 90
================================================================================
AV 67.7 53.5 5.6 FASTST M M 4 MAX(MPH)
MISC ----> 30 250 40 270
================================================================================
NOTES:
# LAST OF SEVERAL OCCURRENCES
COLUMN 17 PEAK WIND IN M.P.H.
PRELIMINARY LOCAL CLIMATOLOGICAL DATA (WS FORM: F-6) , PAGE 2
STATION: HAWTHORNE AIRPORT CA
MONTH: APRIL
YEAR: 2024
LATITUDE: 33 55 N
LONGITUDE: 118 20 W
[TEMPERATURE DATA] [PRECIPITATION DATA] SYMBOLS USED IN COLUMN 16
AVERAGE MONTHLY: 60.6 TOTAL FOR MONTH: 0.53 1 = FOG OR MIST
DPTR FM NORMAL: -1.4 DPTR FM NORMAL: 0.00 2 = FOG REDUCING VISIBILITY
HIGHEST: 80 ON 9 GRTST 24HR 0.44 ON 13-14 TO 1/4 MILE OR LESS
LOWEST: 46 ON 6 3 = THUNDER
SNOW, ICE PELLETS, HAIL 4 = ICE PELLETS
TOTAL MONTH: M 5 = HAIL
GRTST 24HR M ON M 6 = FREEZING RAIN OR DRIZZLE
GRTST DEPTH: M ON M 7 = DUSTSTORM OR SANDSTORM:
VSBY 1/2 MILE OR LESS
8 = SMOKE OR HAZE
[NO. OF DAYS WITH] [WEATHER - DAYS WITH] 9 = BLOWING SNOW
X = TORNADO
MAX 32 OR BELOW: 0 0.01 INCH OR MORE: 3
MAX 90 OR ABOVE: 0 0.10 INCH OR MORE: 2
MIN 32 OR BELOW: 0 0.50 INCH OR MORE: 0
MIN 0 OR BELOW: 0 1.00 INCH OR MORE: 0
[HDD (BASE 65) ]
TOTAL THIS MO. 106 CLEAR (SCALE 0-3) 11
DPTR FM NORMAL 17 PTCLDY (SCALE 4-7) 9
TOTAL FM JUL 1 786 CLOUDY (SCALE 8-10) 4
DPTR FM NORMAL -230
[CDD (BASE 65) ]
TOTAL THIS MO. 4
DPTR FM NORMAL -20 [PRESSURE DATA]
TOTAL FM JAN 1 15 HIGHEST SLP M ON M
DPTR FM NORMAL -40 LOWEST SLP 29.83 ON 1
[REMARKS]