000
CXUS56 KLOX 011255
CF6HHR
PRELIMINARY LOCAL CLIMATOLOGICAL DATA (WS FORM: F-6)
STATION: HAWTHORNE AIRPORT CA
MONTH: FEBRUARY
YEAR: 2023
LATITUDE: 33 55 N
LONGITUDE: 118 20 W
TEMPERATURE IN F: :PCPN: SNOW: WIND :SUNSHINE: SKY :PK WND
================================================================================
1 2 3 4 5 6A 6B 7 8 9 10 11 12 13 14 15 16 17 18
12Z AVG MX 2MIN
DY MAX MIN AVG DEP HDD CDD WTR SNW DPTH SPD SPD DIR MIN PSBL S-S WX SPD DR
================================================================================
1 69 43 56 -2 9 0 0.00 M M 1.9 14 250 M M 0 19 290
2 71 47 59 1 6 0 0.00 M M 2.5 13 250 M M 0 15 270
3 71 52 62 4 3 0 0.00 M M 2.5 15 270 M M 0 19 270
4 71 48 60 2 5 0 0.00 M M 3.0 14 270 M M 0 8 19 270
5 66 54 60 2 5 0 0.03 M M 6.6 21 270 M M 3 18 29 260
6 74 54 64 6 1 0 0.00 M M 5.3 15 260 M M 0 8 28 320
7 70 48 59 1 6 0 0.00 M M 2.9 14 250 M M 0 8 19 240
8 74 50 62 4 3 0 0.00 M M 1.9 13 260 M M 0 8 16 260
9 81 50 66 8 0 1 0.00 M M 1.5 9 260 M M 0 8 13 250
10 80 56 68 10 0 3 0.00 M M 3.0 15 250 M M 0 8 18 270
11 62 53 58 0 7 0 0.00 M M 5.8 20 250 M M 2 8 25 250
12 60 48 54 -4 11 0 0.00 M M 3.8 15 250 M M 2 20 240
13 62 51 57 -2 8 0 0.00 M M 3.9 12 150 M M 6 23 140
14 62 50 56 -3 9 0 0.00 M M 8.0 23 270 M M 6 34 270
15 64 47 56 -3 9 0 0.00 M M 5.5 17 220 M M 0 8 25 240
16 65 43 54 -5 11 0 0.00 M M 2.3 14 260 M M 0 18 260
17 69 49 59 0 6 0 0.00 M M 2.5 12 250 M M 0 16 250
18 69 49 59 0 6 0 0.00 M M 3.2 15 260 M M 0 20 260
19 68 45 57 -2 8 0 0.00 M M 2.3 13 160 M M 0 17 160
20 74 50 62 3 3 0 0.00 M M 3.5 15 250 M M 0 8 19 250
21 65 52 59 0 6 0 T M M 7.5 32 260 M M 3 46 260
22 58 50 54 -5 11 0 0.00 M M 15.8 32 260 M M 1 8 44 260
23 55 45 50 -9 15 0 0.11 M M 6.2 24 270 M M 7 38 35 260
24 58 48 53 -6 12 0 1.41 M M 13.9 30 140 M M 10 18 50 130
25 53 45 49 -10 16 0 1.65 M M 6.5 18 100 M M 9 138 27 260
26 58 42 50 -9 15 0 0.01 M M 3.9 15 230 M M 6 23 210
27 56 49 53 -6 12 0 0.21 M M 5.2 14 260 M M 10 18 17 250
28 60 49 55 -4 10 0 0.24 M M 7.2 18 250 M M 5 18 25 260
================================================================================
SM 1845 1367 213 4 3.66 M 138.1 M 70
================================================================================
AV 65.9 48.8 4.9 FASTST M M 3 MAX(MPH)
MISC ----> # 32 260 50 130
================================================================================
NOTES:
# LAST OF SEVERAL OCCURRENCES
COLUMN 17 PEAK WIND IN M.P.H.
PRELIMINARY LOCAL CLIMATOLOGICAL DATA (WS FORM: F-6) , PAGE 2
STATION: HAWTHORNE AIRPORT CA
MONTH: FEBRUARY
YEAR: 2023
LATITUDE: 33 55 N
LONGITUDE: 118 20 W
[TEMPERATURE DATA] [PRECIPITATION DATA] SYMBOLS USED IN COLUMN 16
AVERAGE MONTHLY: 57.4 TOTAL FOR MONTH: 3.66 1 = FOG OR MIST
DPTR FM NORMAL: -1.3 DPTR FM NORMAL: 0.70 2 = FOG REDUCING VISIBILITY
HIGHEST: 81 ON 9 GRTST 24HR 2.30 ON 24-25 TO 1/4 MILE OR LESS
LOWEST: 42 ON 26 3 = THUNDER
SNOW, ICE PELLETS, HAIL 4 = ICE PELLETS
TOTAL MONTH: M 5 = HAIL
GRTST 24HR M ON M 6 = FREEZING RAIN OR DRIZZLE
GRTST DEPTH: M ON M 7 = DUSTSTORM OR SANDSTORM:
VSBY 1/2 MILE OR LESS
8 = SMOKE OR HAZE
[NO. OF DAYS WITH] [WEATHER - DAYS WITH] 9 = BLOWING SNOW
X = TORNADO
MAX 32 OR BELOW: 0 0.01 INCH OR MORE: 7
MAX 90 OR ABOVE: 0 0.10 INCH OR MORE: 5
MIN 32 OR BELOW: 0 0.50 INCH OR MORE: 2
MIN 0 OR BELOW: 0 1.00 INCH OR MORE: 2
[HDD (BASE 65) ]
TOTAL THIS MO. 213 CLEAR (SCALE 0-3) 18
DPTR FM NORMAL 27 PTCLDY (SCALE 4-7) 7
TOTAL FM JUL 1 737 CLOUDY (SCALE 8-10) 3
DPTR FM NORMAL -28
[CDD (BASE 65) ]
TOTAL THIS MO. 4
DPTR FM NORMAL -5 [PRESSURE DATA]
TOTAL FM JAN 1 4 HIGHEST SLP 30.36 ON 2
DPTR FM NORMAL -2 LOWEST SLP 29.60 ON 21
[REMARKS]
#FINAL-02-23#