000
CXUS53 KGID 020103 RRA
CF6HJH
PRELIMINARY LOCAL CLIMATOLOGICAL DATA (WS FORM: F-6)
STATION: HEBRON NE
MONTH: OCTOBER
YEAR: 2022
LATITUDE: 40 9 N
LONGITUDE: 97 35 W
TEMPERATURE IN F: :PCPN: SNOW: WIND :SUNSHINE: SKY :PK WND
================================================================================
1 2 3 4 5 6A 6B 7 8 9 10 11 12 13 14 15 16 17 18
12Z AVG MX 2MIN
DY MAX MIN AVG DEP HDD CDD WTR SNW DPTH SPD SPD DIR MIN PSBL S-S WX SPD DR
================================================================================
1 83 52 68 M 0 3 T M M 7.6 16 150 M M 1 20 140
2 82 46 64 M 1 0 0.00 M M 5.5 13 150 M M 0 20 150
3 83 46 65 M 0 0 0.00 M M 7.3 16 180 M M 0 21 180
4 79 47 63 M 2 0 T M M 3.5 9 210 M M 3 16 210
5 77 49 63 M 2 0 0.00 M M 4.9 14 350 M M 2 1 21 350
6 74 46 60 M 5 0 0.00 M M 6.6 16 30 M M 1 20 360
7 57 34 46 M 19 0 0.01 M M 5.6 12 10 M M 5 9 30
8 66 28 47 M 18 0 0.00 M M 4.8 10 260 M M 1 20 250
9 77 40 59 M 6 0 0.00 M M 4.4 12 320 M M 0 17 300
10 79 36 58 M 7 0 0.00 M M 3.5 12 190 M M 0 18 190
11 83 56 70 M 0 5 0.28 M M 13.2 18 200 M M 2 3 27 210
12 70 43 57 M 8 0 T M M 9.0 20 320 M M 1 30 320
13 64 39 52 M 13 0 0.00 M M 12.6 28 310 M M 1 37 310
14 74 38 56 M 9 0 0.00 M M 8.4 18 340 M M 2 27 340
15 74 32 53 M 12 0 0.00 M M 5.7 17 300 M M 0 24 300
16 62 35 49 M 16 0 0.00 M M 7.6 17 350 M M 2 24 340
17 51 30 41 M 24 0 0.00 M M 7.9 14 350 M M 0 22 20
18 45 20 33 M 32 0 0.00 M M 5.5 12 30 M M 0 16 30
19 65 19 42 M 23 0 0.00 M M 2.2 8 250 M M 0 M M
20 78 34 56 M 9 0 0.00 M M 5.1 12 300 M M 0 17 300
21 81 40 61 M 4 0 0.00 M M 4.6 15 210 M M 0 8 20 210
22 82 35 59 M 6 0 0.00 M M 4.8 15 160 M M 2 8 22 160
23 86 60 73 M 0 8 0.00 M M 20.8 30 170 M M 2 8 40 170
24 74 37 56 M 9 0 T M M 7.7 24 200 M M 3 31 200
25 63 30 47 M 18 0 0.00 M M 5.7 17 320 M M 0 24 320
26 56 28 42 M 23 0 T M M 4.4 13 130 M M 3 16 120
27 63 47 55 M 10 0 0.32 M M 9.6 17 160 M M 9 27 140
28 64 39 52 M 13 0 0.00 M M 0.5 5 120 M M 4 1 M M
29 69 33 51 M 14 0 0.00 M M 1.3 7 140 M M 0 1 M M
30 63 41 52 M 13 0 0.00 M M 1.9 6 360 M M 1 M M
31 71 32 52 M 13 0 0.00 M M 4.6 12 190 M M 0 16 230
================================================================================
SM 2195 1192 329 16 0.61 M 196.8 M 45
================================================================================
AV 70.8 38.5 6.3 FASTST M M 1 MAX(MPH)
MISC ----> 30 170 M M
================================================================================
NOTES:
# LAST OF SEVERAL OCCURRENCES
COLUMN 17 PEAK WIND IN M.P.H.
PRELIMINARY LOCAL CLIMATOLOGICAL DATA (WS FORM: F-6) , PAGE 2
STATION: HEBRON NE
MONTH: OCTOBER
YEAR: 2022
LATITUDE: 40 9 N
LONGITUDE: 97 35 W
[TEMPERATURE DATA] [PRECIPITATION DATA] SYMBOLS USED IN COLUMN 16
AVERAGE MONTHLY: 54.6 TOTAL FOR MONTH: 0.61 1 = FOG OR MIST
DPTR FM NORMAL: M DPTR FM NORMAL: M 2 = FOG REDUCING VISIBILITY
HIGHEST: 86 ON 23 GRTST 24HR 0.32 ON 27-27 TO 1/4 MILE OR LESS
LOWEST: 19 ON 19 3 = THUNDER
SNOW, ICE PELLETS, HAIL 4 = ICE PELLETS
TOTAL MONTH: M 5 = HAIL
GRTST 24HR M ON M 6 = FREEZING RAIN OR DRIZZLE
GRTST DEPTH: M ON M 7 = DUSTSTORM OR SANDSTORM:
VSBY 1/2 MILE OR LESS
8 = SMOKE OR HAZE
[NO. OF DAYS WITH] [WEATHER - DAYS WITH] 9 = BLOWING SNOW
X = TORNADO
MAX 32 OR BELOW: 0 0.01 INCH OR MORE: 3
MAX 90 OR ABOVE: 0 0.10 INCH OR MORE: 2
MIN 32 OR BELOW: 8 0.50 INCH OR MORE: 0
MIN 0 OR BELOW: 0 1.00 INCH OR MORE: 0
[HDD (BASE 65) ]
TOTAL THIS MO. 329 CLEAR (SCALE 0-3) 26
DPTR FM NORMAL M PTCLDY (SCALE 4-7) 4
TOTAL FM JUL 1 367 CLOUDY (SCALE 8-10) 1
DPTR FM NORMAL M
[CDD (BASE 65) ]
TOTAL THIS MO. 16
DPTR FM NORMAL M [PRESSURE DATA]
TOTAL FM JAN 1 1422 HIGHEST SLP M ON M
DPTR FM NORMAL M LOWEST SLP M ON M
[REMARKS]
#FINAL-10-22#