841
CXUS54 KJAN 011510
CF6HKS
PRELIMINARY LOCAL CLIMATOLOGICAL DATA (WS FORM: F-6)
STATION: JACKSON HAWKINS
MONTH: DECEMBER
YEAR: 2020
LATITUDE: 32 20 N
LONGITUDE: 90 14 W
TEMPERATURE IN F: :PCPN: SNOW: WIND :SUNSHINE: SKY :PK WND
================================================================================
1 2 3 4 5 6A 6B 7 8 9 10 11 12 13 14 15 16 17 18
12Z AVG MX 2MIN
DY MAX MIN AVG DEP HDD CDD WTR SNW DPTH SPD SPD DIR MIN PSBL S-S WX SPD DR
================================================================================
1 55 26 41 -11 24 0 0.00 0.0 0 0.9 7 300 M M 0 11 280
2 61 27 44 -7 21 0 0.00 0.0 0 5.5 15 140 M M 0 20 150
3 52 44 48 -3 17 0 0.95 0.0 0 6.4 14 140 M M 8 1 19 140
4 52 35 44 -7 21 0 0.18 0.0 0 5.0 15 290 M M 6 1 20 300
5 58 32 45 -6 20 0 0.00 0.0 0 1.4 9 260 M M 0 1 12 250
6 54 36 45 -5 20 0 T 0.0 0 2.1 10 200 M M 3 1 13 200
7 55 36 46 -4 19 0 0.00 0.0 0 4.1 16 300 M M 0 18 23 310
8 66 32 49 -1 16 0 0.00 0.0 0 2.2 14 280 M M 0 18 19 250
9 71 34 53 3 12 0 0.00 0.0 0 3.0 13 290 M M 0 18 18 300
10 75 38 57 7 8 0 0.00 0.0 0 2.6 12 230 M M 0 8 16 200
11 70 44 57 8 8 0 0.10 0.0 0 6.5 15 170 M M 4 128 21 160
12 65 46 56 7 9 0 0.72 0.0 0 3.6 12 290 M M 7 12 17 280
13 66 44 55 6 10 0 1.16 0.0 0 7.9 32 290 M M 6 12 45 300
14 47 40 44 -5 21 0 0.01 0.0 0 8.2 20 310 M M 10 1 33 320
15 44 37 41 -8 24 0 0.11 0.0 0 3.9 12 100 M M 10 1 16 120
16 44 36 40 -8 25 0 0.12 0.0 0 7.7 15 310 M M 10 1 23 320
17 49 32 41 -7 24 0 0.00 0.0 0 4.1 13 260 M M 5 18 19 300
18 58 28 43 -5 22 0 0.00 0.0 0 4.9 15 130 M M 0 18 22 130
19 62 36 49 1 16 0 0.35 0.0 0 7.0 17 140 M M 6 1 23 160
20 55 40 48 0 17 0 T 0.0 0 2.3 12 300 M M 10 128 15 310
21 65 36 51 3 14 0 0.00 0.0 0 2.9 14 290 M M 3 128 19 280
22 70 37 54 6 11 0 0.00 M M 3.4 10 170 M M 0 18 15 180
23 66 44 55 7 10 0 1.44 M M 9.9 23 300 M M 8 13 37 350
24 53 33 43 -4 22 0 0.33 M M 12.7 28 300 M M 5 13 35 300
25 43 28 36 -11 29 0 0.00 M M 4.8 16 310 M M 0 24 310
26 60 28 44 -3 21 0 0.00 M M 4.0 12 190 M M 0 15 170
27 66 35 51 4 14 0 0.00 M M 9.2 18 180 M M 0 8 27 180
28 64 50 57 10 8 0 T M M 3.6 10 170 M M 9 15 160
29 70 47 59 12 6 0 0.00 M M 6.8 17 140 M M 2 12 23 130
30 70 56 63 16 2 0 T M M 9.4 18 170 M M 8 27 170
31 70 62 66 19 0 1 0.78 0.0 0 6.5 17 140 M M 9 13 27 140
================================================================================
SM 1856 1179 491 1 6.25 0.0 162.5 M 129
================================================================================
AV 59.9 38.0 5.2 FASTST M M 4 MAX(MPH)
MISC ----> 32 290 45 300
================================================================================
NOTES:
# LAST OF SEVERAL OCCURRENCES
COLUMN 17 PEAK WIND IN M.P.H.
PRELIMINARY LOCAL CLIMATOLOGICAL DATA (WS FORM: F-6) , PAGE 2
STATION: JACKSON HAWKINS
MONTH: DECEMBER
YEAR: 2020
LATITUDE: 32 20 N
LONGITUDE: 90 14 W
[TEMPERATURE DATA] [PRECIPITATION DATA] SYMBOLS USED IN COLUMN 16
AVERAGE MONTHLY: 49.0 TOTAL FOR MONTH: 6.25 1 = FOG OR MIST
DPTR FM NORMAL: 0.3 DPTR FM NORMAL: 1.06 2 = FOG REDUCING VISIBILITY
HIGHEST: 75 ON 10 GRTST 24HR 1.77 ON 23-24 TO 1/4 MILE OR LESS
LOWEST: 26 ON 1 3 = THUNDER
SNOW, ICE PELLETS, HAIL 4 = ICE PELLETS
TOTAL MONTH: 0.0 INCH 5 = HAIL
GRTST 24HR 0.0 6 = FREEZING RAIN OR DRIZZLE
GRTST DEPTH: 0 7 = DUSTSTORM OR SANDSTORM:
VSBY 1/2 MILE OR LESS
8 = SMOKE OR HAZE
[NO. OF DAYS WITH] [WEATHER - DAYS WITH] 9 = BLOWING SNOW
X = TORNADO
MAX 32 OR BELOW: 0 0.01 INCH OR MORE: 12
MAX 90 OR ABOVE: 0 0.10 INCH OR MORE: 11
MIN 32 OR BELOW: 8 0.50 INCH OR MORE: 5
MIN 0 OR BELOW: 0 1.00 INCH OR MORE: 2
[HDD (BASE 65) ]
TOTAL THIS MO. 491 CLEAR (SCALE 0-3) 14
DPTR FM NORMAL -23 PTCLDY (SCALE 4-7) 11
TOTAL FM JUL 1 724 CLOUDY (SCALE 8-10) 6
DPTR FM NORMAL -154
[CDD (BASE 65) ]
TOTAL THIS MO. 1
DPTR FM NORMAL -8 [PRESSURE DATA]
TOTAL FM JAN 1 2513 HIGHEST SLP 30.41 ON 18
DPTR FM NORMAL 177 LOWEST SLP 29.69 ON 31
[REMARKS]
#FINAL-12-20#