000
CXHW50 PHFO 011625
CLMHNL
CLIMATE REPORT
NATIONAL WEATHER SERVICE HONOLULU HI
625 AM HST FRI DEC 01 2023
...................................
...THE HONOLULU HI CLIMATE SUMMARY FOR THE MONTH OF NOVEMBER 2023...
CLIMATE NORMAL PERIOD 1991 TO 2020
CLIMATE RECORD PERIOD 1940 TO 2023
WEATHER OBSERVED NORMAL DEPART LAST YEAR`S
VALUE DATE(S) VALUE FROM VALUE DATE(S)
NORMAL
................................................................
TEMPERATURE (F)
RECORD
HIGH 93 11/06/1986
LOW 57 11/25/1990
HIGHEST 89 11/03 84 5 90 11/09
LOWEST 66 11/18 71 -5 64 11/26
AVG. MAXIMUM 83.9 84.1 -0.2 85.1
AVG. MINIMUM 71.9 71.8 0.1 71.8
MEAN 77.9 78.0 -0.1 78.5
DAYS MAX >= 93 0 1
DAYS MAX >= 90 0 0
DAYS MAX <= 80 5 2
DAYS MIN >= 72 15 15
DAYS MIN <= 60 0 0
DAYS MIN <= 55 0 0
PRECIPITATION (INCHES)
RECORD
MAXIMUM 18.79 1996
MINIMUM 0.03 1962
TOTALS 2.14 2.25 -0.11 0.15
DAILY AVG. 0.07 0.08 -0.00 0.00
DAYS >= .01 8 8.6 -0.6 8
DAYS >= .10 1 2.9 -1.9 0
DAYS >= .50 0 1.2 -1.2 0
DAYS >= 1.00 0 0.6 -0.6 0
GREATEST
24 HR. TOTAL 1.54 11/29 TO 11/29 0.04
SNOWFALL (INCHES)
RECORDS
TOTAL MM MM
TOTALS MM MM MM MM
SINCE 7/1 MM MM MM MM
SNOWDEPTH AVG. MM MM
DAYS >= 1.0 MM MM MM MM
GREATEST
SNOW DEPTH MM MM MM
24 HR TOTAL MM MM
DEGREE DAYS
HEATING TOTAL 0 0 0 0
SINCE 7/1 0 0 0 MM
COOLING TOTAL 393 388 5 399
SINCE 1/1 4676 4440 236 MM
................................................................
WIND (MPH)
AVERAGE WIND SPEED 10.1
HIGHEST WIND SPEED/DIRECTION 31/080 DATE 11/06
SKY COVER
POSSIBLE SUNSHINE (PERCENT) MM
AVERAGE SKY COVER 0.51
NUMBER OF DAYS FAIR 4
NUMBER OF DAYS PC 24
NUMBER OF DAYS CLOUDY 2
AVERAGE RH (PERCENT) 76
WEATHER CONDITIONS. NUMBER OF DAYS WITH
THUNDERSTORM 0 MIXED PRECIP 0
HEAVY RAIN 3 RAIN 2
LIGHT RAIN 18 FREEZING RAIN 0
LT FREEZING RAIN 0 HAIL 0
HEAVY SNOW 0 SNOW 0
LIGHT SNOW 0 SLEET 0
FOG 7 FOG W/VIS <= 1/4 MILE 0
HAZE 0
- INDICATES NEGATIVE NUMBERS.
R INDICATES RECORD WAS SET OR TIED.
MM INDICATES DATA IS MISSING.
T INDICATES TRACE AMOUNT.
$$