000
CXUS54 KMAF 011210
CF6HOB
PRELIMINARY LOCAL CLIMATOLOGICAL DATA (WS FORM: F-6)
STATION: LEA AIRPORT, HOBBS
MONTH: JANUARY
YEAR: 2023
LATITUDE: 32 40 N
LONGITUDE: 103-12 E
TEMPERATURE IN F: :PCPN: SNOW: WIND :SUNSHINE: SKY :PK WND
================================================================================
1 2 3 4 5 6A 6B 7 8 9 10 11 12 13 14 15 16 17 18
12Z AVG MX 2MIN
DY MAX MIN AVG DEP HDD CDD WTR SNW DPTH SPD SPD DIR MIN PSBL S-S WX SPD DR
================================================================================
1 68 48 58 M 7 0 0.00 M M 11.3 17 260 M M 0 24 190
2 64 39 52 M 13 0 0.00 M M 16.5 41 270 M M 2 48 270
3 55 34 45 M 20 0 0.00 M M 11.0 15 260 M M 1 21 250
4 63 36 50 M 15 0 0.00 M M 13.1 24 280 M M 0 23 260
5 63 28 46 M 19 0 0.00 M M 8.7 13 180 M M 0 20 180
6 73 36 55 M 10 0 0.00 M M 11.4 24 240 M M 0 35 240
7 52 28 40 M 25 0 0.00 M M 7.5 14 330 M M 0 16 10
8 63 23 43 M 22 0 0.00 M M 8.1 14 190 M M 0 M M
9 70 30 50 M 15 0 0.00 M M 7.6 16 280 M M 0 23 280
10 73 41 57 M 8 0 0.00 M M 13.2 25 250 M M 0 37 250
11 70 39 55 M 10 0 0.00 M M 18.7 39 240 M M 0 49 240
12 57 30 44 M 21 0 0.00 M M 11.5 31 320 M M 0 40 320
13 63 25 44 M 21 0 0.00 M M 8.1 16 180 M M 0 23 180
14 73 32 53 M 12 0 0.00 M M 10.4 15 200 M M 2 24 200
15 70 41 56 M 9 0 0.00 M M 15.5 26 230 M M 3 36 230
16 63 48 56 M 9 0 0.00 M M 21.6 29 240 M M 5 39 230
17 63 46 55 M 10 0 0.01 M M 11.7 17 260 M M 5 26 180
18 55 34 45 M 20 0 0.00 M M 18.0 32 240 M M 0 41 240
19 52 25 39 M 26 0 0.00 M M 8.1 12 150 M M 0 13 310
20 64 28 46 M 19 0 0.00 M M 8.6 14 160 M M 0 22 150
21 52 25 39 M 26 0 0.00 M M 12.0 21 290 M M 1 30 300
22 52 19 36 M 29 0 0.00 M M 8.9 13 270 M M 0 M M
23 52 27 40 M 25 0 0.01 M M 20.6 31 90 M M 3 39 90
24 39 27 33 M 32 0 0.00 M M 12.1 20 70 M M 8 24 70
25 45 25 35 M 30 0 0.00 M M 7.4 13 20 M M 6 18 300
26 45 19 32 M 33 0 0.00 M M 6.9 10 230 M M 0 15 200
27 54 21 38 M 27 0 0.00 M M 9.5 17 220 M M 0 22 240
28 64 27 46 M 19 0 0.00 M M 13.2 31 240 M M 0 40 240
29 46 27 37 M 28 0 0.00 M M 9.9 14 50 M M 1 18 50
30 30 21 26 M 39 0 0.00 M M 9.5 16 70 M M 10 1 21 60
31 25 21 23 M 42 0 0.00 M M 7.9 12 40 M M 9 1 15 30
================================================================================
SM 1778 950 641 0 0.02 M 358.5 M 56
================================================================================
AV 57.4 30.6 11.6 FASTST M M 2 MAX(MPH)
MISC ----> 41 270 49 240
================================================================================
NOTES:
# LAST OF SEVERAL OCCURRENCES
COLUMN 17 PEAK WIND IN M.P.H.
PRELIMINARY LOCAL CLIMATOLOGICAL DATA (WS FORM: F-6) , PAGE 2
STATION: LEA AIRPORT, HOBBS
MONTH: JANUARY
YEAR: 2023
LATITUDE: 32 40 N
LONGITUDE: 103-12 E
[TEMPERATURE DATA] [PRECIPITATION DATA] SYMBOLS USED IN COLUMN 16
AVERAGE MONTHLY: 44.0 TOTAL FOR MONTH: 0.02 1 = FOG OR MIST
DPTR FM NORMAL: 0.0 DPTR FM NORMAL: M 2 = FOG REDUCING VISIBILITY
HIGHEST: 73 ON 14,10 GRTST 24HR 0.11 ON 23-24 TO 1/4 MILE OR LESS
LOWEST: 19 ON 26,22 3 = THUNDER
SNOW, ICE PELLETS, HAIL 4 = ICE PELLETS
TOTAL MONTH: M 5 = HAIL
GRTST 24HR M ON M 6 = FREEZING RAIN OR DRIZZLE
GRTST DEPTH: M ON M 7 = DUSTSTORM OR SANDSTORM:
VSBY 1/2 MILE OR LESS
8 = SMOKE OR HAZE
[NO. OF DAYS WITH] [WEATHER - DAYS WITH] 9 = BLOWING SNOW
X = TORNADO
MAX 32 OR BELOW: 2 0.01 INCH OR MORE: 2
MAX 90 OR ABOVE: 0 0.10 INCH OR MORE: 0
MIN 32 OR BELOW: 20 0.50 INCH OR MORE: 0
MIN 0 OR BELOW: 0 1.00 INCH OR MORE: 0
[HDD (BASE 65) ]
TOTAL THIS MO. 641 CLEAR (SCALE 0-3) 25
DPTR FM NORMAL M PTCLDY (SCALE 4-7) 4
TOTAL FM JUL 1 1949 CLOUDY (SCALE 8-10) 2
DPTR FM NORMAL M
[CDD (BASE 65) ]
TOTAL THIS MO. 0
DPTR FM NORMAL M [PRESSURE DATA]
TOTAL FM JAN 1 0 HIGHEST SLP M ON M
DPTR FM NORMAL M LOWEST SLP M ON M
[REMARKS]
#FINAL-01-23#