000
CXUS54 KMAF 011110
CF6HOB
PRELIMINARY LOCAL CLIMATOLOGICAL DATA (WS FORM: F-6)
STATION: LEA AIRPORT, HOBBS
MONTH: JUNE
YEAR: 2021
LATITUDE: 32 40 N
LONGITUDE: 103-12 E
TEMPERATURE IN F: :PCPN: SNOW: WIND :SUNSHINE: SKY :PK WND
================================================================================
1 2 3 4 5 6A 6B 7 8 9 10 11 12 13 14 15 16 17 18
12Z AVG MX 2MIN
DY MAX MIN AVG DEP HDD CDD WTR SNW DPTH SPD SPD DIR MIN PSBL S-S WX SPD DR
================================================================================
1 81 57 69 M 0 4 0.00 M M 6.3 14 210 M M 6 16 120
2 86 59 73 M 0 8 0.39 M M 10.0 22 130 M M 4 3 40 220
3 81 59 70 M 0 5 0.00 M M 5.4 12 110 M M 3 17 50
4 82 57 70 M 0 5 0.00 M M 7.8 17 130 M M 2 22 120
5 91 59 75 M 0 10 0.00 M M 11.6 18 180 M M 1 26 190
6 97 63 80 M 0 15 0.00 M M 10.4 28 320 M M 3 35 320
7 100 66 83 M 0 18 0.00 M M 6.6 10 240 M M 0 15 260
8 100 61 81 M 0 16 0.00 M M 10.6 16 180 M M 1 1 28 180
9 104 70 87 M 0 22 0.00 M M 8.8 15 230 M M 0 18 21 200
10 106 70 88 M 0 23 0.00 M M 9.0 22 160 M M 0 1 28 160
11 108 70 89 M 0 24 0.00 M M 8.8 16 190 M M 0 21 70
12 102 70 86 M 0 21 0.00 M M 9.7 17 140 M M 0 26 140
13 99 77 88 M 0 23 0.00 M M 10.8 18 140 M M 1 30 150
14 97 52 75 M 0 10 0.00 M M 10.6 21 90 M M 0 26 100
15 93 64 79 M 0 14 0.00 M M 6.6 13 140 M M 2 17 150
16 95 70 83 M 0 18 0.00 M M 9.2 18 120 M M 0 24 120
17 93 66 80 M 0 15 0.00 M M 8.9 15 140 M M 0 20 150
18 95 64 80 M 0 15 0.00 M M 8.9 16 150 M M 0 25 140
19 95 66 81 M 0 16 0.00 M M 9.5 15 150 M M 0 23 140
20 104 70 87 M 0 22 0.00 M M 11.2 30 280 M M 0 8 56 150
21 84 73 79 M 0 14 0.00 M M 14.9 30 30 M M 1 7 38 30
22 91 64 78 M 0 13 0.00 M M 9.8 16 170 M M 3 23 170
23 100 72 86 M 0 21 0.00 M M 14.0 21 170 M M 0 28 140
24 99 72 86 M 0 21 0.00 M M 12.2 21 290 M M 1 3 32 290
25 100 73 87 M 0 22 0.00 M M 12.7 25 160 M M 1 33 170
26 95 66 81 M 0 16 0.00 M M 13.3 23 180 M M 2 31 180
27 79 63 71 M 0 6 0.64 M M 9.3 24 30 M M 6 3 32 30
28 70 64 67 M 0 2 0.44 M M 10.8 13 80 M M 9 1 22 80
29 81 64 73 M 0 8 0.35 M M 9.5 14 120 M M 8 20 110
30 79 66 73 M 0 8 0.00 M M 8.6 17 150 M M 7 24 150
================================================================================
SM 2787 1967 0 435 1.82 M 295.5 M 61
================================================================================
AV 92.9 65.6 9.9 FASTST M M 2 MAX(MPH)
MISC ----> # 30 280 56 150
================================================================================
NOTES:
# LAST OF SEVERAL OCCURRENCES
COLUMN 17 PEAK WIND IN M.P.H.
PRELIMINARY LOCAL CLIMATOLOGICAL DATA (WS FORM: F-6) , PAGE 2
STATION: LEA AIRPORT, HOBBS
MONTH: JUNE
YEAR: 2021
LATITUDE: 32 40 N
LONGITUDE: 103-12 E
[TEMPERATURE DATA] [PRECIPITATION DATA] SYMBOLS USED IN COLUMN 16
AVERAGE MONTHLY: 79.2 TOTAL FOR MONTH: 1.82 1 = FOG OR MIST
DPTR FM NORMAL: 0.0 DPTR FM NORMAL: M 2 = FOG REDUCING VISIBILITY
HIGHEST: 108 ON 11 GRTST 24HR 0.64 ON 27-27 TO 1/4 MILE OR LESS
LOWEST: 52 ON 14 3 = THUNDER
SNOW, ICE PELLETS, HAIL 4 = ICE PELLETS
TOTAL MONTH: M 5 = HAIL
GRTST 24HR M ON M 6 = FREEZING RAIN OR DRIZZLE
GRTST DEPTH: M ON M 7 = DUSTSTORM OR SANDSTORM:
VSBY 1/2 MILE OR LESS
8 = SMOKE OR HAZE
[NO. OF DAYS WITH] [WEATHER - DAYS WITH] 9 = BLOWING SNOW
X = TORNADO
MAX 32 OR BELOW: 0 0.01 INCH OR MORE: 4
MAX 90 OR ABOVE: 21 0.10 INCH OR MORE: 4
MIN 32 OR BELOW: 0 0.50 INCH OR MORE: 1
MIN 0 OR BELOW: 0 1.00 INCH OR MORE: 0
[HDD (BASE 65) ]
TOTAL THIS MO. 0 CLEAR (SCALE 0-3) 23
DPTR FM NORMAL M PTCLDY (SCALE 4-7) 5
TOTAL FM JUL 1 3265 CLOUDY (SCALE 8-10) 2
DPTR FM NORMAL M
[CDD (BASE 65) ]
TOTAL THIS MO. 435
DPTR FM NORMAL M [PRESSURE DATA]
TOTAL FM JAN 1 661 HIGHEST SLP M ON M
DPTR FM NORMAL M LOWEST SLP M ON M
[REMARKS]
#FINAL-06-21#