000
CXUS54 KMAF 011210
CF6HOB
PRELIMINARY LOCAL CLIMATOLOGICAL DATA (WS FORM: F-6)
STATION: LEA AIRPORT, HOBBS
MONTH: JANUARY
YEAR: 2024
LATITUDE: 32 40 N
LONGITUDE: 103-12 E
TEMPERATURE IN F: :PCPN: SNOW: WIND :SUNSHINE: SKY :PK WND
================================================================================
1 2 3 4 5 6A 6B 7 8 9 10 11 12 13 14 15 16 17 18
12Z AVG MX 2MIN
DY MAX MIN AVG DEP HDD CDD WTR SNW DPTH SPD SPD DIR MIN PSBL S-S WX SPD DR
================================================================================
1 52 23 38 M 27 0 0.00 M M 6.5 9 150 M M 0 M M
2 48 30 39 M 26 0 0.00 M M 6.0 10 330 M M 6 M M
3 59 25 42 M 23 0 0.00 M M 6.9 10 120 M M 0 1 M M
4 43 30 37 M 28 0 0.00 M M 11.6 22 140 M M 6 12 30 140
5 52 30 41 M 24 0 0.00 M M 11.3 25 290 M M 3 32 290
6 46 27 37 M 28 0 0.00 M M 8.7 24 310 M M 3 31 280
7 59 21 40 M 25 0 0.00 M M 18.1 29 150 M M 2 40 150
8 48 27 38 M 27 0 0.00 M M 25.2 38 300 M M 4 48 280
9 48 23 36 M 29 0 0.00 M M 11.3 17 240 M M 0 25 250
10 61 34 48 M 17 0 0.00 M M 15.2 21 240 M M 0 29 230
11 63 30 47 M 18 0 0.00 M M 21.9 40 250 M M 1 7 55 260
12 50 25 38 M 27 0 0.00 M M 12.4 33 300 M M 0 44 300
13 64 18 41 M 24 0 0.00 M M 10.7 20 60 M M 0 28 60
14 30 10 20 M 45 0 0.00 M M 11.6 15 80 M M 1 22 70
15 41 7 24 M 41 0 0.00 M M 11.5 25 40 M M 2 33 50
16 30 9 20 M 45 0 0.00 M M 7.2 14 30 M M 2 18 180
17 66 14 40 M 25 0 0.00 M M 10.6 24 230 M M 0 20 210
18 70 39 55 M 10 0 0.00 M M 12.0 21 10 M M 0 33 10
19 37 19 28 M 37 0 0.00 M M 12.7 29 20 M M 2 37 20
20 37 16 27 M 38 0 0.00 M M 8.3 13 110 M M 1 16 130
21 46 25 36 M 29 0 0.00 M M 8.5 13 140 M M 6 1 18 140
22 64 34 49 M 16 0 0.00 M M 7.7 20 250 M M 4 12 23 210
23 57 39 48 M 17 0 0.00 M M 7.5 14 100 M M 7 12 18 80
24 57 39 48 M 17 0 0.00 M M 6.2 14 250 M M 8 12 17 200
25 59 28 44 M 21 0 0.00 M M 6.7 13 210 M M 1 2 M M
26 48 37 43 M 22 0 0.00 M M 11.0 21 350 M M 8 28 350
27 59 34 47 M 18 0 0.00 M M 8.1 21 350 M M 0 17 320
28 63 27 45 M 20 0 0.00 M M 6.1 12 190 M M 0 21 200
29 66 32 49 M 16 0 0.00 M M 6.1 10 140 M M 1 17 99
30 68 30 49 M 16 0 0.00 M M 5.6 9 320 M M 1 M M
31 68 36 52 M 13 0 0.00 M M 7.7 15 160 M M 1 22 170
================================================================================
SM 1659 818 769 0 0.00 M 320.7 M 70
================================================================================
AV 53.5 26.4 10.3 FASTST M M 2 MAX(MPH)
MISC ----> 40 250 55 260
================================================================================
NOTES:
# LAST OF SEVERAL OCCURRENCES
COLUMN 17 PEAK WIND IN M.P.H.
PRELIMINARY LOCAL CLIMATOLOGICAL DATA (WS FORM: F-6) , PAGE 2
STATION: LEA AIRPORT, HOBBS
MONTH: JANUARY
YEAR: 2024
LATITUDE: 32 40 N
LONGITUDE: 103-12 E
[TEMPERATURE DATA] [PRECIPITATION DATA] SYMBOLS USED IN COLUMN 16
AVERAGE MONTHLY: 40.0 TOTAL FOR MONTH: 0.00 1 = FOG OR MIST
DPTR FM NORMAL: 0.0 DPTR FM NORMAL: -0.46 2 = FOG REDUCING VISIBILITY
HIGHEST: 70 ON 18 GRTST 24HR 0.12 ON 26-26 TO 1/4 MILE OR LESS
LOWEST: 7 ON 15 3 = THUNDER
SNOW, ICE PELLETS, HAIL 4 = ICE PELLETS
TOTAL MONTH: M 5 = HAIL
GRTST 24HR M ON M 6 = FREEZING RAIN OR DRIZZLE
GRTST DEPTH: M ON M 7 = DUSTSTORM OR SANDSTORM:
VSBY 1/2 MILE OR LESS
8 = SMOKE OR HAZE
[NO. OF DAYS WITH] [WEATHER - DAYS WITH] 9 = BLOWING SNOW
X = TORNADO
MAX 32 OR BELOW: 2 0.01 INCH OR MORE: 0
MAX 90 OR ABOVE: 0 0.10 INCH OR MORE: 0
MIN 32 OR BELOW: 23 0.50 INCH OR MORE: 0
MIN 0 OR BELOW: 0 1.00 INCH OR MORE: 0
[HDD (BASE 65) ]
TOTAL THIS MO. 769 CLEAR (SCALE 0-3) 22
DPTR FM NORMAL M PTCLDY (SCALE 4-7) 8
TOTAL FM JUL 1 1870 CLOUDY (SCALE 8-10) 1
DPTR FM NORMAL M
[CDD (BASE 65) ]
TOTAL THIS MO. 0
DPTR FM NORMAL M [PRESSURE DATA]
TOTAL FM JAN 1 0 HIGHEST SLP M ON M
DPTR FM NORMAL M LOWEST SLP M ON M
[REMARKS]
#FINAL-01-24#