000
CXUS54 KLZK 011330
CF6HRO
PRELIMINARY LOCAL CLIMATOLOGICAL DATA (WS FORM: F-6)
STATION: HARRISON
MONTH: DECEMBER
YEAR: 2023
LATITUDE: 36 15 N
LONGITUDE: 93 9 W
TEMPERATURE IN F: :PCPN: SNOW: WIND :SUNSHINE: SKY :PK WND
================================================================================
1 2 3 4 5 6A 6B 7 8 9 10 11 12 13 14 15 16 17 18
12Z AVG MX 2MIN
DY MAX MIN AVG DEP HDD CDD WTR SNW DPTH SPD SPD DIR MIN PSBL S-S WX SPD DR
================================================================================
1 56 43 50 7 15 0 0.00 0.0 0 7.8 17 160 M M 10 25 250
2 52 41 47 4 18 0 0.02 0.0 0 4.3 12 120 M M 7 16 130
3 63 36 50 7 15 0 0.00 0.0 0 7.6 22 270 M M 1 43 250
4 52 36 44 2 21 0 0.00 0.0 0 6.8 20 280 M M 3 37 290
5 54 36 45 3 20 0 0.00 0.0 0 9.3 21 310 M M 0 34 320
6 55 27 41 -1 24 0 0.00 0.0 0 5.1 10 120 M M 0 14 130
7 67 41 54 12 11 0 0.00 0.0 0 8.7 21 180 M M 0 32 190
8 63 49 56 15 9 0 0.00 0.0 0 9.1 17 160 M M 7 24 150
9 63 38 51 10 14 0 0.00 0.0 0 9.2 18 310 M M 2 32 300
10 48 28 38 -3 27 0 0.00 0.0 0 7.7 14 290 M M 0 22 330
11 57 24 41 1 24 0 0.00 0.0 0 3.0 12 270 M M 0 17 260
12 60 34 47 7 18 0 0.00 0.0 0 3.1 9 120 M M 0 13 130
13 58 33 46 6 19 0 0.00 0.0 0 4.9 15 130 M M 0 19 150
14 61 33 47 7 18 0 0.00 0.0 0 6.9 15 130 M M 1 21 130
15 55 44 50 10 15 0 0.17 0.0 0 7.3 16 120 M M 3 26 130
16 50 36 43 4 22 0 T 0.0 0 6.4 15 300 M M 8 22 270
17 57 31 44 5 21 0 0.00 0.0 0 6.5 12 290 M M 0 20 290
18 45 28 37 -2 28 0 0.00 0.0 0 8.8 21 330 M M 0 28 320
19 52 21 37 -2 28 0 0.00 0.0 0 9.7 20 140 M M 0 24 160
20 59 39 49 10 16 0 0.00 0.0 0 9.6 18 150 M M 0 23 140
21 57 41 49 11 16 0 0.02 0.0 0 7.6 14 150 M M 8 17 130
22 60 48 54 16 11 0 0.06 0.0 0 6.3 13 150 M M 10 17 190
23 67 46 57 19 8 0 T 0.0 0 7.4 15 170 M M 8 12 20 160
24 59 53 56 18 9 0 0.37 0.0 0 13.0 21 160 M M 10 1 30 160
25 53 31 42 4 23 0 0.21 T 0 9.8 21 270 M M 9 14 34 250
26 48 30 39 1 26 0 0.00 0.0 0 9.6 20 170 M M 3 28 190
27 43 33 38 0 27 0 T T 0 8.7 18 300 M M 10 27 300
28 37 32 35 -3 30 0 T T 0 8.3 14 330 M M 9 24 290
29 36 31 34 -3 31 0 T T 0 8.6 15 310 M M 7 1 25 310
30 56 30 43 6 22 0 0.00 0.0 0 5.5 14 310 M M 0 21 310
31 48 30 39 2 26 0 0.00 0.0 0 6.8 13 330 M M 4 19 320
================================================================================
SM 1691 1103 612 0 0.85 T 233.4 M 120
================================================================================
AV 54.5 35.6 7.5 FASTST M M 4 MAX(MPH)
MISC ----> 22 270 43 250
================================================================================
NOTES:
# LAST OF SEVERAL OCCURRENCES
COLUMN 17 PEAK WIND IN M.P.H.
PRELIMINARY LOCAL CLIMATOLOGICAL DATA (WS FORM: F-6) , PAGE 2
STATION: HARRISON
MONTH: DECEMBER
YEAR: 2023
LATITUDE: 36 15 N
LONGITUDE: 93 9 W
[TEMPERATURE DATA] [PRECIPITATION DATA] SYMBOLS USED IN COLUMN 16
AVERAGE MONTHLY: 45.1 TOTAL FOR MONTH: 0.85 1 = FOG OR MIST
DPTR FM NORMAL: 5.4 DPTR FM NORMAL: -2.09 2 = FOG REDUCING VISIBILITY
HIGHEST: 67 ON 7,23 GRTST 24HR 0.98 ON 30- 1 TO 1/4 MILE OR LESS
LOWEST: 21 ON 19 3 = THUNDER
SNOW, ICE PELLETS, HAIL 4 = ICE PELLETS
TOTAL MONTH: T 5 = HAIL
GRTST 24HR T ON 25-25 6 = FREEZING RAIN OR DRIZZLE
GRTST DEPTH: 0 7 = DUSTSTORM OR SANDSTORM:
VSBY 1/2 MILE OR LESS
8 = SMOKE OR HAZE
[NO. OF DAYS WITH] [WEATHER - DAYS WITH] 9 = BLOWING SNOW
X = TORNADO
MAX 32 OR BELOW: 0 0.01 INCH OR MORE: 6
MAX 90 OR ABOVE: 0 0.10 INCH OR MORE: 3
MIN 32 OR BELOW: 12 0.50 INCH OR MORE: 0
MIN 0 OR BELOW: 0 1.00 INCH OR MORE: 0
[HDD (BASE 65) ]
TOTAL THIS MO. 612 CLEAR (SCALE 0-3) 16
DPTR FM NORMAL -172 PTCLDY (SCALE 4-7) 8
TOTAL FM JUL 1 1264 CLOUDY (SCALE 8-10) 7
DPTR FM NORMAL -270
[CDD (BASE 65) ]
TOTAL THIS MO. 0
DPTR FM NORMAL 0 [PRESSURE DATA]
TOTAL FM JAN 1 1589 HIGHEST SLP 30.65 ON 14
DPTR FM NORMAL 116 LOWEST SLP 29.67 ON 8
[REMARKS]
#FINAL-12-23#