000
CXUS53 KIND 010600
CF6HUF
PRELIMINARY LOCAL CLIMATOLOGICAL DATA (WS FORM: F-6)
STATION: TERRE HAUTE IN
MONTH: JULY
YEAR: 2020
LATITUDE: 39 27 N
LONGITUDE: 87 18 W
TEMPERATURE IN F: :PCPN: SNOW: WIND :SUNSHINE: SKY :PK WND
================================================================================
1 2 3 4 5 6A 6B 7 8 9 10 11 12 13 14 15 16 17 18
12Z AVG MX 2MIN
DY MAX MIN AVG DEP HDD CDD WTR SNW DPTH SPD SPD DIR MIN PSBL S-S WX SPD DR
================================================================================
1 87 67 77 2 0 12 0.00 M M 4.1 13 150 M M 2 1 19 130
2 91 69 80 5 0 15 0.00 M M 4.5 13 80 M M 1 1 17 90
3 91 65 78 2 0 13 0.00 M M 3.0 12 60 M M 0 1 15 60
4 92 67 80 4 0 15 0.00 M M 4.2 14 20 M M 1 1 19 40
5 94 70 82 6 0 17 0.00 M M 4.1 12 10 M M 1 18 15 350
6 92 70 81 5 0 16 0.00 M M 2.8 9 140 M M 0 13 14 170
7 90 71 81 5 0 16 T M M 2.5 21 210 M M 1 3 29 220
8 94 70 82 6 0 17 T M M 4.1 18 320 M M 1 138 26 330
9 93 69 81 5 0 16 0.00 M M 5.3 15 210 M M 0 1 20 200
10 88 70 79 3 0 14 0.00 M M 9.0 22 310 M M 4 28 290
11 92 63 78 2 0 13 1.59 M M 6.8 37 360 M M 2 123 46 360
12 85 63 74 -1 0 9 0.09 M M 4.7 13 10 M M 4 13 17 10
13 83 59 71 -4 0 6 0.00 M M 3.9 12 40 M M 1 1 17 40
14 85 59 72 -3 0 7 0.00 M M 2.3 9 140 M M 0 1 12 190
15 88 62 75 0 0 10 0.27 0.0 0 6.6 18 220 M M 1 13 29 210
16 83 69 76 1 0 11 T 0.0 0 6.8 18 200 M M 8 1 28 230
17 88 65 77 2 0 12 0.00 M M 3.0 10 180 M M 2 12 13 210
18 91 70 81 6 0 16 0.00 M M 7.9 17 190 M M 1 1 23 200
19 91 71 81 6 0 16 1.12 M M 9.9 26 10 M M 4 13 35 10
20 85 70 78 3 0 13 0.49 M M 3.1 16 290 M M 4 13 27 310
21 87 70 79 4 0 14 0.77 M M 4.8 31 320 M M 4 13 45 330
22 86 70 78 3 0 13 0.66 M M 6.4 15 260 M M 6 13 26 290
23 86 68 77 2 0 12 0.00 M M 3.2 12 330 M M 5 17 340
24 85 63 74 0 0 9 0.00 M M 3.1 10 350 M M 1 12 15 350
25 89 62 76 2 0 11 0.00 M M 0.9 7 340 M M 1 12 10 350
26 91 68 80 6 0 15 0.00 M M 5.4 13 250 M M 0 1 17 240
27 90 73 82 8 0 17 0.46 M M 7.9 32 260 M M 3 1238 46 250
28 87 68 78 4 0 13 0.00 M M 1.8 7 340 M M 2 11 270
29 88 64 76 2 0 11 0.00 M M 2.8 10 250 M M 0 1 13 260
30 76 70 73 -1 0 8 1.24 M M 6.3 17 80 M M 8 1 24 80
31 79 66 73 -1 0 8 0.22 M M 7.0 15 60 M M 10 1 22 80
================================================================================
SM 2727 2081 0 395 6.91 0.0 148.2 M 78
================================================================================
AV 88.0 67.1 4.8 FASTST M M 3 MAX(MPH)
MISC ----> 37 360 # 46 360
================================================================================
NOTES:
# LAST OF SEVERAL OCCURRENCES
COLUMN 17 PEAK WIND IN M.P.H.
PRELIMINARY LOCAL CLIMATOLOGICAL DATA (WS FORM: F-6) , PAGE 2
STATION: TERRE HAUTE IN
MONTH: JULY
YEAR: 2020
LATITUDE: 39 27 N
LONGITUDE: 87 18 W
[TEMPERATURE DATA] [PRECIPITATION DATA] SYMBOLS USED IN COLUMN 16
AVERAGE MONTHLY: 77.5 TOTAL FOR MONTH: 6.91 1 = FOG OR MIST
DPTR FM NORMAL: 2.5 DPTR FM NORMAL: 2.12 2 = FOG REDUCING VISIBILITY
HIGHEST: 94 ON 8, 5 GRTST 24HR 1.68 ON 11-12 TO 1/4 MILE OR LESS
LOWEST: 59 ON 14,13 3 = THUNDER
SNOW, ICE PELLETS, HAIL 4 = ICE PELLETS
TOTAL MONTH: 0.0 INCH 5 = HAIL
GRTST 24HR 0.0 6 = FREEZING RAIN OR DRIZZLE
GRTST DEPTH: 0 7 = DUSTSTORM OR SANDSTORM:
VSBY 1/2 MILE OR LESS
8 = SMOKE OR HAZE
[NO. OF DAYS WITH] [WEATHER - DAYS WITH] 9 = BLOWING SNOW
X = TORNADO
MAX 32 OR BELOW: 0 0.01 INCH OR MORE: 10
MAX 90 OR ABOVE: 13 0.10 INCH OR MORE: 9
MIN 32 OR BELOW: 0 0.50 INCH OR MORE: 5
MIN 0 OR BELOW: 0 1.00 INCH OR MORE: 3
[HDD (BASE 65) ]
TOTAL THIS MO. 0 CLEAR (SCALE 0-3) 21
DPTR FM NORMAL -1 PTCLDY (SCALE 4-7) 9
TOTAL FM JUL 1 0 CLOUDY (SCALE 8-10) 1
DPTR FM NORMAL 0
[CDD (BASE 65) ]
TOTAL THIS MO. 395
DPTR FM NORMAL 84 [PRESSURE DATA]
TOTAL FM JAN 1 777 HIGHEST SLP M ON M
DPTR FM NORMAL 145 LOWEST SLP 29.78 ON 12
[REMARKS]
#FINAL-07-20#