000
CXUS51 KCAR 010700
CF6HUL
PRELIMINARY LOCAL CLIMATOLOGICAL DATA (WS FORM: F-6)
STATION: HOULTON ME
MONTH: MARCH
YEAR: 2022
LATITUDE: 46 7 N
LONGITUDE: 67 48 W
TEMPERATURE IN F: :PCPN: SNOW: WIND :SUNSHINE: SKY :PK WND
================================================================================
1 2 3 4 5 6A 6B 7 8 9 10 11 12 13 14 15 16 17 18
12Z AVG MX 2MIN
DY MAX MIN AVG DEP HDD CDD WTR SNW DPTH SPD SPD DIR MIN PSBL S-S WX SPD DR
================================================================================
1 23 -14 5 -15 60 0 0.05 M M 4.2 13 190 M M 4 1 19 200
2 28 6 17 -3 48 0 0.08 M M 6.2 17 350 M M 8 18 24 330
3 24 -3 11 -9 54 0 T M M 5.4 21 10 M M 7 1 26 330
4 23 -9 7 -14 58 0 0.00 M M 8.7 21 230 M M 0 25 230
5 33 1 17 -4 48 0 0.00 M M 6.5 21 290 M M 0 26 280
6 39 19 29 7 36 0 0.32 M M 6.4 14 140 M M 9 126 20 160
7 44 33 39 17 26 0 0.29 M M 7.2 20 300 M M 10 1 27 300
8 37 17 27 5 38 0 0.11 M M 14.2 28 270 M M 7 1 42 260
9 31 3 17 -6 48 0 0.00 M M 4.8 14 230 M M 1 20 230
10 43 23 33 10 32 0 0.00 M M 6.6 20 230 M M 4 27 230
11 43 19 31 7 34 0 0.00 M M 3.1 14 220 M M 4 17 230
12 37 23 30 6 35 0 0.51 M M 9.6 24 330 M M 10 129 33 340
13 23 13 18 -6 47 0 T M M 13.9 25 280 M M 6 18 38 300
14 33 11 22 -3 43 0 0.00 M M 8.1 20 240 M M 6 25 230
15 36 22 29 4 36 0 0.00 M M 5.8 16 310 M M 5 23 360
16 46 26 36 10 29 0 0.00 M M 7.5 18 230 M M 6 24 230
17 53 36 45 19 20 0 T M M 8.7 17 220 M M 8 1 25 190
18 51 29 40 14 25 0 0.00 M M 4.2 17 360 M M 6 12 21 360
19 36 28 32 5 33 0 0.77 M M 7.1 17 100 M M 8 126 26 90
20 41 32 37 10 28 0 0.10 M M 4.6 13 70 M M 10 16 23 110
21 39 30 35 8 30 0 0.01 M M 10.4 24 330 M M 10 1 33 310
22 34 24 29 1 36 0 T M M 14.5 26 320 M M 5 37 320
23 41 23 32 4 33 0 0.00 M M 8.9 22 360 M M 0 29 10
24 37 23 30 1 35 0 T M M 6.3 14 160 M M 6 18 20 160
25 39 31 35 6 30 0 0.54 M M 6.6 16 100 M M 10 168 23 90
26 44 33 39 10 26 0 T M M 2.6 13 250 M M 10 19 260
27 43 30 37 7 28 0 0.04 M M 4.1 15 300 M M 8 1 21 260
28 32 20 26 -4 39 0 T M M 10.3 20 310 M M 10 1 27 310
29 31 18 25 -6 40 0 T M M 13.4 25 320 M M 7 36 310
30 43 19 31 0 34 0 0.00 M M 8.6 18 330 M M 2 26 320
31 40 30 35 3 30 0 0.02 M M 5.4 14 140 M M 9 1 21 130
================================================================================
SM 1147 596 1139 0 2.84 M 233.9 M 196
================================================================================
AV 37.0 19.2 7.5 FASTST M M 6 MAX(MPH)
MISC ----> 28 270 42 260
================================================================================
NOTES:
# LAST OF SEVERAL OCCURRENCES
COLUMN 17 PEAK WIND IN M.P.H.
PRELIMINARY LOCAL CLIMATOLOGICAL DATA (WS FORM: F-6) , PAGE 2
STATION: HOULTON ME
MONTH: MARCH
YEAR: 2022
LATITUDE: 46 7 N
LONGITUDE: 67 48 W
[TEMPERATURE DATA] [PRECIPITATION DATA] SYMBOLS USED IN COLUMN 16
AVERAGE MONTHLY: 28.1 TOTAL FOR MONTH: 2.84 1 = FOG OR MIST
DPTR FM NORMAL: 2.6 DPTR FM NORMAL: 0.17 2 = FOG REDUCING VISIBILITY
HIGHEST: 53 ON 17 GRTST 24HR 0.84 ON 19-20 TO 1/4 MILE OR LESS
LOWEST: -14 ON 1 3 = THUNDER
SNOW, ICE PELLETS, HAIL 4 = ICE PELLETS
TOTAL MONTH: M 5 = HAIL
GRTST 24HR M ON M 6 = FREEZING RAIN OR DRIZZLE
GRTST DEPTH: M ON M 7 = DUSTSTORM OR SANDSTORM:
VSBY 1/2 MILE OR LESS
8 = SMOKE OR HAZE
[NO. OF DAYS WITH] [WEATHER - DAYS WITH] 9 = BLOWING SNOW
X = TORNADO
MAX 32 OR BELOW: 8 0.01 INCH OR MORE: 12
MAX 90 OR ABOVE: 0 0.10 INCH OR MORE: 7
MIN 32 OR BELOW: 28 0.50 INCH OR MORE: 3
MIN 0 OR BELOW: 3 1.00 INCH OR MORE: 0
[HDD (BASE 65) ]
TOTAL THIS MO. 1139 CLEAR (SCALE 0-3) 5
DPTR FM NORMAL -85 PTCLDY (SCALE 4-7) 16
TOTAL FM JUL 1 7185 CLOUDY (SCALE 8-10) 10
DPTR FM NORMAL -451
[CDD (BASE 65) ]
TOTAL THIS MO. 0
DPTR FM NORMAL 0 [PRESSURE DATA]
TOTAL FM JAN 1 0 HIGHEST SLP 30.35 ON 24
DPTR FM NORMAL 0 LOWEST SLP 28.84 ON 12
[REMARKS]
#FINAL-03-22#