000
CXUS51 KCAR 011021
CLMHUL
CLIMATE REPORT
NATIONAL WEATHER SERVICE CARIBOU ME
521 AM EST THU FEB 01 2024
...................................
...THE HOULTON ME CLIMATE SUMMARY FOR THE MONTH OF JANUARY 2024...
CLIMATE NORMAL PERIOD: 1991 TO 2020
CLIMATE RECORD PERIOD: 1948 TO 2024
WEATHER OBSERVED NORMAL DEPART LAST YEAR`S
VALUE DATE(S) VALUE FROM VALUE DATE(S)
NORMAL
................................................................
TEMPERATURE (F)
RECORD
HIGH 58 01/14/2005
LOW -41 01/04/1981
HIGHEST 44 01/10 MM MM 39 01/01
01/13
LOWEST -17 01/31 MM MM -13 01/31
AVG. MAXIMUM 26.3 23.2 3.1 29.7
AVG. MINIMUM 6.9 2.6 4.3 13.9
MEAN 16.6 12.9 3.7 21.8
DAYS MAX >= 90 0 0.0 0.0 0
DAYS MAX <= 32 25 24.7 0.3 18
DAYS MIN <= 32 31 30.2 0.8 31
DAYS MIN <= 0 7 14.7 -7.7 6
PRECIPITATION (INCHES)
RECORD
MAXIMUM 3.67 2023
MINIMUM 0.65 2021
TOTALS 1.72 -0.93
DAILY AVG. 0.06 0.09 -0.03 0.12
DAYS >= .01 8 11.4 -3.4 13
DAYS >= .10 5 5.8 -0.8 6
DAYS >= .50 1 1.7 -0.7 4
DAYS >= 1.00 0 0.4 -0.4 0
GREATEST
24 HR. TOTAL 0.66 01/10 TO 01/10 1.00 01/25 TO 01/26
SNOWFALL (INCHES)
RECORDS
TOTAL MM MM
TOTALS MM MM MM MM
SINCE 7/1 MM MM MM MM
SNOWDEPTH AVG. MM MM
DAYS >= 1.0 MM MM MM MM
GREATEST
SNOW DEPTH MM MM MM
24 HR TOTAL MM MM
DEGREE DAYS
HEATING TOTAL 1493 1615 -122
................................................................
WIND (MPH)
AVERAGE WIND SPEED 6.7
HIGHEST WIND SPEED/DIRECTION 32/230 DATE 01/13
HIGHEST GUST SPEED/DIRECTION 49/230 DATE 01/13
SKY COVER
POSSIBLE SUNSHINE (PERCENT) MM
AVERAGE SKY COVER 0.62
NUMBER OF DAYS FAIR 6
NUMBER OF DAYS PC 13
NUMBER OF DAYS CLOUDY 12
AVERAGE RH (PERCENT) 72
WEATHER CONDITIONS. NUMBER OF DAYS WITH
THUNDERSTORM 0 MIXED PRECIP 0
HEAVY RAIN 1 RAIN 1
LIGHT RAIN 2 FREEZING RAIN 0
LT FREEZING RAIN 2 HAIL 0
HEAVY SNOW 2 SNOW 4
LIGHT SNOW 18 SLEET 0
FOG 13 FOG W/VIS <= 1/4 MILE 4
HAZE 5
- INDICATES NEGATIVE NUMBERS.
* INDICATES RECORD WAS SET OR TIED.
MM INDICATES DATA IS MISSING.
T INDICATES TRACE AMOUNT.
$$