000
CXUS56 KTFX 011110
CF6HVR
PRELIMINARY LOCAL CLIMATOLOGICAL DATA (WS FORM: F-6)
STATION: HAVRE MT
MONTH: OCTOBER
YEAR: 2021
LATITUDE: 48 32 N
LONGITUDE: 109 46 W
TEMPERATURE IN F: :PCPN: SNOW: WIND :SUNSHINE: SKY :PK WND
================================================================================
1 2 3 4 5 6A 6B 7 8 9 10 11 12 13 14 15 16 17 18
12Z AVG MX 2MIN
DY MAX MIN AVG DEP HDD CDD WTR SNW DPTH SPD SPD DIR MIN PSBL S-S WX SPD DR
================================================================================
1 73 38 56 4 9 0 0.00 0.0 0 7.2 21 310 M M 0 28 310
2 76 27 52 1 13 0 0.00 0.0 0 6.9 23 240 M M 0 31 230
3 83 45 64 13 1 0 0.00 0.0 0 10.2 22 230 M M 0 32 260
4 85 35 60 10 5 0 0.00 0.0 0 3.4 12 80 M M 0 13 180
5 87 45 66 16 0 1 0.00 0.0 0 9.3 21 230 M M 0 26 230
6 79 47 63 14 2 0 0.00 0.0 0 6.5 18 320 M M 0 25 330
7 54 34 44 -5 21 0 0.04 0.0 0 4.6 14 100 M M 5 18 19 320
8 63 25 44 -4 21 0 0.00 0.0 0 5.6 14 130 M M 4 12 17 140
9 68 40 54 6 11 0 0.01 0.0 0 10.2 22 240 M M 5 29 230
10 69 31 50 3 15 0 0.00 0.0 0 20.5 38 290 M M 2 51 290
11 47 23 35 -12 30 0 0.00 0.0 0 8.4 17 330 M M 1 22 330
12 49 19 34 -12 31 0 0.00 0.0 0 4.3 12 100 M M 4 19 80
13 52 24 38 -8 27 0 0.00 0.0 0 6.1 14 250 M M 4 20 240
14 52 29 41 -4 24 0 0.00 0.0 0 11.3 25 290 M M 7 30 290
15 63 30 47 2 18 0 0.00 0.0 0 15.8 30 260 M M 2 8 43 260
16 74 33 54 10 11 0 0.00 0.0 0 13.3 26 250 M M 0 36 240
17 80 37 59 15 6 0 0.00 0.0 0 7.3 15 210 M M 0 8 21 220
18 61 34 48 5 17 0 0.00 0.0 0 9.8 18 320 M M 0 24 310
19 53 28 41 -1 24 0 0.00 0.0 0 12.2 20 100 M M 3 26 110
20 60 20 40 -2 25 0 0.00 0.0 0 5.2 16 80 M M 0 22 80
21 66 30 48 7 17 0 0.00 0.0 0 9.0 24 280 M M 0 33 280
22 67 23 45 4 20 0 0.00 0.0 0 15.3 28 80 M M 1 37 80
23 62 31 47 7 18 0 0.02 0.0 0 9.6 31 80 M M 5 40 220
24 61 21 41 1 24 0 0.00 0.0 0 9.8 25 140 M M 0 35 140
25 59 42 51 12 14 0 0.02 0.0 0 9.4 23 150 M M 7 30 170
26 62 31 47 8 18 0 0.00 0.0 0 14.3 28 260 M M 1 40 260
27 59 39 49 11 16 0 0.00 0.0 0 19.2 39 300 M M 2 52 300
28 61 31 46 8 19 0 0.00 0.0 0 9.4 25 220 M M 4 33 210
29 65 36 51 13 14 0 0.24 0.0 0 14.8 31 220 M M 7 1 42 220
30 37 21 29 -8 36 0 0.33 1.9 1 7.8 17 350 M M 6 1 22 350
31 38 14 26 -11 39 0 0.00 0.0 T 6.1 14 220 M M 0 16 230
================================================================================
SM 1965 963 546 1 0.66 1.9 302.8 M 70
================================================================================
AV 63.4 31.1 9.8 FASTST M M 2 MAX(MPH)
MISC ----> 39 300 52 300
================================================================================
NOTES:
# LAST OF SEVERAL OCCURRENCES
COLUMN 17 PEAK WIND IN M.P.H.
PRELIMINARY LOCAL CLIMATOLOGICAL DATA (WS FORM: F-6) , PAGE 2
STATION: HAVRE MT
MONTH: OCTOBER
YEAR: 2021
LATITUDE: 48 32 N
LONGITUDE: 109 46 W
[TEMPERATURE DATA] [PRECIPITATION DATA] SYMBOLS USED IN COLUMN 16
AVERAGE MONTHLY: 47.2 TOTAL FOR MONTH: 0.66 1 = FOG OR MIST
DPTR FM NORMAL: 3.1 DPTR FM NORMAL: -0.09 2 = FOG REDUCING VISIBILITY
HIGHEST: 87 ON 5 GRTST 24HR 0.57 ON 29-30 TO 1/4 MILE OR LESS
LOWEST: 14 ON 31 3 = THUNDER
SNOW, ICE PELLETS, HAIL 4 = ICE PELLETS
TOTAL MONTH: 1.9 INCHES 5 = HAIL
GRTST 24HR 1.9 ON 30-30 6 = FREEZING RAIN OR DRIZZLE
GRTST DEPTH: 1 ON 30 7 = DUSTSTORM OR SANDSTORM:
VSBY 1/2 MILE OR LESS
8 = SMOKE OR HAZE
[NO. OF DAYS WITH] [WEATHER - DAYS WITH] 9 = BLOWING SNOW
X = TORNADO
MAX 32 OR BELOW: 0 0.01 INCH OR MORE: 6
MAX 90 OR ABOVE: 0 0.10 INCH OR MORE: 2
MIN 32 OR BELOW: 18 0.50 INCH OR MORE: 0
MIN 0 OR BELOW: 0 1.00 INCH OR MORE: 0
[HDD (BASE 65) ]
TOTAL THIS MO. 546 CLEAR (SCALE 0-3) 20
DPTR FM NORMAL -103 PTCLDY (SCALE 4-7) 11
TOTAL FM JUL 1 754 CLOUDY (SCALE 8-10) 0
DPTR FM NORMAL -210
[CDD (BASE 65) ]
TOTAL THIS MO. 1
DPTR FM NORMAL 0 [PRESSURE DATA]
TOTAL FM JAN 1 661 HIGHEST SLP 30.54 ON 31
DPTR FM NORMAL 257 LOWEST SLP 29.44 ON 25
[REMARKS]
#FINAL-10-21#