000
CXUS56 KTFX 011110
CF6HVR
PRELIMINARY LOCAL CLIMATOLOGICAL DATA (WS FORM: F-6)
STATION: HAVRE MT
MONTH: MAY
YEAR: 2021
LATITUDE: 48 32 N
LONGITUDE: 109 46 W
TEMPERATURE IN F: :PCPN: SNOW: WIND :SUNSHINE: SKY :PK WND
================================================================================
1 2 3 4 5 6A 6B 7 8 9 10 11 12 13 14 15 16 17 18
12Z AVG MX 2MIN
DY MAX MIN AVG DEP HDD CDD WTR SNW DPTH SPD SPD DIR MIN PSBL S-S WX SPD DR
================================================================================
1 76 42 59 10 6 0 0.00 0.0 0 12.1 24 360 M M 4 35 240
2 59 31 45 -4 20 0 0.09 0.0 0 10.3 23 10 M M 7 1 33 330
3 57 28 43 -6 22 0 0.04 0.0 0 8.1 25 340 M M 5 34 340
4 60 36 48 -2 17 0 0.01 0.0 0 7.2 24 20 M M 6 3 35 10
5 64 34 49 -1 16 0 0.00 0.0 0 10.7 22 330 M M 6 29 300
6 69 30 50 0 15 0 0.00 0.0 0 14.0 28 90 M M 0 34 90
7 71 44 58 7 7 0 0.41 0.0 0 13.4 28 90 M M 5 1 37 90
8 49 38 44 -7 21 0 0.44 0.0 0 10.7 20 80 M M 10 1 24 90
9 48 36 42 -10 23 0 0.06 T 0 11.5 18 80 M M 9 1 24 50
10 57 33 45 -7 20 0 0.00 0.0 0 5.9 12 230 M M 7 1 16 230
11 65 34 50 -2 15 0 T 0.0 0 5.4 20 220 M M 5 24 220
12 67 36 52 0 13 0 T 0.0 0 8.9 15 170 M M 2 19 270
13 68 44 56 3 9 0 0.07 0.0 0 4.3 18 240 M M 7 3 26 250
14 70 36 53 0 12 0 0.00 0.0 0 4.3 10 70 M M 2 12 16 60
15 75 37 56 2 9 0 0.00 0.0 0 3.5 10 170 M M 0 15 200
16 80 43 62 8 3 0 0.00 0.0 0 7.1 16 230 M M 0 23 220
17 87 41 64 10 1 0 0.00 0.0 0 7.6 22 210 M M 0 28 200
18 81 46 64 9 1 0 T 0.0 0 14.1 31 300 M M 2 39 300
19 61 33 47 -8 18 0 0.00 0.0 0 11.4 26 30 M M 5 38 30
20 47 30 39 -16 26 0 0.66 2.2 0 13.9 29 60 M M 10 12 36 60
21 34 29 32 -24 33 0 0.49 4.6 4 6.7 15 20 M M 10 12 18 360
22 45 30 38 -18 27 0 0.00 0.0 4 4.0 14 80 M M 10 1 16 90
23 54 40 47 -9 18 0 0.30 0.0 0 12.9 23 90 M M 10 1 30 80
24 63 38 51 -6 14 0 0.11 0.0 0 20.4 39 250 M M 9 1 51 250
25 60 45 53 -4 12 0 T 0.0 0 12.3 25 280 M M 8 33 280
26 54 43 49 -8 16 0 0.00 0.0 0 14.6 24 100 M M 6 33 90
27 74 36 55 -3 10 0 0.00 0.0 0 9.9 29 160 M M 1 38 160
28 67 46 57 -1 8 0 0.01 0.0 0 19.3 35 270 M M 2 50 250
29 70 40 55 -3 10 0 0.00 0.0 0 8.8 20 260 M M 4 28 270
30 75 38 57 -1 8 0 0.00 0.0 0 4.6 12 70 M M 1 16 120
31 81 39 60 1 5 0 0.00 0.0 0 7.5 21 300 M M 1 28 300
================================================================================
SM 1988 1156 435 0 2.69 6.8 305.4 M 154
================================================================================
AV 64.1 37.3 9.9 FASTST M M 5 MAX(MPH)
MISC ----> 39 250 51 250
================================================================================
NOTES:
# LAST OF SEVERAL OCCURRENCES
COLUMN 17 PEAK WIND IN M.P.H.
PRELIMINARY LOCAL CLIMATOLOGICAL DATA (WS FORM: F-6) , PAGE 2
STATION: HAVRE MT
MONTH: MAY
YEAR: 2021
LATITUDE: 48 32 N
LONGITUDE: 109 46 W
[TEMPERATURE DATA] [PRECIPITATION DATA] SYMBOLS USED IN COLUMN 16
AVERAGE MONTHLY: 50.7 TOTAL FOR MONTH: 2.69 1 = FOG OR MIST
DPTR FM NORMAL: -3.2 DPTR FM NORMAL: 0.83 2 = FOG REDUCING VISIBILITY
HIGHEST: 87 ON 17 GRTST 24HR 0.96 ON 20-21 TO 1/4 MILE OR LESS
LOWEST: 28 ON 3 3 = THUNDER
SNOW, ICE PELLETS, HAIL 4 = ICE PELLETS
TOTAL MONTH: 6.8 INCHES 5 = HAIL
GRTST 24HR 4.6 ON 21-21 6 = FREEZING RAIN OR DRIZZLE
GRTST DEPTH: 4 ON 22,21 7 = DUSTSTORM OR SANDSTORM:
VSBY 1/2 MILE OR LESS
8 = SMOKE OR HAZE
[NO. OF DAYS WITH] [WEATHER - DAYS WITH] 9 = BLOWING SNOW
X = TORNADO
MAX 32 OR BELOW: 0 0.01 INCH OR MORE: 12
MAX 90 OR ABOVE: 0 0.10 INCH OR MORE: 6
MIN 32 OR BELOW: 6 0.50 INCH OR MORE: 1
MIN 0 OR BELOW: 0 1.00 INCH OR MORE: 0
[HDD (BASE 65) ]
TOTAL THIS MO. 435 CLEAR (SCALE 0-3) 11
DPTR FM NORMAL 81 PTCLDY (SCALE 4-7) 12
TOTAL FM JUL 1 7609 CLOUDY (SCALE 8-10) 8
DPTR FM NORMAL -436
[CDD (BASE 65) ]
TOTAL THIS MO. 0
DPTR FM NORMAL -8 [PRESSURE DATA]
TOTAL FM JAN 1 0 HIGHEST SLP 30.43 ON 22
DPTR FM NORMAL -8 LOWEST SLP 29.55 ON 24
[REMARKS]
#FINAL-05-21#