000
CXUS56 KTFX 011210
CF6HVR
PRELIMINARY LOCAL CLIMATOLOGICAL DATA (WS FORM: F-6)
STATION: HAVRE MT
MONTH: OCTOBER
YEAR: 2020
LATITUDE: 48 32 N
LONGITUDE: 109 46 W
TEMPERATURE IN F: :PCPN: SNOW: WIND :SUNSHINE: SKY :PK WND
================================================================================
1 2 3 4 5 6A 6B 7 8 9 10 11 12 13 14 15 16 17 18
12Z AVG MX 2MIN
DY MAX MIN AVG DEP HDD CDD WTR SNW DPTH SPD SPD DIR MIN PSBL S-S WX SPD DR
================================================================================
1 64 32 48 -2 17 0 0.00 0.0 0 4.1 10 80 M M 1 12 20
2 71 32 52 2 13 0 0.00 0.0 0 6.8 18 310 M M 2 24 310
3 69 31 50 0 15 0 0.00 0.0 0 4.8 10 90 M M 0 8 12 90
4 84 32 58 9 7 0 0.00 0.0 0 11.8 26 280 M M 0 37 260
5 75 50 63 14 2 0 T 0.0 0 11.4 24 230 M M 3 39 240
6 81 50 66 17 0 1 0.00 0.0 0 12.8 24 310 M M 0 33 310
7 74 44 59 11 6 0 0.00 0.0 0 11.3 21 80 M M 1 27 80
8 81 36 59 11 6 0 0.00 0.0 0 10.6 32 290 M M 0 8 40 280
9 71 40 56 9 9 0 0.00 0.0 0 4.8 14 220 M M 1 18 230
10 84 38 61 14 4 0 0.00 0.0 0 11.0 30 240 M M 2 42 220
11 60 42 51 5 14 0 0.01 0.0 0 16.2 33 250 M M 4 47 260
12 54 37 46 0 19 0 0.01 0.0 0 9.6 30 300 M M 8 41 300
13 53 28 41 -5 24 0 0.11 0.0 0 9.2 30 260 M M 5 1 40 270
14 49 31 40 -5 25 0 0.26 T 0 10.2 29 260 M M 8 1 41 260
15 46 27 37 -8 28 0 0.01 T 0 11.5 25 300 M M 4 1 32 300
16 54 25 40 -4 25 0 0.01 0.0 0 8.6 24 30 M M 8 32 20
17 33 18 26 -18 39 0 0.02 0.5 1 9.0 17 300 M M 8 18 23 320
18 27 16 22 -22 43 0 0.03 0.3 0 6.8 17 80 M M 8 1 22 80
19 29 20 25 -18 40 0 0.08 0.3 1 8.9 20 80 M M 10 16 24 80
20 36 28 32 -11 33 0 0.02 T T 9.3 17 240 M M 10 18 21 280
21 32 23 28 -14 37 0 0.20 4.4 0 11.9 26 40 M M 9 1 35 50
22 24 3 14 -28 51 0 0.06 1.6 6 4.3 16 10 M M 7 12 21 10
23 22 -5 9 -32 56 0 0.01 0.2 4 9.4 26 80 M M 8 18 33 90
24 20 9 15 -26 50 0 0.01 1.6 4 12.1 26 70 M M 10 18 35 80
25 13 -3 5 -35 60 0 T T 5 10.4 21 230 M M 5 18 24 220
26 30 -3 14 -26 51 0 0.00 0.0 4 20.2 31 220 M M 3 39 220
27 48 28 38 -2 27 0 0.00 0.0 3 24.8 38 220 M M 2 49 220
28 43 35 39 0 26 0 0.00 0.0 0 5.2 14 250 M M 9 8 16 240
29 54 35 45 6 20 0 0.00 0.0 0 7.5 16 310 M M 4 21 310
30 70 28 49 11 16 0 0.00 0.0 0 16.0 46 270 M M 2 1 63 270
31 48 26 37 -1 28 0 0.00 0.0 0 8.0 17 300 M M 4 23 310
================================================================================
SM 1599 833 791 1 0.84 8.9 318.5 M 146
================================================================================
AV 51.6 26.9 10.3 FASTST M M 5 MAX(MPH)
MISC ----> 46 270 63 270
================================================================================
NOTES:
# LAST OF SEVERAL OCCURRENCES
COLUMN 17 PEAK WIND IN M.P.H.
PRELIMINARY LOCAL CLIMATOLOGICAL DATA (WS FORM: F-6) , PAGE 2
STATION: HAVRE MT
MONTH: OCTOBER
YEAR: 2020
LATITUDE: 48 32 N
LONGITUDE: 109 46 W
[TEMPERATURE DATA] [PRECIPITATION DATA] SYMBOLS USED IN COLUMN 16
AVERAGE MONTHLY: 39.2 TOTAL FOR MONTH: 0.84 1 = FOG OR MIST
DPTR FM NORMAL: -5.1 DPTR FM NORMAL: 0.26 2 = FOG REDUCING VISIBILITY
HIGHEST: 84 ON 10, 4 GRTST 24HR 0.37 ON 13-14 TO 1/4 MILE OR LESS
LOWEST: -5 ON 23 3 = THUNDER
SNOW, ICE PELLETS, HAIL 4 = ICE PELLETS
TOTAL MONTH: 8.9 INCHES 5 = HAIL
GRTST 24HR 4.4 ON 21-21 6 = FREEZING RAIN OR DRIZZLE
GRTST DEPTH: 6 ON 22 7 = DUSTSTORM OR SANDSTORM:
VSBY 1/2 MILE OR LESS
8 = SMOKE OR HAZE
[NO. OF DAYS WITH] [WEATHER - DAYS WITH] 9 = BLOWING SNOW
X = TORNADO
MAX 32 OR BELOW: 8 0.01 INCH OR MORE: 14
MAX 90 OR ABOVE: 0 0.10 INCH OR MORE: 3
MIN 32 OR BELOW: 21 0.50 INCH OR MORE: 0
MIN 0 OR BELOW: 3 1.00 INCH OR MORE: 0
[HDD (BASE 65) ]
TOTAL THIS MO. 791 CLEAR (SCALE 0-3) 12
DPTR FM NORMAL 149 PTCLDY (SCALE 4-7) 12
TOTAL FM JUL 1 1038 CLOUDY (SCALE 8-10) 7
DPTR FM NORMAL 39
[CDD (BASE 65) ]
TOTAL THIS MO. 1
DPTR FM NORMAL 0 [PRESSURE DATA]
TOTAL FM JAN 1 432 HIGHEST SLP 30.74 ON 25
DPTR FM NORMAL 45 LOWEST SLP 29.25 ON 10
[REMARKS]
#FINAL-10-20#