000
CXUS56 KTFX 011504
CF6HVR
PRELIMINARY LOCAL CLIMATOLOGICAL DATA (WS FORM: F-6)
STATION: HAVRE MT
MONTH: FEBRUARY
YEAR: 2020
LATITUDE: 48 32 N
LONGITUDE: 109 46 W
TEMPERATURE IN F: :PCPN: SNOW: WIND :SUNSHINE: SKY :PK WND
================================================================================
1 2 3 4 5 6A 6B 7 8 9 10 11 12 13 14 15 16 17 18
12Z AVG MX 2MIN
DY MAX MIN AVG DEP HDD CDD WTR SNW DPTH SPD SPD DIR MIN PSBL S-S WX SPD DR
================================================================================
1 62 31 47 27 18 0 0.00 0.0 0 21.5 40 220 M M 0 50 210
2 37 15 26 6 39 0 T T 0 9.0 32 20 M M 5 8 38 20
3 31 11 21 1 44 0 0.00 0.0 T 8.8 16 240 M M 1 20 240
4 37 7 22 2 43 0 0.00 0.0 0 12.6 26 250 M M 3 32 240
5 44 28 36 16 29 0 0.00 0.0 0 15.0 24 230 M M 7 29 230
6 41 27 34 14 31 0 0.00 0.0 0 11.8 29 330 M M 5 37 320
7 38 25 32 12 33 0 T T 0 6.5 17 250 M M 8 18 20 240
8 30 14 22 1 43 0 0.19 2.8 0 11.9 23 40 M M 9 12 28 40
9 34 11 23 2 42 0 T 0.0 3 15.9 33 220 M M 5 18 39 220
10 31 12 22 1 43 0 0.00 0.0 1 10.8 25 320 M M 4 31 330
11 38 12 25 4 40 0 T T 1 18.2 36 280 M M 6 1 44 260
12 29 9 19 -2 46 0 T T 1 9.5 22 20 M M 9 18 28 40
13 35 5 20 -2 45 0 0.00 0.0 T 8.6 22 220 M M 2 26 220
14 38 18 28 6 37 0 0.01 T T 14.4 40 290 M M 4 1 47 300
15 34 18 26 4 39 0 0.00 0.0 0 7.5 18 220 M M 5 21 230
16 40 19 30 8 35 0 0.01 0.1 T 6.5 22 260 M M 6 1 25 260
17 38 9 24 2 41 0 T T T 6.8 21 350 M M 7 128 26 340
18 13 -4 5 -18 60 0 0.08 1.0 1 8.3 16 60 M M 5 18 19 50
19 20 -10 5 -18 60 0 0.00 0.0 1 4.2 12 80 M M 1 13 80
20 46 -2 22 -1 43 0 0.00 0.0 1 11.1 25 210 M M 0 31 230
21 54 25 40 16 25 0 0.00 0.0 0 17.1 29 220 M M 0 34 210
22 54 24 39 15 26 0 0.00 0.0 0 14.6 35 270 M M 2 44 260
23 44 21 33 9 32 0 0.00 0.0 0 9.7 20 70 M M 8 22 70
24 36 24 30 6 35 0 0.01 T T 13.6 31 310 M M 8 1 40 310
25 37 12 25 0 40 0 0.00 0.0 0 6.6 16 210 M M 3 20 210
26 49 28 39 14 26 0 0.01 T 0 10.7 24 300 M M 7 29 310
27 52 27 40 14 25 0 0.00 0.0 0 14.6 26 280 M M 0 31 280
28 60 31 46 20 19 0 0.00 0.0 0 14.9 24 240 M M 0 29 270
29 50 31 41 15 24 0 0.00 0.0 0 21.6 39 250 M M 2 47 250
================================================================================
SM 1152 478 1063 0 0.31 3.9 342.3 M 122
================================================================================
AV 39.7 16.5 11.8 FASTST M M 4 MAX(MPH)
MISC ----> # 40 220 50 210
================================================================================
NOTES:
# LAST OF SEVERAL OCCURRENCES
COLUMN 17 PEAK WIND IN M.P.H.
PRELIMINARY LOCAL CLIMATOLOGICAL DATA (WS FORM: F-6) , PAGE 2
STATION: HAVRE MT
MONTH: FEBRUARY
YEAR: 2020
LATITUDE: 48 32 N
LONGITUDE: 109 46 W
[TEMPERATURE DATA] [PRECIPITATION DATA] SYMBOLS USED IN COLUMN 16
AVERAGE MONTHLY: 28.1 TOTAL FOR MONTH: 0.31 1 = FOG OR MIST
DPTR FM NORMAL: 5.9 DPTR FM NORMAL: 0.03 2 = FOG REDUCING VISIBILITY
HIGHEST: 62 ON 1 GRTST 24HR 0.19 ON 8- 8 TO 1/4 MILE OR LESS
LOWEST: -10 ON 19 3 = THUNDER
SNOW, ICE PELLETS, HAIL 4 = ICE PELLETS
TOTAL MONTH: 3.9 INCHES 5 = HAIL
GRTST 24HR 2.8 ON 8- 8 6 = FREEZING RAIN OR DRIZZLE
GRTST DEPTH: 3 ON 9 7 = DUSTSTORM OR SANDSTORM:
VSBY 1/2 MILE OR LESS
8 = SMOKE OR HAZE
[NO. OF DAYS WITH] [WEATHER - DAYS WITH] 9 = BLOWING SNOW
X = TORNADO
MAX 32 OR BELOW: 6 0.01 INCH OR MORE: 6
MAX 90 OR ABOVE: 0 0.10 INCH OR MORE: 1
MIN 32 OR BELOW: 29 0.50 INCH OR MORE: 0
MIN 0 OR BELOW: 3 1.00 INCH OR MORE: 0
[HDD (BASE 65) ]
TOTAL THIS MO. 1063 CLEAR (SCALE 0-3) 12
DPTR FM NORMAL -134 PTCLDY (SCALE 4-7) 15
TOTAL FM JUL 1 6021 CLOUDY (SCALE 8-10) 2
DPTR FM NORMAL -175
[CDD (BASE 65) ]
TOTAL THIS MO. 0
DPTR FM NORMAL 0 [PRESSURE DATA]
TOTAL FM JAN 1 0 HIGHEST SLP 30.68 ON 25
DPTR FM NORMAL 0 LOWEST SLP 29.50 ON 1
[REMARKS]
#FINAL-02-20#