000
CXUS56 KTFX 011110
CF6HVR
PRELIMINARY LOCAL CLIMATOLOGICAL DATA (WS FORM: F-6)
STATION: HAVRE MT
MONTH: AUGUST
YEAR: 2023
LATITUDE: 48 32 N
LONGITUDE: 109 46 W
TEMPERATURE IN F: :PCPN: SNOW: WIND :SUNSHINE: SKY :PK WND
================================================================================
1 2 3 4 5 6A 6B 7 8 9 10 11 12 13 14 15 16 17 18
12Z AVG MX 2MIN
DY MAX MIN AVG DEP HDD CDD WTR SNW DPTH SPD SPD DIR MIN PSBL S-S WX SPD DR
================================================================================
1 95 58 77 5 0 12 0.00 0.0 0 9.0 20 330 M M 0 28 300
2 99 51 75 3 0 10 0.00 0.0 0 5.7 21 90 M M 0 27 90
3 94 57 76 4 0 11 0.00 0.0 0 7.1 16 240 M M 0 21 350
4 88 64 76 4 0 11 0.13 0.0 0 10.8 23 60 M M 2 38 31 40
5 75 61 68 -4 0 3 0.61 0.0 0 6.2 21 360 M M 4 13 29 360
6 79 57 68 -3 0 3 0.00 0.0 0 7.0 17 190 M M 2 24 190
7 82 50 66 -5 0 1 0.00 0.0 0 4.1 10 170 M M 1 16 280
8 88 55 72 1 0 7 0.00 0.0 0 7.2 17 80 M M 1 20 80
9 91 60 76 5 0 11 0.01 0.0 0 10.1 33 310 M M 3 44 310
10 87 59 73 2 0 8 0.00 0.0 0 14.2 26 260 M M 3 42 260
11 83 53 68 -2 0 3 0.00 0.0 0 5.5 15 330 M M 3 23 300
12 80 50 65 -5 0 0 0.00 0.0 0 6.8 31 30 M M 4 44 30
13 83 50 67 -3 0 2 0.00 0.0 0 7.1 15 310 M M 1 21 300
14 95 50 73 4 0 8 0.00 0.0 0 3.9 15 220 M M 0 28 230
15 99 56 78 9 0 13 0.00 0.0 0 6.0 18 260 M M 0 26 250
16 86 61 74 5 0 9 0.00 0.0 0 8.1 29 20 M M 0 43 20
17 99 57 78 10 0 13 0.00 0.0 0 6.6 20 280 M M 1 8 26 300
18 98 57 78 10 0 13 0.00 0.0 0 17.3 36 310 M M 1 8 49 300
19 71 49 60 -8 5 0 0.00 0.0 0 9.8 18 320 M M 3 27 320
20 73 59 66 -1 0 1 0.00 0.0 0 15.0 21 80 M M 4 29 110
21 74 58 66 -1 0 1 0.01 0.0 0 13.2 25 90 M M 6 32 80
22 87 58 73 6 0 8 0.00 0.0 0 8.6 20 350 M M 4 1 26 360
23 85 55 70 4 0 5 0.09 0.0 0 9.0 20 280 M M 1 13 27 290
24 81 45 63 -3 2 0 0.00 0.0 0 11.4 26 290 M M 0 8 35 300
25 80 44 62 -4 3 0 0.00 0.0 0 7.8 22 60 M M 0 28 60
26 90 51 71 6 0 6 0.00 0.0 0 8.3 20 280 M M 0 34 250
27 91 50 71 6 0 6 0.00 0.0 0 5.3 13 40 M M 0 17 40
28 90 50 70 6 0 5 0.00 0.0 0 3.3 9 50 M M 0 13 230
29 98 59 79 15 0 14 0.00 0.0 0 12.4 47 220 M M 0 8 63 230
30 81 56 69 5 0 4 0.05 0.0 0 16.8 32 240 M M 5 48 230
31 78 52 65 2 0 0 T 0.0 0 15.8 28 290 M M 5 8 38 290
================================================================================
SM 2680 1692 10 188 0.90 0.0 279.4 M 54
================================================================================
AV 86.5 54.6 9.0 FASTST M M 2 MAX(MPH)
MISC ----> 47 220 63 230
================================================================================
NOTES:
# LAST OF SEVERAL OCCURRENCES
COLUMN 17 PEAK WIND IN M.P.H.
PRELIMINARY LOCAL CLIMATOLOGICAL DATA (WS FORM: F-6) , PAGE 2
STATION: HAVRE MT
MONTH: AUGUST
YEAR: 2023
LATITUDE: 48 32 N
LONGITUDE: 109 46 W
[TEMPERATURE DATA] [PRECIPITATION DATA] SYMBOLS USED IN COLUMN 16
AVERAGE MONTHLY: 70.5 TOTAL FOR MONTH: 0.90 1 = FOG OR MIST
DPTR FM NORMAL: 2.1 DPTR FM NORMAL: -0.02 2 = FOG REDUCING VISIBILITY
HIGHEST: 99 ON 17,15 GRTST 24HR 0.74 ON 4- 5 TO 1/4 MILE OR LESS
LOWEST: 44 ON 25 3 = THUNDER
SNOW, ICE PELLETS, HAIL 4 = ICE PELLETS
TOTAL MONTH: 0.0 INCH 5 = HAIL
GRTST 24HR 0.0 6 = FREEZING RAIN OR DRIZZLE
GRTST DEPTH: 0 7 = DUSTSTORM OR SANDSTORM:
VSBY 1/2 MILE OR LESS
8 = SMOKE OR HAZE
[NO. OF DAYS WITH] [WEATHER - DAYS WITH] 9 = BLOWING SNOW
X = TORNADO
MAX 32 OR BELOW: 0 0.01 INCH OR MORE: 6
MAX 90 OR ABOVE: 12 0.10 INCH OR MORE: 2
MIN 32 OR BELOW: 0 0.50 INCH OR MORE: 1
MIN 0 OR BELOW: 0 1.00 INCH OR MORE: 0
[HDD (BASE 65) ]
TOTAL THIS MO. 10 CLEAR (SCALE 0-3) 24
DPTR FM NORMAL -39 PTCLDY (SCALE 4-7) 7
TOTAL FM JUL 1 17 CLOUDY (SCALE 8-10) 0
DPTR FM NORMAL -56
[CDD (BASE 65) ]
TOTAL THIS MO. 188
DPTR FM NORMAL 34 [PRESSURE DATA]
TOTAL FM JAN 1 475 HIGHEST SLP 30.34 ON 25
DPTR FM NORMAL 95 LOWEST SLP 29.41 ON 18
[REMARKS]
#FINAL-08-23#