000
CXUS52 KMFL 011030
CF6HWO
PRELIMINARY LOCAL CLIMATOLOGICAL DATA (WS FORM: F-6)
STATION: NORTH PERRY ARPT
MONTH: OCTOBER
YEAR: 2023
LATITUDE: 26 0 N
LONGITUDE: 80 14 W
TEMPERATURE IN F: :PCPN: SNOW: WIND :SUNSHINE: SKY :PK WND
================================================================================
1 2 3 4 5 6A 6B 7 8 9 10 11 12 13 14 15 16 17 18
12Z AVG MX 2MIN
DY MAX MIN AVG DEP HDD CDD WTR SNW DPTH SPD SPD DIR MIN PSBL S-S WX SPD DR
================================================================================
1 91 74 83 1 0 18 0.75 0.0 0 5.7 24 50 M M 4 13 33 20
2 84 76 80 -2 0 15 0.62 0.0 0 10.6 23 60 M M 7 13 32 50
3 87 77 82 0 0 17 0.00 0.0 0 11.8 23 80 M M 3 8 29 40
4 88 73 81 -1 0 16 0.00 0.0 0 7.8 17 70 M M 1 24 80
5 88 76 82 0 0 17 0.00 0.0 0 5.8 14 100 M M 2 20 80
6 89 75 82 0 0 17 T 0.0 0 3.2 12 100 M M 4 15 20
7 93 76 85 3 0 20 0.32 0.0 0 3.4 12 140 M M 5 1 16 110
8 89 75 82 1 0 17 0.00 0.0 0 5.3 13 290 M M 4 16 290
9 85 75 80 -1 0 15 0.00 0.0 0 5.7 14 330 M M 8 16 340
10 M M M M M M M M M M M M M M M M M
11 88 77 83 2 0 18 0.69 0.0 0 4.4 18 230 M M 1 13 24 230
12 92 82 87 6 0 22 0.00 0.0 0 12.4 24 230 M M 1 33 200
13 93 81 87 6 0 22 T 0.0 0 8.4 18 240 M M 3 25 260
14 86 79 83 2 0 18 0.09 0.0 0 7.2 14 250 M M 4 3 18 230
15 89 72 81 1 0 16 0.00 0.0 0 9.9 20 310 M M 2 26 330
16 79 65 72 -8 0 7 0.00 0.0 0 9.9 18 330 M M 4 28 310
17 76 58 67 -13 0 2 0.00 0.0 0 9.8 20 320 M M 0 25 300
18 82 60 71 -9 0 6 0.00 M M 8.8 16 60 M M 1 25 50
19 84 65 75 -5 0 10 0.00 M M 7.5 16 90 M M 1 24 50
20 85 72 79 -1 0 14 T 0.0 0 4.9 12 40 M M 6 16 100
21 87 64 76 -3 0 11 0.00 M M 5.4 15 330 M M 1 20 310
22 86 69 78 -1 0 13 0.00 M M 4.0 12 300 M M 2 17 310
23 86 65 76 -3 0 11 0.00 0.0 0 6.1 16 70 M M 0 21 60
24 85 75 80 1 0 15 0.00 0.0 0 15.0 25 60 M M 6 34 70
25 85 73 79 0 0 14 T 0.0 0 14.7 25 60 M M 5 34 70
26 85 77 81 3 0 16 0.00 0.0 0 16.3 24 70 M M 7 32 50
27 85 75 80 2 0 15 T M M 14.6 23 60 M M 5 34 70
28 86 74 80 2 0 15 0.01 0.0 0 15.8 24 70 M M 4 32 60
29 85 77 81 3 0 16 0.00 0.0 0 14.3 24 60 M M 6 32 50
30 88 72 80 2 0 15 0.00 0.0 0 8.0 16 70 M M 3 20 60
31 90 72 81 4 0 16 T 0.0 0 6.9 13 330 M M 2 18 300
================================================================================
SM 2596 2181 0 444 2.48 0.0 263.6 M 102
================================================================================
AV 86.5 72.7 8.8 FASTST M M 3 MAX(MPH)
MISC ----> # 25 60 # 34 70
================================================================================
NOTES:
# LAST OF SEVERAL OCCURRENCES
COLUMN 17 PEAK WIND IN M.P.H.
PRELIMINARY LOCAL CLIMATOLOGICAL DATA (WS FORM: F-6) , PAGE 2
STATION: NORTH PERRY ARPT
MONTH: OCTOBER
YEAR: 2023
LATITUDE: 26 0 N
LONGITUDE: 80 14 W
[TEMPERATURE DATA] [PRECIPITATION DATA] SYMBOLS USED IN COLUMN 16
AVERAGE MONTHLY: 79.6 TOTAL FOR MONTH: 2.48 1 = FOG OR MIST
DPTR FM NORMAL: -0.5 DPTR FM NORMAL: -5.17 2 = FOG REDUCING VISIBILITY
HIGHEST: 93 ON 13, 7 GRTST 24HR 1.27 ON 1- 2 TO 1/4 MILE OR LESS
LOWEST: 58 ON 17 3 = THUNDER
SNOW, ICE PELLETS, HAIL 4 = ICE PELLETS
TOTAL MONTH: 0.0 INCH 5 = HAIL
GRTST 24HR 0.0 6 = FREEZING RAIN OR DRIZZLE
GRTST DEPTH: 0 7 = DUSTSTORM OR SANDSTORM:
VSBY 1/2 MILE OR LESS
8 = SMOKE OR HAZE
[NO. OF DAYS WITH] [WEATHER - DAYS WITH] 9 = BLOWING SNOW
X = TORNADO
MAX 32 OR BELOW: 0 0.01 INCH OR MORE: 6
MAX 90 OR ABOVE: 5 0.10 INCH OR MORE: 4
MIN 32 OR BELOW: 0 0.50 INCH OR MORE: 3
MIN 0 OR BELOW: 0 1.00 INCH OR MORE: 0
[HDD (BASE 65) ]
TOTAL THIS MO. 0 CLEAR (SCALE 0-3) 14
DPTR FM NORMAL 0 PTCLDY (SCALE 4-7) 16
TOTAL FM JUL 1 0 CLOUDY (SCALE 8-10) 0
DPTR FM NORMAL 0
[CDD (BASE 65) ]
TOTAL THIS MO. 444
DPTR FM NORMAL -24 [PRESSURE DATA]
TOTAL FM JAN 1 4455 HIGHEST SLP 30.13 ON 25
DPTR FM NORMAL 320 LOWEST SLP 29.73 ON 15
[REMARKS]
#FINAL-10-23#