000
CXUS53 KUNR 011030
CF6ICR
PRELIMINARY LOCAL CLIMATOLOGICAL DATA (WS FORM: F-6)
STATION: WINNER REGIONAL AIRPORT SD
MONTH: JANUARY
YEAR: 2023
LATITUDE: 43 23 N
LONGITUDE: 99 50 W
TEMPERATURE IN F: :PCPN: SNOW: WIND :SUNSHINE: SKY :PK WND
================================================================================
1 2 3 4 5 6A 6B 7 8 9 10 11 12 13 14 15 16 17 18
12Z AVG MX 2MIN
DY MAX MIN AVG DEP HDD CDD WTR SNW DPTH SPD SPD DIR MIN PSBL S-S WX SPD DR
================================================================================
1 39 27 33 8 32 0 0.00 M M 4.1 9 240 M M 5 12 270
2 31 26 29 4 36 0 0.53 M M 7.2 14 10 M M 10 126 18 10
3 27 18 23 -2 42 0 0.04 M M 13.9 21 330 M M 9 12 27 340
4 28 17 23 -2 42 0 0.00 M M 13.1 20 290 M M 8 25 280
5 30 14 22 -3 43 0 0.00 M M 8.7 16 270 M M 0 23 270
6 22 10 16 -9 49 0 0.00 M M 3.4 12 130 M M 2 13 130
7 34 13 24 -1 41 0 0.00 M M 7.3 20 200 M M 7 25 190
8 33 15 24 -1 41 0 0.00 M M 10.4 24 200 M M 0 30 200
9 41 27 34 9 31 0 0.00 M M 11.1 20 240 M M 0 25 240
10 39 25 32 7 33 0 0.00 M M 8.1 18 290 M M 2 24 280
11 31 21 26 2 39 0 T M M 9.5 18 320 M M 4 16 22 330
12 26 19 23 -1 42 0 T M M 8.2 18 330 M M 10 126 22 330
13 35 10 23 -1 42 0 T M M 11.5 22 200 M M 1 1 29 200
14 48 33 41 17 24 0 0.00 M M 15.3 26 200 M M 0 33 210
15 41 29 35 11 30 0 0.00 M M 4.9 15 210 M M 3 19 200
16 33 30 32 8 33 0 T M M 12.6 21 330 M M 10 16 25 330
17 30 25 28 4 37 0 T M M 5.9 14 330 M M 10 16 17 330
18 26 20 23 -1 42 0 0.13 M M 11.5 20 360 M M 10 12 23 360
19 30 16 23 -1 42 0 T M M 7.5 15 330 M M 9 16 19 330
20 28 14 21 -3 44 0 M M M 6.3 13 270 M M 0 1 18 270
21 35 14 25 1 40 0 T M M 7.4 17 290 M M 6 12 22 300
22 26 8 17 -7 48 0 T M M 8.0 13 220 M M 1 12 16 220
23 36 21 29 4 36 0 0.00 M M 11.4 26 310 M M 4 32 310
24 37 20 29 4 36 0 0.00 M M 10.9 20 210 M M 3 25 200
25 31 14 23 -2 42 0 0.00 M M 12.5 32 340 M M 10 39 340
26 39 17 28 3 37 0 T M M 12.9 35 250 M M 8 1 44 250
27 40 24 32 7 33 0 0.12 M M 15.0 36 310 M M 7 12 50 300
28 24 -1 12 -13 53 0 0.07 M M 14.1 25 60 M M 10 18 34 60
29 5 -10 -2 -27 67 0 T M M 7.1 14 300 M M 7 18 17 310
30 5 -9 -2 -27 67 0 0.00 M M 9.0 17 200 M M 2 23 200
31 16 -5 6 -19 59 0 0.00 M M 10.5 16 210 M M 0 21 210
================================================================================
SM 946 502 1283 0 0.89 M 299.3 M 158
================================================================================
AV 30.5 16.2 9.7 FASTST M M 5 MAX(MPH)
MISC ----> 36 310 50 300
================================================================================
NOTES:
# LAST OF SEVERAL OCCURRENCES
COLUMN 17 PEAK WIND IN M.P.H.
PRELIMINARY LOCAL CLIMATOLOGICAL DATA (WS FORM: F-6) , PAGE 2
STATION: WINNER REGIONAL AIRPORT SD
MONTH: JANUARY
YEAR: 2023
LATITUDE: 43 23 N
LONGITUDE: 99 50 W
[TEMPERATURE DATA] [PRECIPITATION DATA] SYMBOLS USED IN COLUMN 16
AVERAGE MONTHLY: 23.4 TOTAL FOR MONTH: 0.89 1 = FOG OR MIST
DPTR FM NORMAL: -1.2 DPTR FM NORMAL: 0.68 2 = FOG REDUCING VISIBILITY
HIGHEST: 48 ON 14 GRTST 24HR 0.53 ON 2- 2 TO 1/4 MILE OR LESS
LOWEST: -10 ON 29 3 = THUNDER
SNOW, ICE PELLETS, HAIL 4 = ICE PELLETS
TOTAL MONTH: M 5 = HAIL
GRTST 24HR M ON M 6 = FREEZING RAIN OR DRIZZLE
GRTST DEPTH: M ON M 7 = DUSTSTORM OR SANDSTORM:
VSBY 1/2 MILE OR LESS
8 = SMOKE OR HAZE
[NO. OF DAYS WITH] [WEATHER - DAYS WITH] 9 = BLOWING SNOW
X = TORNADO
MAX 32 OR BELOW: 17 0.01 INCH OR MORE: 5
MAX 90 OR ABOVE: 0 0.10 INCH OR MORE: 3
MIN 32 OR BELOW: 30 0.50 INCH OR MORE: 1
MIN 0 OR BELOW: 4 1.00 INCH OR MORE: 0
[HDD (BASE 65) ]
TOTAL THIS MO. 1283 CLEAR (SCALE 0-3) 13
DPTR FM NORMAL 32 PTCLDY (SCALE 4-7) 9
TOTAL FM JUL 1 4004 CLOUDY (SCALE 8-10) 9
DPTR FM NORMAL 247
[CDD (BASE 65) ]
TOTAL THIS MO. 0
DPTR FM NORMAL 0 [PRESSURE DATA]
TOTAL FM JAN 1 0 HIGHEST SLP 30.61 ON 30
DPTR FM NORMAL 0 LOWEST SLP 29.47 ON 15
[REMARKS]
#FINAL-01-23#