000
CXUS52 KILM 011834
CF6ILM
PRELIMINARY LOCAL CLIMATOLOGICAL DATA (WS FORM: F-6)
STATION: WILMINGTON NORTH CAROLINA
MONTH: APRIL
YEAR: 2023
LATITUDE: 34 16 N
LONGITUDE: 77 55 W
TEMPERATURE IN F: :PCPN: SNOW: WIND :SUNSHINE: SKY :PK WND
================================================================================
1 2 3 4 5 6A 6B 7 8 9 10 11 12 13 14 15 16 17 18
12Z AVG MX 2MIN
DY MAX MIN AVG DEP HDD CDD WTR SNW DPTH SPD SPD DIR MIN PSBL S-S WX SPD DR
================================================================================
1 79 69 74 14 0 9 0.00 0.0 0 18.4 32 210 M M 3 42 210
2 71 49 60 0 5 0 0.00 0.0 0 6.3 18 240 M M 0 25 230
3 73 46 60 0 5 0 0.00 0.0 0 5.3 15 100 M M 3 22 130
4 83 64 74 14 0 9 0.14 0.0 0 7.2 14 270 M M 6 1 20 210
5 86 67 77 16 0 12 0.00 0.0 0 6.0 15 180 M M 4 12 21 190
6 86 66 76 15 0 11 0.00 0.0 0 7.8 17 210 M M 2 1 21 170
7 82 52 67 6 0 2 0.01 0.0 0 10.0 26 30 M M 6 1 32 50
8 53 46 50 -12 15 0 1.71 0.0 0 14.8 26 40 M M 10 1 33 40
9 66 46 56 -6 9 0 0.43 0.0 0 18.1 30 20 M M 6 1 38 20
10 68 44 56 -6 9 0 0.00 0.0 0 10.4 20 40 M M 0 8 26 20
11 75 42 59 -3 6 0 0.00 0.0 0 4.6 14 10 M M 0 19 10
12 83 47 65 2 0 0 0.00 0.0 0 6.0 16 200 M M 0 1 19 190
13 78 49 64 1 1 0 T 0.0 0 4.5 18 160 M M 0 1 25 160
14 81 66 74 11 0 9 0.79 0.0 0 7.3 16 180 M M 4 13 22 170
15 84 67 76 12 0 11 T 0.0 0 7.7 17 230 M M 5 1 23 230
16 83 64 74 10 0 9 0.00 0.0 0 11.3 23 230 M M 3 29 230
17 77 58 68 4 0 3 T 0.0 0 10.4 21 270 M M 1 26 260
18 81 46 64 0 1 0 0.00 0.0 0 8.1 21 310 M M 0 25 310
19 87 57 72 7 0 7 0.00 0.0 0 7.2 16 190 M M 0 20 210
20 88 56 72 7 0 7 0.00 0.0 0 5.9 15 180 M M 0 18 190
21 82 57 70 5 0 5 0.00 0.0 0 5.9 16 180 M M 0 1 23 150
22 76 63 70 4 0 5 0.82 0.0 0 9.8 21 160 M M 4 13 28 180
23 77 54 66 0 0 1 0.00 0.0 0 5.9 13 130 M M 0 15 240
24 66 55 61 -5 4 0 0.00 0.0 0 5.6 14 330 M M 7 18 320
25 73 51 62 -4 3 0 0.00 0.0 0 8.9 20 50 M M 4 25 70
26 74 54 64 -2 1 0 1.50 0.0 0 10.5 21 90 M M 4 1 28 90
27 76 60 68 1 0 3 0.05 0.0 0 7.8 16 70 M M 7 1 23 50
28 84 67 76 9 0 11 0.18 0.0 0 8.4 18 160 M M 6 1 27 160
29 86 68 77 10 0 12 0.22 0.0 0 7.8 24 210 M M 2 13 36 220
30 78 62 70 2 0 5 0.60 0.0 0 11.7 40 270 M M 5 13 49 260
================================================================================
SM 2336 1692 59 131 6.45 0.0 259.6 M 92
================================================================================
AV 77.9 56.4 8.7 FASTST M M 3 MAX(MPH)
MISC ----> 40 270 49 260
================================================================================
NOTES:
# LAST OF SEVERAL OCCURRENCES
COLUMN 17 PEAK WIND IN M.P.H.
PRELIMINARY LOCAL CLIMATOLOGICAL DATA (WS FORM: F-6) , PAGE 2
STATION: WILMINGTON NORTH CAROLINA
MONTH: APRIL
YEAR: 2023
LATITUDE: 34 16 N
LONGITUDE: 77 55 W
[TEMPERATURE DATA] [PRECIPITATION DATA] SYMBOLS USED IN COLUMN 16
AVERAGE MONTHLY: 67.1 TOTAL FOR MONTH: 6.45 1 = FOG OR MIST
DPTR FM NORMAL: 3.5 DPTR FM NORMAL: 3.38 2 = FOG REDUCING VISIBILITY
HIGHEST: 88 ON 20 GRTST 24HR 1.99 ON 8- 9 TO 1/4 MILE OR LESS
LOWEST: 42 ON 11 3 = THUNDER
SNOW, ICE PELLETS, HAIL 4 = ICE PELLETS
TOTAL MONTH: 0.0 INCH 5 = HAIL
GRTST 24HR 0.0 6 = FREEZING RAIN OR DRIZZLE
GRTST DEPTH: 0 7 = DUSTSTORM OR SANDSTORM:
VSBY 1/2 MILE OR LESS
8 = SMOKE OR HAZE
[NO. OF DAYS WITH] [WEATHER - DAYS WITH] 9 = BLOWING SNOW
X = TORNADO
MAX 32 OR BELOW: 0 0.01 INCH OR MORE: 11
MAX 90 OR ABOVE: 0 0.10 INCH OR MORE: 9
MIN 32 OR BELOW: 0 0.50 INCH OR MORE: 5
MIN 0 OR BELOW: 0 1.00 INCH OR MORE: 2
[HDD (BASE 65) ]
TOTAL THIS MO. 59 CLEAR (SCALE 0-3) 16
DPTR FM NORMAL -59 PTCLDY (SCALE 4-7) 13
TOTAL FM JUL 1 1665 CLOUDY (SCALE 8-10) 1
DPTR FM NORMAL -639
[CDD (BASE 65) ]
TOTAL THIS MO. 131
DPTR FM NORMAL 55 [PRESSURE DATA]
TOTAL FM JAN 1 240 HIGHEST SLP 30.41 ON 10
DPTR FM NORMAL 137 LOWEST SLP 29.25 ON 30
[REMARKS]
#FINAL-04-23#