000
CXUS52 KILM 011851
CLMILM
CLIMATE REPORT
NATIONAL WEATHER SERVICE WILMINGTON NC
251 PM EDT MON MAY 01 2023
...................................
...THE WILMINGTON NORTH CAROLINA CLIMATE SUMMARY FOR THE MONTH OF APRIL 2023...
CLIMATE NORMAL PERIOD 1991 TO 2020
CLIMATE RECORD PERIOD 1871 TO 2023
WEATHER OBSERVED NORMAL DEPART LAST YEAR`S
VALUE DATE(S) VALUE FROM VALUE DATE(S)
NORMAL
................................................................
TEMPERATURE (F)
RECORD
HIGH 95 04/07/1967
LOW 28 04/19/1875
HIGHEST 88 04/20 MM MM 86 04/26
LOWEST 42 04/11 MM MM 40 04/20
AVG. MAXIMUM 77.9 74.6 3.3 75.4
AVG. MINIMUM 56.4 52.6 3.8 52.0
MEAN 67.1 63.6 3.5 63.7
DAYS MAX >= 90 0 0.3 -0.3 0
DAYS MAX <= 32 0 0.0 0.0 0
DAYS MIN <= 32 0 0.2 -0.2 0
DAYS MIN <= 0 0 0.0 0.0 0
PRECIPITATION (INCHES)
RECORD
MAXIMUM 8.21 1961
MINIMUM 0.16 1995
TOTALS 6.45 3.07 3.38 3.27
DAILY AVG. 0.22 0.10 0.12
DAYS >= .01 11 7.7 3.3
DAYS >= .10 9 4.7 4.3
DAYS >= .50 5 1.9 3.1
DAYS >= 1.00 2 0.9 1.1
GREATEST
24 HR. TOTAL 1.99 04/08 TO 04/09
SNOWFALL (INCHES)
RECORDS
TOTAL T 1989
24 HR TOTAL T 04/11/1989 TO 04/11/1989
TOTALS 0.0 0.0 0.0 0.0
SINCE 7/1 T 0.9 -0.9 MM
DAYS >= TRACE 0 0.0 0.0 0
DAYS >= 1.0 0 0.0 0.0 0
GREATEST
SNOW DEPTH 0 0 MM
24 HR TOTAL MM MM
STORM TOTAL 0.0
(MM/DD(HH))
DEGREE DAYS
HEATING TOTAL 59 118 -59 102
SINCE 7/1 1665 2304 -639
COOLING TOTAL 131 76 55 71
SINCE 1/1 240 103 137
FREEZE DATES
RECORD
EARLIEST 10/16/1876
LATEST 04/21/1983
EARLIEST 11/18
LATEST 03/14
................................................................
WIND (MPH)
AVERAGE WIND SPEED 8.7
RESULTANT WIND SPEED/DIRECTION 2/180
HIGHEST WIND SPEED/DIRECTION 40/270 DATE 04/30
HIGHEST GUST SPEED/DIRECTION 49/260 DATE 04/30
SKY COVER
AVERAGE SKY COVER 0.30
AVERAGE RH (PERCENT) 66
WEATHER CONDITIONS. NUMBER OF DAYS WITH
THUNDERSTORM 4 MIXED PRECIP 0
HEAVY RAIN 7 RAIN 9
LIGHT RAIN 14 FREEZING RAIN 0
LT FREEZING RAIN 0 HAIL 0
HEAVY SNOW 0 SNOW 0
LIGHT SNOW 0 SLEET 0
FOG 17 FOG W/VIS <= 1/4 MILE 1
HAZE 1
- INDICATES NEGATIVE NUMBERS.
R INDICATES RECORD WAS SET OR TIED.
MM INDICATES DATA IS MISSING.
T INDICATES TRACE AMOUNT.
$$