000
CXUS53 KILX 010900
CF6ILX
PRELIMINARY LOCAL CLIMATOLOGICAL DATA (WS FORM: F-6)
STATION: LINCOLN IL
MONTH: SEPTEMBER
YEAR: 2022
LATITUDE: 40 9 N
LONGITUDE: 89 20 W
TEMPERATURE IN F: :PCPN: SNOW: WIND :SUNSHINE: SKY :PK WND
================================================================================
1 2 3 4 5 6A 6B 7 8 9 10 11 12 13 14 15 16 17 18
12Z AVG MX 2MIN
DY MAX MIN AVG DEP HDD CDD WTR SNW DPTH SPD SPD DIR MIN PSBL S-S WX SPD DR
================================================================================
1 82 56 69 -2 0 4 0.00 0.0 0 M M M M M M M M
2 81 61 71 1 0 6 0.00 0.0 0 M M M M M M M M
3 81 60 71 1 0 6 0.92 0.0 0 M M M M M M 13 M M
4 80 67 74 4 0 9 0.46 0.0 0 M M M M M M 13 M M
5 76 67 72 2 0 7 0.00 0.0 0 M M M M M M 1 M M
6 81 64 73 3 0 8 0.00 0.0 0 M M M M M M 1 M M
7 79 57 68 -1 0 3 0.00 0.0 0 M M M M M M 1 M M
8 80 53 67 -2 0 2 0.00 0.0 0 M M M M M M M M
9 80 51 66 -3 0 1 0.00 0.0 0 M M M M M M 1 M M
10 84 53 69 1 0 4 0.00 0.0 0 M M M M M M 1 M M
11 67 51 59 -9 6 0 0.12 0.0 0 M M M M M M 13 M M
12 70 51 61 -7 4 0 T 0.0 0 M M M M M M M M
13 79 50 65 -3 0 0 0.00 0.0 0 M M M M M M M M
14 80 47 64 -3 1 0 0.00 0.0 0 M M M M M M M M
15 82 51 67 0 0 2 0.00 0.0 0 M M M M M M M M
16 82 53 68 2 0 3 0.00 0.0 0 M M M M M M 1 M M
17 86 60 73 7 0 8 0.00 0.0 0 M M M M M M M M
18 87 65 76 10 0 11 0.05 0.0 0 M M M M M M M M
19 82 66 74 9 0 9 0.50 0.0 0 M M M M M M M M
20 94 65 80 15 0 15 0.00 0.0 0 M M M M M M 1 M M
21 86 62 74 10 0 9 0.11 0.0 0 M M M M M M 3 M M
22 70 45 58 -6 7 0 0.00 0.0 0 M M M M M M M M
23 60 44 52 -12 13 0 0.18 0.0 0 M M M M M M M M
24 80 48 64 1 1 0 0.00 0.0 0 M M M M M M M M
25 75 56 66 3 0 1 T 0.0 0 M M M M M M M M
26 67 44 56 -6 9 0 0.00 0.0 0 M M M M M M M M
27 68 38 53 -9 12 0 0.00 0.0 0 M M M M M M M M
28 66 36 51 -11 14 0 0.00 0.0 0 M M M M M M M M
29 68 37 53 -8 12 0 0.00 0.0 0 M M M M M M M M
30 72 38 55 -6 10 0 0.00 0.0 0 M M M M M M M M
================================================================================
SM 2325 1596 89 108 2.34 0.0 M M M
================================================================================
AV 77.5 53.2 M FASTST M M M MAX(MPH)
MISC ----> M M M M
================================================================================
NOTES:
# LAST OF SEVERAL OCCURRENCES
COLUMN 17 PEAK WIND IN M.P.H.
PRELIMINARY LOCAL CLIMATOLOGICAL DATA (WS FORM: F-6) , PAGE 2
STATION: LINCOLN IL
MONTH: SEPTEMBER
YEAR: 2022
LATITUDE: 40 9 N
LONGITUDE: 89 20 W
[TEMPERATURE DATA] [PRECIPITATION DATA] SYMBOLS USED IN COLUMN 16
AVERAGE MONTHLY: 65.4 TOTAL FOR MONTH: 2.34 1 = FOG OR MIST
DPTR FM NORMAL: -1.0 DPTR FM NORMAL: -0.96 2 = FOG REDUCING VISIBILITY
HIGHEST: 94 ON 20 GRTST 24HR 0.92 ON 3- 3 TO 1/4 MILE OR LESS
LOWEST: 36 ON 28 3 = THUNDER
SNOW, ICE PELLETS, HAIL 4 = ICE PELLETS
TOTAL MONTH: 0.0 INCH 5 = HAIL
GRTST 24HR 0.0 6 = FREEZING RAIN OR DRIZZLE
GRTST DEPTH: 0 7 = DUSTSTORM OR SANDSTORM:
VSBY 1/2 MILE OR LESS
8 = SMOKE OR HAZE
[NO. OF DAYS WITH] [WEATHER - DAYS WITH] 9 = BLOWING SNOW
X = TORNADO
MAX 32 OR BELOW: 0 0.01 INCH OR MORE: 7
MAX 90 OR ABOVE: 1 0.10 INCH OR MORE: 6
MIN 32 OR BELOW: 0 0.50 INCH OR MORE: 2
MIN 0 OR BELOW: 0 1.00 INCH OR MORE: 0
[HDD (BASE 65) ]
TOTAL THIS MO. 89 CLEAR (SCALE 0-3) 0
DPTR FM NORMAL 11 PTCLDY (SCALE 4-7) 0
TOTAL FM JUL 1 89 CLOUDY (SCALE 8-10) 30
DPTR FM NORMAL 1
[CDD (BASE 65) ]
TOTAL THIS MO. 108
DPTR FM NORMAL -9 [PRESSURE DATA]
TOTAL FM JAN 1 1016 HIGHEST SLP M ON M
DPTR FM NORMAL 20 LOWEST SLP M ON M
[REMARKS]
#FINAL-09-22#